{"id":489,"date":"2021-02-23T23:03:21","date_gmt":"2021-02-23T23:03:21","guid":{"rendered":"http:\/\/legsedition.net\/alel\/?page_id=489"},"modified":"2026-03-18T17:05:46","modified_gmt":"2026-03-18T17:05:46","slug":"legs-et-litterature","status":"publish","type":"page","link":"https:\/\/legsedition.net\/alel\/legs-et-litterature\/","title":{"rendered":"Legs et Litt\u00e9rature"},"content":{"rendered":"<p style=\"text-align: justify;\"><a href=\"https:\/\/legsedition.net\/public\/wp-content\/uploads\/2019\/02\/cover_legs_revue554.png\"><img fetchpriority=\"high\" decoding=\"async\" class=\"alignnone wp-image-2502 size-full\" src=\"https:\/\/legsedition.net\/public\/wp-content\/uploads\/2019\/02\/cover_legs_revue554.png\" alt=\"\" width=\"951\" height=\"493\" \/><\/a><\/p>\n<h3 style=\"text-align: justify;\"><strong>La revue<\/strong><\/h3>\n<p style=\"text-align: justify;\"><em>Legs et Litt\u00e9rature\u00a0<\/em>est une publication th\u00e9matique et semestrielle consacr\u00e9e \u00e0 la litt\u00e9rature des \u00eeles francophones, mais aussi anglophones et hispanophones. Elle\u00a0est une\u00a0 production de\u00a0 l&rsquo;<a href=\"http:\/\/alel.legsedition.net\/\" target=\"_blank\" rel=\"noopener\">Association Legs et Litt\u00e9rature<\/a> (ALEL).\u00a0Publi\u00e9e en langue fran\u00e7aise, elle se propose de produire un discours sur la litt\u00e9rature et de faire conna\u00eetre la litt\u00e9rature des \u00eeles par-del\u00e0 les fronti\u00e8res g\u00e9ographiques, politiques et linguistiques, en donnant la parole aux chercheurs, aux cr\u00e9ateurs, aux passeurs de mots, de signes et d\u2019images du monde entier dans une forme d\u2019\u00e9changisme, de jeux et d\u2019enjeux susceptibles de renouveler le discours litt\u00e9raire sur ces litt\u00e9ratures.<\/p>\n<p style=\"text-align: justify;\">Il s\u2019agit de cr\u00e9er, entre autres, une plateforme de d\u00e9bat permettant un \u00e9change entre litt\u00e9ratures francophones, anglophones, hispanophones\u00a0; d\u2019\u00e9tablir un syncr\u00e9tisme artistique entre litt\u00e9rature, peinture, sculpture et cin\u00e9ma\u00a0; de faire la promotion des <em>litt\u00e9ratures mineures.<\/em><\/p>\n<p style=\"text-align: justify;\">Les r\u00e9dacteurs de la revue <em>Legs et Litt\u00e9rature\u00a0<\/em>sont issus d&rsquo;horizons divers et poss\u00e8dent au moins le grade de Master ou de Doctorat. Ils ont tous une passion pour la litt\u00e9rature et m\u00e8nent, \u00e0 c\u00f4t\u00e9 des activit\u00e9s d&rsquo;enseignement, des travaux de recherches en langues, litt\u00e9ratures, art, politique et toute autres disciplines connexes.<\/p>\n<p style=\"text-align: justify;\">Cr\u00e9\u00e9e en 2012, la revue dispose d&rsquo;un comit\u00e9 de r\u00e9dacteurs constitu\u00e9s entre autres de litt\u00e9raires, professeurs d&rsquo;universit\u00e9s, conf\u00e9renciers et chercheurs. Dirig\u00e9e par <a href=\"http:\/\/legsedition.net\/public\/mirline-pierre\/\" target=\"_blank\" rel=\"noopener\">Mirline Pierre<\/a> (R\u00e9dactrice en chef) et <a href=\"http:\/\/legsedition.net\/public\/dieulermesson-petit-frere\/\" target=\"_blank\" rel=\"noopener\">Dieulermesson Petit Fr\u00e8re<\/a> (Directeur de la publication), l\u2019id\u00e9e est donc de stimuler la recherche sur la litt\u00e9rature contemporaine en la mettant \u00e0 la disposition du public, en g\u00e9n\u00e9ral, et des chercheurs, en particulier.<\/p>\n<p style=\"text-align: justify;\">L&rsquo;Association reconna\u00eet le pr\u00e9cieux soutien financier de la <a href=\"https:\/\/www.fokal.org\/\" target=\"_blank\" rel=\"noopener\">Fondation connaissance et libert\u00e9<\/a> (Fokal) \u00e0 travers son programme de subvention Art et Culture et de l&rsquo;<a href=\"https:\/\/www.alliance-editeurs.org\/\" target=\"_blank\" rel=\"noopener\">Alliance Internationale des \u00c9diteurs Ind\u00e9pendants<\/a> (AIEI) dans le cadre de son programme de fonds de solidarit\u00e9\u00a0exceptionnel aux maisons d&rsquo;\u00e9ditions touch\u00e9es par le Covid-19.<\/p>\n<p style=\"text-align: justify;\">L&rsquo;Association remercie \u00e9galement d&rsquo;autres partenaires tels la\u00a0<a href=\"https:\/\/galeriemonnin.com\/\" target=\"_blank\" rel=\"noopener\">Galerie Monnin<\/a>, <a href=\"https:\/\/www.facebook.com\/pages\/Festival-Arts-Galerie\/761713783867121\" target=\"_blank\" rel=\"noopener\">Festival Arts Galerie<\/a>, Haiti-Monde, <a href=\"https:\/\/lenouvelliste.com\/apropos\" target=\"_blank\" rel=\"noopener\"><em>Le Nouvelliste<\/em><\/a>, <a href=\"https:\/\/www.institutfrancaishaiti.org\/institut\/index.php\" target=\"_blank\" rel=\"noopener\">l&rsquo;Institut Fran\u00e7ais en Haiti<\/a> et <a href=\"http:\/\/ile-en-ile.org\/presse\/\" target=\"_blank\" rel=\"noopener\">\u00cele en \u00cele<\/a> pour leur collaboration.<\/p>\n<p style=\"text-align: justify;\">Pour d\u00e9couvrir l&rsquo;\u00e9quipe de la revue,\u00a0<a href=\"https:\/\/legsedition.net\/public\/nos-redacteurs\/\" target=\"_blank\" rel=\"noopener\"> CLIQUER ICI<\/a>.<\/p>\n<p style=\"text-align: justify;\">Pour prendre connaissance du protocole de pr\u00e9sentation et de soumission de textes<a href=\"http:\/\/legsedition.net\/alel\/wp-content\/uploads\/2026\/03\/PROTOCOLE-DE-SOUMISSION-DE-TEXTES.pdf\" target=\"_blank\" rel=\"noopener\">, CLIQUER ICI<\/a>.<\/p>\n<p>Pour lire les \u00e9ditoriaux des diff\u00e9rents num\u00e9ros, <a href=\"https:\/\/legsedition.net\/public\/category\/legsetlitterature\/editorial\/\" target=\"_blank\" rel=\"noopener\">CLIQUER ICI<\/a><\/p>\n<p>Pour lire les appels \u00e0 contributions, <a href=\"https:\/\/legsedition.net\/public\/category\/appel-a-contributions\/\" target=\"_blank\" rel=\"noopener\">CLIQUER IC<\/a>I<\/p>\n<hr \/>\n<p style=\"text-align: justify;\"><strong>Dans la presse\u00a0 :\u00a0<\/strong><\/p>\n<p><a href=\"https:\/\/lenational.org\/journal\/reader.php?rebmun=1849\" target=\"_blank\" rel=\"noopener\">\u00ab Corps et Politique. Legs et Litt\u00e9rature 21 \u00bb<\/a>,\u00a0Schultz Laurent Junior,\u00a0<em>Le National,\u00a0<\/em>10 f\u00e9vrier 2024. [<a href=\"https:\/\/legsedition.net\/public\/wp-content\/uploads\/2024\/01\/Legs-et-Litterature-no-21_Le-national.pdf\" target=\"_blank\" rel=\"noopener\">Lire au format PDF<\/a>]<\/p>\n<p>\u00ab<a href=\"https:\/\/lenouvelliste.com\/article\/246678\/corps-et-politique-le-theme-du-21e-numero-de-la-revue-legs-et-litterature\" target=\"_blank\" rel=\"noopener\">\u00ab\u00a0Corps et politique\u00a0\u00bb le th\u00e8me du 21e num\u00e9ro de la revue Legs et Litt\u00e9rature<\/a>\u00a0\u00bb,\u00a0Marc Sony Ricot,\u00a0<em>Le Nouvelliste,\u00a0<\/em>10 f\u00e9vrier 2024.<\/p>\n<p><a href=\"https:\/\/legsedition.net\/public\/wp-content\/uploads\/2023\/09\/Legs-et-Litterature-no-17_Le-national.pdf\" target=\"_blank\" rel=\"noopener\">L\u2019Afrique vue par Legs et Litt\u00e9rature<\/a>,\u00a0Schultz Laurent Junior,\u00a0<em>Le National,\u00a0<\/em>1er septembre\u00a02023.<\/p>\n<p><a href=\"https:\/\/legsedition.net\/public\/wp-content\/uploads\/2021\/05\/Legs-et-Litterature-no-16_Le-national.pdf\" target=\"_blank\" rel=\"noopener\">Pand\u00e9mies et catastrophes naturelles dans l\u2019\u0153il de Legs et Litt\u00e9rature<\/a>, Dieulermesson Petit Fr\u00e8re,\u00a0<em>Le National,\u00a0<\/em>29 avril au 2 mai 2023.<\/p>\n<p><a href=\"https:\/\/legsedition.net\/public\/wp-content\/uploads\/2023\/04\/Legs-et-Litterature_periodicite_Le_National.pdf\" target=\"_blank\" rel=\"noopener\">Legs et Litt\u00e9rature devient une revue annuelle<\/a>,\u00a0Schultz Laurent Junior,\u00a0<em>Le National,\u00a0<\/em>18 avril 2023.<\/p>\n<p><a href=\"https:\/\/legsedition.net\/public\/wp-content\/uploads\/2024\/02\/Legs-et-Litterature-no-19_Le-national.pdf\" target=\"_blank\" rel=\"noopener\">Litt\u00e9rature, Religion et Spiritualit\u00e9. Legs et litt\u00e9rature no 19-20<\/a>, Schultz Laurent Junior,\u00a0<em>Le National,\u00a0<\/em>13 f\u00e9vrier 2023.<\/p>\n<p><a href=\"https:\/\/alalettre.mondoblog.org\/2022\/04\/14\/en-hommage-a-jacques-stephen-alexis\/\" target=\"_blank\" rel=\"noopener\">En hommage \u00e0 Jacques Stephen Alexis<\/a>,\u00a0<em>Coin d\u2019encre,\u00a0<\/em>14 avril 2022.<\/p>\n<p><a href=\"https:\/\/www.lenational.org\/post_article.php?cul=343\" target=\"_blank\" rel=\"noopener\">Jacques Stephen Alexis. Legs et Litt\u00e9rature no 18<\/a>,\u00a0<em>Le National,<\/em>\u00a012 avril 2022.<\/p>\n<p><a href=\"https:\/\/lenouvelliste.com\/article\/235130\/jacques-stephen-alexis-legs-et-litterature-no-18\" target=\"_blank\" rel=\"noopener\">Jacques Stephen Alexis. Legs et Litt\u00e9rature no 18<\/a>,\u00a0<em>Le Nouvelliste,\u00a0<\/em>08 avril 2022.<\/p>\n<p style=\"text-align: justify;\"><a href=\"https:\/\/legsedition.net\/public\/2021\/09\/10\/deux-professeurs-marocains-contribuent-dans-une-publication-dediee-lafrique\/\" target=\"_blank\" rel=\"noopener\">Deux professeurs marocains contribuent dans une publication d\u00e9di\u00e9e \u00e0 l\u2019Afrique<\/a>,\u00a0<em>Aujourd\u2019hui Le Maroc<\/em>, 10-12 septembre 2021.<\/p>\n<p style=\"text-align: justify;\"><a href=\"https:\/\/lenouvelliste.com\/m\/public\/index.php\/article\/230627\/jacques-stephen-alexis-lheritage-dune-oeuvre-litteraire-remarquable\" target=\"_blank\" rel=\"noopener\">Jacques Stephen Alexis: l\u2019h\u00e9ritage d\u2019une \u0153uvre litt\u00e9raire remarquable<\/a>, Elien Pierre,\u00a0<em>Le Nouvelliste,\u00a0<\/em>27 juillet 2021.<\/p>\n<p style=\"text-align: justify;\"><a href=\"https:\/\/www.lenational.org\/post_free.php?elif=1_CONTENUE\/culture&amp;rebmun=5470\" target=\"_blank\" rel=\"noopener\">Pand\u00e9mies et catastrophes naturelles dans l\u2019\u0153il de Legs et Litt\u00e9rature<\/a>, Dieulermesson Petit Frere,\u00a0<em>Le National,\u00a0<\/em>6 mai 2021.<\/p>\n<p style=\"text-align: justify;\"><a href=\"https:\/\/lenouvelliste.com\/article\/226382\/appel-a-contributions-pour-le-17e-numero-de-la-revue-legs-et-litterature\" target=\"_blank\" rel=\"noopener\">Appel\u00a0\u00e0 contributions pour le 17e num\u00e9ro de la revue Legs et Litt\u00e9rature<\/a>,\u00a0Marc Sony Ricot,\u00a0<em>Le Nouvelliste,\u00a0<\/em>27 f\u00e9vrier 2021.<\/p>\n<p style=\"text-align: justify;\">\u00ab\u00a0<a href=\"https:\/\/www.erudit.org\/fr\/revues\/ela\/2020-n49-ela05730\/\" target=\"_blank\" rel=\"noopener\"><em>Legs et litt\u00e9rature : revue de litt\u00e9rature contemporaine<\/em>, (Delmas : Legs \u00c9ditions), n\u00b0 12 (Litt\u00e9ratures et francophonies), juillet 2018, 293 p. \u2013 ISBN 9789997086389<\/a>, \u00ab\u00a0Guilioh Merlain Vokeng Ngnintedem, in C\u00e9cile Van Den Avenne\u00a0 (sld),\u00a0<em>Tierno Mon\u00e9nembo : \u00e9crire par \u00ab exc\u00e8s d\u2019exil<\/em>\u00a0<em>\u00bb,<\/em>\u00a0<em>\u00c9tudes litt\u00e9raires africaines\u00a0<\/em>No 49, 2020, pp. 285-288.<\/p>\n<p style=\"text-align: justify;\"><a href=\"https:\/\/lenouvelliste.com\/article\/222247\/poetique-de-la-sexualite-legs-et-litterature-no-13\" target=\"_blank\" rel=\"noopener\">Po\u00e9tique de la Sexualit\u00e9. <em>Legs et Litt\u00e9rature<\/em> no 13<\/a>. Mirline Pierre,\u00a0<em>Le Nouvelliste,\u00a0<\/em>21 octobre 2020.<\/p>\n<p style=\"text-align: justify;\"><a href=\"http:\/\/www.lenational.org\/post_free.php?elif=1_CONTENUE\/culture&amp;rebmun=4502\" target=\"_blank\" rel=\"noopener\">Litt\u00e9rature et Politique. <em>Legs et litt\u00e9rature<\/em> No 14<\/a>, Jean-Lucas Saint-Jean,\u00a0<em>Le National<\/em>, jeudi 19 mars 2020.<\/p>\n<p style=\"text-align: justify;\"><span dir=\"ltr\">\u00ab\u00a0<a href=\"https:\/\/journals.openedition.org\/studifrancesi\/21809\" target=\"_blank\" rel=\"noopener\"><em>Legs et Litt\u00e9rature<\/em>, Revue de litt\u00e9rature contemporaine,\u00a0<em>La critique litt\u00e9raire<\/em>, dir. C. Shread\u00a0\u00bb<\/a><\/span>,\u00a0Elena Fermi,\u00a0<em>Studi Francesi<\/em>, 189 (LXIII | III) | 2019.<\/p>\n<p style=\"text-align: justify;\"><a href=\"https:\/\/lenouvelliste.com\/article\/212367\/litterature-et-politique-un-glissement-necessaire\" target=\"_blank\" rel=\"noopener\"><em>Litt\u00e9rature et Politique<\/em>, un glissement n\u00e9cessaire<\/a>, Mario Malivert,\u00a0<em>Le Nouvelliste,\u00a0<\/em>vendredi 14 f\u00e9vrier 2020.<\/p>\n<p style=\"text-align: justify;\"><a href=\"http:\/\/www.lenational.org\/post_free.php?elif=1_CONTENUE\/culture&amp;rebmun=3582\" target=\"_blank\" rel=\"noopener\">Lire \u00ab\u00a0Litt\u00e9ratures et Francophonies\u00a0\u00bb, le douzi\u00e8me num\u00e9ro de <em>Legs et Litt\u00e9rature<\/em><\/a>,\u00a0Schultz Laurent Junior,\u00a0<em>Le National, <\/em>jeudi<em> 2<\/em>8 mars 2019.<\/p>\n<p style=\"text-align: justify;\"><a href=\"https:\/\/lenouvelliste.com\/public\/article\/192475\/identites-races-et-couleurs\" target=\"_blank\" rel=\"noopener\">Identit\u00e9s, races et couleurs<\/a>, W\u00e9bert Lahens,\u00a0<em>Le Nouvelliste,\u00a0<\/em>12 septembre 2018.<\/p>\n<p style=\"text-align: justify;\"><a href=\"https:\/\/lunion.ht\/2018\/09\/13\/revue-legs-et-litterature-identites-races-et-couleurs\/\" target=\"_blank\" rel=\"noopener\">Revue <em>Legs et Litt\u00e9rature<\/em>: Identit\u00e9s, races et couleurs<\/a>, Carl-Henri Pierre,\u00a0<em>L&rsquo;Union,\u00a0<\/em>13 septembre 2018.<\/p>\n<p style=\"text-align: justify;\"><a href=\"https:\/\/lenouvelliste.com\/public\/index.php\/article\/191902\/alix-emera-dessalines-dans-la-litterature-haitienne\" target=\"_blank\" rel=\"noopener\">Alix \u00c9mera: Dessalines dans la litt\u00e9rature ha\u00eftienne<\/a>,\u00a0W\u00e9bert Pierre-Louis, <em>Le\u00a0Nouvelliste<\/em>, 28 ao\u00fbt 2018.<\/p>\n<p style=\"text-align: justify;\"><a href=\"https:\/\/legsedition.net\/public\/wp-content\/uploads\/2019\/03\/Legs-et-Litterature-no-9_Le_national.pdf\" target=\"_blank\" rel=\"noopener\">La critique litt\u00e9raire : le nouveau-n\u00e9 de <em>Legs et Litt\u00e9rature<\/em><\/a>, Jean Lucas Saint-Jean, <em>Le National<\/em>, 22 mars 2018.<\/p>\n<p style=\"text-align: justify;\"><a href=\"https:\/\/lenouvelliste.com\/article\/182166\/legs-et-litterature-reflexions-sur-la-critique-litteraire\" target=\"_blank\" rel=\"noopener\"><em>Legs et Litt\u00e9rature<\/em> : r\u00e9flexions sur la critique litt\u00e9raire<\/a>, W\u00e9bert Lahens, <em>Le\u00a0Nouvelliste<\/em>, 31 janvier 2018.<\/p>\n<p style=\"text-align: justify;\"><a href=\"https:\/\/journals.openedition.org\/studifrancesi\/14211?lang=fr\" target=\"_blank\" rel=\"noopener\">\u00ab<em>Legs et litt\u00e9rature<\/em>\u00bb 9. Langues, litt\u00e9ratures et cultures de la Cara\u00efbe<\/a>,\u00a0Roberto Ferraroni,\u00a0<em>Studi Frances<\/em>i, 185 (LXII | II) | 2018.<\/p>\n<p style=\"text-align: justify;\"><a href=\"https:\/\/legsedition.net\/public\/wp-content\/uploads\/2019\/03\/Legs-et-Litterature-no-9_Le_national.pdf\" target=\"_blank\" rel=\"noopener\"><em>Legs et Litt\u00e9rature<\/em>: un nouveau regard sur la Cara\u00efbe<\/a>, Jean-Lucas Saint-Jean, <em>Le National,\u00a0<\/em>10 0ctobre 2017.<\/p>\n<p style=\"text-align: justify;\"><a href=\"https:\/\/lenouvelliste.com\/article\/174553\/legs-et-litterature-langues-litteratures-et-cultures-de-la-caraibe\" target=\"_blank\" rel=\"noopener\"><em>Legs et litt\u00e9rature<\/em> : Langues, litt\u00e9ratures et cultures de la Cara\u00efbe<\/a>,\u00a0W\u00e9bert Lahens, <em>Le\u00a0Nouvelliste<\/em>, 10 ao\u00fbt 2017.<\/p>\n<p style=\"text-align: justify;\"><a href=\"https:\/\/lenouvelliste.com\/article\/169941\/marie-vieux-chauvet-seul-le-silence\" target=\"_blank\" rel=\"noopener\">Marie Vieux-Chauvet : seul, le silence&#8230;<\/a>, W\u00e9bert Lahens,\u00a0<em>Le Nouvelliste,\u00a0<\/em>17 avril 2017.<\/p>\n<p style=\"text-align: justify;\"><a href=\"https:\/\/mjdesvignes.wordpress.com\/2017\/06\/16\/legs-et-litterature-n8-revue-haitienne-special-marie-vieux-chauvet-octobre-2016\/\" target=\"_blank\" rel=\"noopener\"><em>Legs et litt\u00e9rature<\/em> n\u00b08, Revue ha\u00eftienne, Sp\u00e9cial Marie Vieux-Chauvet<\/a>, Marie-Jos\u00e9e Desvignes,\u00a0<em>Voix et Silence,\u00a0<\/em>novembre 2016.<\/p>\n<p style=\"text-align: justify;\"><a href=\"https:\/\/legsedition.net\/public\/wp-content\/uploads\/2019\/03\/Legs-et-Litterature-no-6.pdf\" target=\"_blank\" rel=\"noopener\">Le 6e num\u00e9ro de la revue <em>Legs et Litt\u00e9rature<\/em> pr\u00e9sent\u00e9 au public<\/a>, Shultz Laurent Junior, 16 d\u00e9cembre 2015.<\/p>\n<p style=\"text-align: justify;\"><a href=\"https:\/\/lenouvelliste.com\/article\/150489\/regard-sur-migration-et-litterature-de-la-diaspora\" target=\"_blank\" rel=\"noopener\">Regard sur \u00ab Migration et Litt\u00e9rature de la diaspora \u00bb<\/a>, Wilbert Fortun\u00e9,\u00a0<em>Le Nouvelliste, <\/em>09 octobre 2015.<\/p>\n<p style=\"text-align: justify;\"><a href=\"https:\/\/lenouvelliste.com\/article\/122053\/legs-et-litterature\" target=\"_blank\" rel=\"noopener\"><em>Legs et litt\u00e9rature<\/em><\/a>,\u00a0<em>Le Nouvelliste, <\/em>4 octobre 2014.<\/p>\n<p style=\"text-align: justify;\"><a href=\"https:\/\/lenouvelliste.com\/lenouvelliste\/article\/135715\/Cest-un-brulot-le-dernier-Legs.html\" target=\"_blank\" rel=\"noopener\">\u00ab C&rsquo;est un br\u00fblot \u00bb, le dernier Legs<\/a>,\u00a0\u00a0Rosny Ladouceur,\u00a0<em>Le Nouvelliste,\u00a0<\/em>15 septembre 2014.<\/p>\n<p style=\"text-align: justify;\"><a href=\"https:\/\/legsedition.net\/public\/wp-content\/uploads\/2019\/03\/Legs-et-Litterature-no-3.jpg\" target=\"_blank\" rel=\"noopener\">Les femmes et la dictature<\/a>, Lord Edwin Byron,\u00a0<em>Le Nouvelliste,\u00a0<\/em>19 mars 2014.<\/p>\n<p style=\"text-align: justify;\"><a href=\"http:\/\/africultures.com\/legs-litterature-12105\/\" target=\"_blank\" rel=\"noopener\">Legs &amp; litt\u00e9rature<\/a>,\u00a0Soeuf Elbadawi<em>, Africultures, <\/em>3 mars 2014.<\/p>\n<p style=\"text-align: justify;\"><a href=\"https:\/\/legsedition.net\/public\/wp-content\/uploads\/2019\/03\/Legs-et-Litterature_Art-France-Antilles.jpg\" target=\"_blank\" rel=\"noopener\"><em>Legs et Litt\u00e9rature<\/em> : activistes litt\u00e9raires en terre ha\u00eftienne<\/a>, Marjory Adenet-Louvet,\u00a0<em>France-Antilles,\u00a0<\/em>f\u00e9vrier 2014.<\/p>\n<p style=\"text-align: justify;\"><a href=\"https:\/\/lenouvelliste.com\/article\/116726\/combler-le-vide-de-la-critique-litteraire-en-haiti\" target=\"_blank\" rel=\"noopener\">Combler le vide de la critique litt\u00e9raire en Ha\u00efti<\/a>, Joe Antoine, Jean Baptiste,\u00a0<em>Le Nouvelliste,\u00a0<\/em>14 mai 2013.<\/p>\n<p style=\"text-align: justify;\"><a href=\"https:\/\/lenouvelliste.com\/article\/114792\/legs-et-litterature-entre-continuite-et-rupture\" target=\"_blank\" rel=\"noopener\"><em>Legs et Litt\u00e9rature<\/em>: entre continuit\u00e9 et rupture<\/a>, Dieulermesson Petit Frere, <em>Le\u00a0Nouvelliste<\/em>, 1er avril 2013.<\/p>\n<p style=\"text-align: justify;\"><a href=\"https:\/\/lenouvelliste.com\/lenouvelliste\/article\/125411\/Lancrage-dans-lile.html\" target=\"_blank\" rel=\"noopener\">L\u2019ancrage dans l\u2019\u00eele<\/a>,\u00a0<em>Le Nouvelliste,\u00a0<\/em>18 mars 2014.<\/p>\n","protected":false},"excerpt":{"rendered":"<p>La revue Legs et Litt\u00e9rature\u00a0est une publication th\u00e9matique et semestrielle consacr\u00e9e \u00e0 la litt\u00e9rature des \u00eeles francophones, mais aussi anglophones et hispanophones. Elle\u00a0est une\u00a0 production de\u00a0 l&rsquo;Association Legs et Litt\u00e9rature (ALEL).\u00a0Publi\u00e9e en langue fran\u00e7aise, elle se propose de produire un discours sur la litt\u00e9rature et de faire conna\u00eetre la litt\u00e9rature&#8230; <a class=\"continue-reading-link\" href=\"https:\/\/legsedition.net\/alel\/legs-et-litterature\/\">Lire la suite <span class=\"meta-nav\">&rarr; <\/span><\/a><\/p>\n","protected":false},"author":2,"featured_media":0,"parent":0,"menu_order":0,"comment_status":"closed","ping_status":"closed","template":"","meta":{"_editorskit_title_hidden":false,"_editorskit_reading_time":0,"_editorskit_is_block_options_detached":false,"_editorskit_block_options_position":"{}","footnotes":""},"class_list":["post-489","page","type-page","status-publish","hentry"],"yoast_head":"<!-- This site is optimized with the Yoast SEO plugin v25.0 - https:\/\/yoast.com\/wordpress\/plugins\/seo\/ -->\n<title>Legs et Litt\u00e9rature -<\/title>\n<meta name=\"robots\" content=\"index, follow, max-snippet:-1, max-image-preview:large, max-video-preview:-1\" \/>\n<link rel=\"canonical\" href=\"https:\/\/legsedition.net\/alel\/legs-et-litterature\/\" \/>\n<meta property=\"og:locale\" content=\"fr_FR\" \/>\n<meta property=\"og:type\" content=\"article\" \/>\n<meta property=\"og:title\" content=\"Legs et Litt\u00e9rature -\" \/>\n<meta property=\"og:description\" content=\"La revue Legs et Litt\u00e9rature\u00a0est une publication th\u00e9matique et semestrielle consacr\u00e9e \u00e0 la litt\u00e9rature des \u00eeles francophones, mais aussi anglophones et hispanophones. Elle\u00a0est une\u00a0 production de\u00a0 l&rsquo;Association Legs et Litt\u00e9rature (ALEL).\u00a0Publi\u00e9e en langue fran\u00e7aise, elle se propose de produire un discours sur la litt\u00e9rature et de faire conna\u00eetre la litt\u00e9rature... Lire la suite &rarr;\" \/>\n<meta property=\"og:url\" content=\"https:\/\/legsedition.net\/alel\/legs-et-litterature\/\" \/>\n<meta property=\"article:modified_time\" content=\"2026-03-18T17:05:46+00:00\" \/>\n<meta name=\"twitter:card\" content=\"summary_large_image\" \/>\n<meta name=\"twitter:label1\" content=\"Dur\u00e9e de lecture estim\u00e9e\" \/>\n\t<meta name=\"twitter:data1\" content=\"6 minutes\" \/>\n<script type=\"application\/ld+json\" class=\"yoast-schema-graph\">{\"@context\":\"https:\/\/schema.org\",\"@graph\":[{\"@type\":\"WebPage\",\"@id\":\"https:\/\/legsedition.net\/alel\/legs-et-litterature\/\",\"url\":\"https:\/\/legsedition.net\/alel\/legs-et-litterature\/\",\"name\":\"Legs et Litt\u00e9rature -\",\"isPartOf\":{\"@id\":\"https:\/\/legsedition.net\/alel\/#website\"},\"primaryImageOfPage\":{\"@id\":\"https:\/\/legsedition.net\/alel\/legs-et-litterature\/#primaryimage\"},\"image\":{\"@id\":\"https:\/\/legsedition.net\/alel\/legs-et-litterature\/#primaryimage\"},\"thumbnailUrl\":\"https:\/\/legsedition.net\/public\/wp-content\/uploads\/2019\/02\/cover_legs_revue554.png\",\"datePublished\":\"2021-02-23T23:03:21+00:00\",\"dateModified\":\"2026-03-18T17:05:46+00:00\",\"breadcrumb\":{\"@id\":\"https:\/\/legsedition.net\/alel\/legs-et-litterature\/#breadcrumb\"},\"inLanguage\":\"fr-FR\",\"potentialAction\":[{\"@type\":\"ReadAction\",\"target\":[\"https:\/\/legsedition.net\/alel\/legs-et-litterature\/\"]}]},{\"@type\":\"ImageObject\",\"inLanguage\":\"fr-FR\",\"@id\":\"https:\/\/legsedition.net\/alel\/legs-et-litterature\/#primaryimage\",\"url\":\"https:\/\/legsedition.net\/public\/wp-content\/uploads\/2019\/02\/cover_legs_revue554.png\",\"contentUrl\":\"https:\/\/legsedition.net\/public\/wp-content\/uploads\/2019\/02\/cover_legs_revue554.png\"},{\"@type\":\"BreadcrumbList\",\"@id\":\"https:\/\/legsedition.net\/alel\/legs-et-litterature\/#breadcrumb\",\"itemListElement\":[{\"@type\":\"ListItem\",\"position\":1,\"name\":\"Accueil\",\"item\":\"https:\/\/legsedition.net\/alel\/\"},{\"@type\":\"ListItem\",\"position\":2,\"name\":\"Legs et Litt\u00e9rature\"}]},{\"@type\":\"WebSite\",\"@id\":\"https:\/\/legsedition.net\/alel\/#website\",\"url\":\"https:\/\/legsedition.net\/alel\/\",\"name\":\"\",\"description\":\"\",\"potentialAction\":[{\"@type\":\"SearchAction\",\"target\":{\"@type\":\"EntryPoint\",\"urlTemplate\":\"https:\/\/legsedition.net\/alel\/?s={search_term_string}\"},\"query-input\":{\"@type\":\"PropertyValueSpecification\",\"valueRequired\":true,\"valueName\":\"search_term_string\"}}],\"inLanguage\":\"fr-FR\"}]}<\/script>\n<!-- \/ Yoast SEO plugin. -->","yoast_head_json":{"title":"Legs et Litt\u00e9rature -","robots":{"index":"index","follow":"follow","max-snippet":"max-snippet:-1","max-image-preview":"max-image-preview:large","max-video-preview":"max-video-preview:-1"},"canonical":"https:\/\/legsedition.net\/alel\/legs-et-litterature\/","og_locale":"fr_FR","og_type":"article","og_title":"Legs et Litt\u00e9rature -","og_description":"La revue Legs et Litt\u00e9rature\u00a0est une publication th\u00e9matique et semestrielle consacr\u00e9e \u00e0 la litt\u00e9rature des \u00eeles francophones, mais aussi anglophones et hispanophones. Elle\u00a0est une\u00a0 production de\u00a0 l&rsquo;Association Legs et Litt\u00e9rature (ALEL).\u00a0Publi\u00e9e en langue fran\u00e7aise, elle se propose de produire un discours sur la litt\u00e9rature et de faire conna\u00eetre la litt\u00e9rature... Lire la suite &rarr;","og_url":"https:\/\/legsedition.net\/alel\/legs-et-litterature\/","article_modified_time":"2026-03-18T17:05:46+00:00","twitter_card":"summary_large_image","twitter_misc":{"Dur\u00e9e de lecture estim\u00e9e":"6 minutes"},"schema":{"@context":"https:\/\/schema.org","@graph":[{"@type":"WebPage","@id":"https:\/\/legsedition.net\/alel\/legs-et-litterature\/","url":"https:\/\/legsedition.net\/alel\/legs-et-litterature\/","name":"Legs et Litt\u00e9rature -","isPartOf":{"@id":"https:\/\/legsedition.net\/alel\/#website"},"primaryImageOfPage":{"@id":"https:\/\/legsedition.net\/alel\/legs-et-litterature\/#primaryimage"},"image":{"@id":"https:\/\/legsedition.net\/alel\/legs-et-litterature\/#primaryimage"},"thumbnailUrl":"https:\/\/legsedition.net\/public\/wp-content\/uploads\/2019\/02\/cover_legs_revue554.png","datePublished":"2021-02-23T23:03:21+00:00","dateModified":"2026-03-18T17:05:46+00:00","breadcrumb":{"@id":"https:\/\/legsedition.net\/alel\/legs-et-litterature\/#breadcrumb"},"inLanguage":"fr-FR","potentialAction":[{"@type":"ReadAction","target":["https:\/\/legsedition.net\/alel\/legs-et-litterature\/"]}]},{"@type":"ImageObject","inLanguage":"fr-FR","@id":"https:\/\/legsedition.net\/alel\/legs-et-litterature\/#primaryimage","url":"https:\/\/legsedition.net\/public\/wp-content\/uploads\/2019\/02\/cover_legs_revue554.png","contentUrl":"https:\/\/legsedition.net\/public\/wp-content\/uploads\/2019\/02\/cover_legs_revue554.png"},{"@type":"BreadcrumbList","@id":"https:\/\/legsedition.net\/alel\/legs-et-litterature\/#breadcrumb","itemListElement":[{"@type":"ListItem","position":1,"name":"Accueil","item":"https:\/\/legsedition.net\/alel\/"},{"@type":"ListItem","position":2,"name":"Legs et Litt\u00e9rature"}]},{"@type":"WebSite","@id":"https:\/\/legsedition.net\/alel\/#website","url":"https:\/\/legsedition.net\/alel\/","name":"","description":"","potentialAction":[{"@type":"SearchAction","target":{"@type":"EntryPoint","urlTemplate":"https:\/\/legsedition.net\/alel\/?s={search_term_string}"},"query-input":{"@type":"PropertyValueSpecification","valueRequired":true,"valueName":"search_term_string"}}],"inLanguage":"fr-FR"}]}},"_links":{"self":[{"href":"https:\/\/legsedition.net\/alel\/wp-json\/wp\/v2\/pages\/489"}],"collection":[{"href":"https:\/\/legsedition.net\/alel\/wp-json\/wp\/v2\/pages"}],"about":[{"href":"https:\/\/legsedition.net\/alel\/wp-json\/wp\/v2\/types\/page"}],"author":[{"embeddable":true,"href":"https:\/\/legsedition.net\/alel\/wp-json\/wp\/v2\/users\/2"}],"replies":[{"embeddable":true,"href":"https:\/\/legsedition.net\/alel\/wp-json\/wp\/v2\/comments?post=489"}],"version-history":[{"count":11,"href":"https:\/\/legsedition.net\/alel\/wp-json\/wp\/v2\/pages\/489\/revisions"}],"predecessor-version":[{"id":1882,"href":"https:\/\/legsedition.net\/alel\/wp-json\/wp\/v2\/pages\/489\/revisions\/1882"}],"wp:attachment":[{"href":"https:\/\/legsedition.net\/alel\/wp-json\/wp\/v2\/media?parent=489"}],"curies":[{"name":"wp","href":"https:\/\/api.w.org\/{rel}","templated":true}]}}