{"version":"1.0","provider_name":"LEGS &Eacute;DITION","provider_url":"https:\/\/legsedition.net\/public","author_name":"legs_edition","author_url":"https:\/\/legsedition.net\/public\/author\/djason_2015\/","title":"Le Salon Babelica approche... | LEGS &Eacute;DITION","type":"rich","width":600,"height":338,"html":"<blockquote class=\"wp-embedded-content\" data-secret=\"jTqUehVGYD\"><a href=\"https:\/\/legsedition.net\/public\/2022\/08\/13\/le-salon-babelica-approche\/\">Le Salon Babelica approche&#8230;<\/a><\/blockquote><iframe sandbox=\"allow-scripts\" security=\"restricted\" src=\"https:\/\/legsedition.net\/public\/2022\/08\/13\/le-salon-babelica-approche\/embed\/#?secret=jTqUehVGYD\" width=\"600\" height=\"338\" title=\"\u00ab\u00a0Le Salon Babelica approche&#8230;\u00a0\u00bb &#8212; LEGS &Eacute;DITION\" data-secret=\"jTqUehVGYD\" frameborder=\"0\" marginwidth=\"0\" marginheight=\"0\" scrolling=\"no\" class=\"wp-embedded-content\"><\/iframe><script type=\"text\/javascript\">\n\/* <![CDATA[ *\/\n\/*! This file is auto-generated *\/\n!function(d,l){\"use strict\";l.querySelector&&d.addEventListener&&\"undefined\"!=typeof URL&&(d.wp=d.wp||{},d.wp.receiveEmbedMessage||(d.wp.receiveEmbedMessage=function(e){var t=e.data;if((t||t.secret||t.message||t.value)&&!\/[^a-zA-Z0-9]\/.test(t.secret)){for(var s,r,n,a=l.querySelectorAll('iframe[data-secret=\"'+t.secret+'\"]'),o=l.querySelectorAll('blockquote[data-secret=\"'+t.secret+'\"]'),c=new RegExp(\"^https?:$\",\"i\"),i=0;i<o.length;i++)o[i].style.display=\"none\";for(i=0;i<a.length;i++)s=a[i],e.source===s.contentWindow&&(s.removeAttribute(\"style\"),\"height\"===t.message?(1e3<(r=parseInt(t.value,10))?r=1e3:~~r<200&&(r=200),s.height=r):\"link\"===t.message&&(r=new URL(s.getAttribute(\"src\")),n=new URL(t.value),c.test(n.protocol))&&n.host===r.host&&l.activeElement===s&&(d.top.location.href=t.value))}},d.addEventListener(\"message\",d.wp.receiveEmbedMessage,!1),l.addEventListener(\"DOMContentLoaded\",function(){for(var e,t,s=l.querySelectorAll(\"iframe.wp-embedded-content\"),r=0;r<s.length;r++)(t=(e=s[r]).getAttribute(\"data-secret\"))||(t=Math.random().toString(36).substring(2,12),e.src+=\"#?secret=\"+t,e.setAttribute(\"data-secret\",t)),e.contentWindow.postMessage({message:\"ready\",secret:t},\"*\")},!1)))}(window,document);\n\/\/# sourceURL=https:\/\/legsedition.net\/public\/wp-includes\/js\/wp-embed.min.js\n\/* ]]> *\/\n<\/script>\n","thumbnail_url":"https:\/\/legsedition.net\/public\/wp-content\/uploads\/2022\/08\/babelica-2.jpg","thumbnail_width":480,"thumbnail_height":270,"description":"La premi\u00e8re\u00a0\u00e9dition du Salon du livre Babelica est dans nos murs. En effet, du 20 au 22 septembre 2022, se tient en ligne, dans le cadre de la journ\u00e9e internationale de la bibliodiversit\u00e9, ce salon qui annonce d\u00e9j\u00e0\u00a0les couleurs. Au..."}

La première édition du Salon du livre Babelica est dans nos murs. En effet, du 20 au 22 septembre 2022, se tient en ligne, dans le cadre de la journée internationale de la bibliodiversité, ce salon qui annonce déjà les couleurs. Au...
