{"id":1477,"date":"2018-04-17T15:16:37","date_gmt":"2018-04-17T15:16:37","guid":{"rendered":"http:\/\/legsedition.net\/public\/?page_id=1477"},"modified":"2023-04-07T20:19:26","modified_gmt":"2023-04-07T20:19:26","slug":"nadine-magloire","status":"publish","type":"page","link":"https:\/\/legsedition.net\/public\/nadine-magloire\/","title":{"rendered":"Nadine Magloire"},"content":{"rendered":"<p><a href=\"http:\/\/legsedition.net\/public\/wp-content\/uploads\/2017\/12\/014841_24cc9ac7801b43d888a2bf8a61ec3d73.jpg\"><img fetchpriority=\"high\" decoding=\"async\" class=\"alignleft wp-image-290 size-full\" src=\"https:\/\/legsedition.net\/public\/wp-content\/uploads\/2017\/12\/014841_24cc9ac7801b43d888a2bf8a61ec3d73.jpg\" alt=\"\" width=\"254\" height=\"320\" srcset=\"https:\/\/legsedition.net\/public\/wp-content\/uploads\/2017\/12\/014841_24cc9ac7801b43d888a2bf8a61ec3d73.jpg 254w, https:\/\/legsedition.net\/public\/wp-content\/uploads\/2017\/12\/014841_24cc9ac7801b43d888a2bf8a61ec3d73-238x300.jpg 238w\" sizes=\"(max-width: 254px) 100vw, 254px\" \/><\/a>Nadine Magloire est n\u00e9e \u00e0 Port-au-Prince le 18 f\u00e9vrier 1932 dans une famille d&rsquo;artistes et d&rsquo;intellectuels. Fille du journaliste et homme politique Jean Magloire et de la compositrice Carmen Brouard, elle a d\u00e9but\u00e9 ses \u00e9tudes secondaires en Ha\u00efti pour ensuite les poursuivre au Canada et en France. Apr\u00e8s des \u00e9tudes en journalisme au Centre d&rsquo;\u00c9tudes de la radiodiffusion-t\u00e9l\u00e9vision fran\u00e7aise \u00e0 Paris, elle a suivi des cours \u00e0 l&rsquo;\u00c9cole Normale Sup\u00e9rieure de Port-au-Prince.<\/p>\n<p>En 1967, elle publie son premier roman, <em>Le mal de vivre<\/em>, roman f\u00e9ministe, v\u00e9ritable radiographie des rap-ports de genre en Ha\u00efti. Ce roman fait scandale et la range dans la cat\u00e9gorie des auteurs controvers\u00e9s et mal-aim\u00e9s par la critique litt\u00e9raire ha\u00eftienne. Elle est entre autres l&rsquo;auteur de <em>Le sexe mythique<\/em>, paru en 1975, r\u00e9\u00e9dit\u00e9 dans la collection Voix F\u00e9minines de LEGS \u00c9DITION en 2014.\u00a0 Nadine Magloire d\u00e9c\u00e8de dans la nuit du 24 au 25 d\u00e9cembre 2021 \u00e0 l\u2019\u00e2ge de 89 ans.<\/p>\n<p>[<a href=\"http:\/\/ile-en-ile.org\/magloire_nadine\/\" target=\"_blank\" rel=\"noopener\">Voir la page de pr\u00e9sentation de Nadine Magloire sur \u00cele en \u00cele<\/a>]<\/p>\n<p>&nbsp;<\/p>\n<p><strong>Publications chez LEGS \u00c9DITION<\/strong><\/p>\n<p><em><a href=\"http:\/\/legsedition.net\/public\/rencontres\/\" target=\"_blank\" rel=\"noopener\">Rencontres<\/a>,\u00a0<\/em>2018<\/p>\n<p><a href=\"http:\/\/legsedition.net\/public\/wp-content\/uploads\/2018\/02\/cover_rencontres_1.png\"><img decoding=\"async\" class=\"alignnone size-medium wp-image-1332\" src=\"http:\/\/legsedition.net\/public\/wp-content\/uploads\/2018\/02\/cover_rencontres_1-155x300.png\" alt=\"\" width=\"155\" height=\"300\" srcset=\"https:\/\/legsedition.net\/public\/wp-content\/uploads\/2018\/02\/cover_rencontres_1-155x300.png 155w, https:\/\/legsedition.net\/public\/wp-content\/uploads\/2018\/02\/cover_rencontres_1-82x160.png 82w, https:\/\/legsedition.net\/public\/wp-content\/uploads\/2018\/02\/cover_rencontres_1.png 257w\" sizes=\"(max-width: 155px) 100vw, 155px\" \/><\/a><\/p>\n<p><em><a href=\"http:\/\/legsedition.net\/public\/le-sexe-mythique\/\" target=\"_blank\" rel=\"noopener\">Le sexe mythique<\/a>,\u00a0<\/em>2014<\/p>\n<p><a href=\"http:\/\/legsedition.net\/public\/wp-content\/uploads\/2017\/12\/Nadine-unique.jpg\"><img decoding=\"async\" class=\"size-medium wp-image-132 alignleft\" src=\"http:\/\/legsedition.net\/public\/wp-content\/uploads\/2017\/12\/Nadine-unique-180x300.jpg\" alt=\"\" width=\"180\" height=\"300\" srcset=\"https:\/\/legsedition.net\/public\/wp-content\/uploads\/2017\/12\/Nadine-unique-180x300.jpg 180w, https:\/\/legsedition.net\/public\/wp-content\/uploads\/2017\/12\/Nadine-unique-416x694.jpg 416w, https:\/\/legsedition.net\/public\/wp-content\/uploads\/2017\/12\/Nadine-unique-400x667.jpg 400w, https:\/\/legsedition.net\/public\/wp-content\/uploads\/2017\/12\/Nadine-unique.jpg 584w\" sizes=\"(max-width: 180px) 100vw, 180px\" \/><\/a><\/p>\n<p>&nbsp;<\/p>\n<p>&nbsp;<\/p>\n<p>&nbsp;<\/p>\n<p>&nbsp;<\/p>\n<p>&nbsp;<\/p>\n<p>&nbsp;<\/p>\n<p>&nbsp;<\/p>\n<p>&nbsp;<\/p>\n<p>&nbsp;<\/p>\n<p><strong>Dans la presse :\u00a0<\/strong><\/p>\n<p><a href=\"https:\/\/legsedition.net\/public\/2022\/01\/11\/en-guise-dhommage-nadine-magloire\/\" target=\"_blank\" rel=\"noopener\">En guise d\u2019hommage \u00e0 Nadine Magloire<\/a>,\u00a0LEGS EDITION, 11 janvier 2022.<\/p>\n<p><a href=\"https:\/\/dofen.news\/la-romanciere-feministe-nadine-magloire-est-decedee\/\" target=\"_blank\" rel=\"noopener\">La romanci\u00e8re f\u00e9ministe Nadine Magloire est d\u00e9c\u00e9d\u00e9e<\/a>, Viergela Madhere,\u00a0<em>Dofen News,<\/em>\u00a0vendredi 31 d\u00e9cembre 2021.<\/p>\n<p><a href=\"https:\/\/www.alterpresse.org\/spip.php?article27821\" target=\"_blank\" rel=\"noopener\">Ha\u00efti : D\u00e9c\u00e8s de la romanci\u00e8re Nadine Magloire<\/a>, <em>AlterPresse<\/em>, 27 d\u00e9cembre 2021.<\/p>\n<p><a href=\"https:\/\/legsedition.net\/public\/2021\/12\/27\/nadine-magloire-nous-quittes\/\" target=\"_blank\" rel=\"noopener\">Nadine Magloire nous a quitt\u00e9s<\/a>, LEGS EDITION, 27 d\u00e9cembre 2021.<\/p>\n<p><a href=\"https:\/\/www.lenational.org\/post_article.php?cul=169\" target=\"_blank\" rel=\"noopener\">Un hommage\u00a0\u00e0 Nadine Magloire<\/a>, Yves Chemla,\u00a0<em>Le National,\u00a0<\/em>16 d\u00e9cembre 2021. [<a href=\"https:\/\/legsedition.net\/public\/wp-content\/uploads\/2021\/12\/Un-hommage-\u00e0-Nadine-Magloire_Le-National_article.pdf\" target=\"_blank\" rel=\"noopener\">Lire en PDF<\/a>]<\/p>\n<p><a href=\"https:\/\/www.badassblackgirl.com\/post\/nadine-magloire-an-interview-with-the-groundbreaking-novelist\" target=\"_blank\" rel=\"noopener\">Nadine Magloire: An Interview with the Groundbreaking Novelist<\/a>,\u00a0<em>Kreyolicious<\/em>, 2019.<\/p>\n<p><a href=\"https:\/\/lenouvelliste.com\/m\/public\/index.php\/article\/188210\/nadine-magloire-presente-de-merveilleuses-nouvelles-a-travers-rencontres\" target=\"_blank\" rel=\"noopener\">Nadine Magloire pr\u00e9sente de merveilleuses nouvelles \u00e0 travers \u00ab Rencontres \u00bb<\/a>,\u00a0Caleb Lef\u00e8vre,\u00a0<em>Le Nouvelliste,\u00a0<\/em>1er ao\u00fbt 2018.<\/p>\n<p><a href=\"https:\/\/lenouvelliste.com\/article\/131753\/nadine-magloire-repond-a-rachel-vorbe\" target=\"_blank\" rel=\"noopener\">Nadine Magloire r\u00e9pond \u00e0 Rachel Vorbe<\/a>,\u00a0Nadine Magloire,\u00a0<em>Le\u00a0Nouvelliste,\u00a0lundi 02 juin 2014.<\/em><\/p>\n<p><em><a href=\"https:\/\/lenouvelliste.com\/article\/131550\/le-sexe-mythique\" target=\"_blank\" rel=\"noopener\">\u00ab Le sexe mythique \u00bb<\/a>, Rachel Vorbe,\u00a0Le Nouvelliste,\u00a028 mai 2014 <\/em>.<\/p>\n<p><a href=\"https:\/\/lenouvelliste.com\/article\/126014\/nadine-magloire-une-ecrivaine-contestee\" target=\"_blank\" rel=\"noopener\">Nadine Magloire, une \u00e9crivaine contest\u00e9e<\/a>,\u00a0W\u00e9bert Charles,\u00a0<em>Le Nouvelliste,\u00a0<\/em>jeudi 09 janvier 2014.<\/p>\n<p>&nbsp;<\/p>\n","protected":false},"excerpt":{"rendered":"<p>Nadine Magloire est n\u00e9e \u00e0 Port-au-Prince le 18 f\u00e9vrier 1932 dans une famille d&rsquo;artistes et d&rsquo;intellectuels. Fille du journaliste et homme politique Jean Magloire et de la compositrice Carmen Brouard, elle a d\u00e9but\u00e9 ses \u00e9tudes secondaires en Ha\u00efti pour ensuite&#8230;<\/p>\n","protected":false},"author":2,"featured_media":0,"parent":0,"menu_order":0,"comment_status":"closed","ping_status":"closed","template":"","meta":{"footnotes":""},"class_list":["post-1477","page","type-page","status-publish","hentry","no-post-thumbnail"],"yoast_head":"<!-- This site is optimized with the Yoast SEO plugin v27.3 - https:\/\/yoast.com\/product\/yoast-seo-wordpress\/ -->\n<title>Nadine Magloire | LEGS &Eacute;DITION<\/title>\n<meta name=\"robots\" content=\"index, follow, max-snippet:-1, max-image-preview:large, max-video-preview:-1\" \/>\n<link rel=\"canonical\" href=\"https:\/\/legsedition.net\/public\/nadine-magloire\/\" \/>\n<meta property=\"og:locale\" content=\"fr_FR\" \/>\n<meta property=\"og:type\" content=\"article\" \/>\n<meta property=\"og:title\" content=\"Nadine Magloire | LEGS &Eacute;DITION\" \/>\n<meta property=\"og:description\" content=\"Nadine Magloire est n\u00e9e \u00e0 Port-au-Prince le 18 f\u00e9vrier 1932 dans une famille d&rsquo;artistes et d&rsquo;intellectuels. Fille du journaliste et homme politique Jean Magloire et de la compositrice Carmen Brouard, elle a d\u00e9but\u00e9 ses \u00e9tudes secondaires en Ha\u00efti pour ensuite...\" \/>\n<meta property=\"og:url\" content=\"https:\/\/legsedition.net\/public\/nadine-magloire\/\" \/>\n<meta property=\"og:site_name\" content=\"LEGS &Eacute;DITION\" \/>\n<meta property=\"article:publisher\" content=\"https:\/\/web.facebook.com\/LegsEtLitterature\/\" \/>\n<meta property=\"article:modified_time\" content=\"2023-04-07T20:19:26+00:00\" \/>\n<meta property=\"og:image\" content=\"https:\/\/legsedition.net\/public\/wp-content\/uploads\/2017\/12\/014841_24cc9ac7801b43d888a2bf8a61ec3d73.jpg\" \/>\n<meta name=\"twitter:card\" content=\"summary_large_image\" \/>\n<meta name=\"twitter:label1\" content=\"Dur\u00e9e de lecture estim\u00e9e\" \/>\n\t<meta name=\"twitter:data1\" content=\"2 minutes\" \/>\n<script type=\"application\/ld+json\" class=\"yoast-schema-graph\">{\"@context\":\"https:\\\/\\\/schema.org\",\"@graph\":[{\"@type\":\"WebPage\",\"@id\":\"https:\\\/\\\/legsedition.net\\\/public\\\/nadine-magloire\\\/\",\"url\":\"https:\\\/\\\/legsedition.net\\\/public\\\/nadine-magloire\\\/\",\"name\":\"Nadine Magloire | LEGS &Eacute;DITION\",\"isPartOf\":{\"@id\":\"https:\\\/\\\/legsedition.net\\\/public\\\/#website\"},\"primaryImageOfPage\":{\"@id\":\"https:\\\/\\\/legsedition.net\\\/public\\\/nadine-magloire\\\/#primaryimage\"},\"image\":{\"@id\":\"https:\\\/\\\/legsedition.net\\\/public\\\/nadine-magloire\\\/#primaryimage\"},\"thumbnailUrl\":\"https:\\\/\\\/legsedition.net\\\/public\\\/wp-content\\\/uploads\\\/2017\\\/12\\\/014841_24cc9ac7801b43d888a2bf8a61ec3d73.jpg\",\"datePublished\":\"2018-04-17T15:16:37+00:00\",\"dateModified\":\"2023-04-07T20:19:26+00:00\",\"breadcrumb\":{\"@id\":\"https:\\\/\\\/legsedition.net\\\/public\\\/nadine-magloire\\\/#breadcrumb\"},\"inLanguage\":\"fr-FR\",\"potentialAction\":[{\"@type\":\"ReadAction\",\"target\":[\"https:\\\/\\\/legsedition.net\\\/public\\\/nadine-magloire\\\/\"]}]},{\"@type\":\"ImageObject\",\"inLanguage\":\"fr-FR\",\"@id\":\"https:\\\/\\\/legsedition.net\\\/public\\\/nadine-magloire\\\/#primaryimage\",\"url\":\"https:\\\/\\\/legsedition.net\\\/public\\\/wp-content\\\/uploads\\\/2017\\\/12\\\/014841_24cc9ac7801b43d888a2bf8a61ec3d73.jpg\",\"contentUrl\":\"https:\\\/\\\/legsedition.net\\\/public\\\/wp-content\\\/uploads\\\/2017\\\/12\\\/014841_24cc9ac7801b43d888a2bf8a61ec3d73.jpg\",\"width\":254,\"height\":320},{\"@type\":\"BreadcrumbList\",\"@id\":\"https:\\\/\\\/legsedition.net\\\/public\\\/nadine-magloire\\\/#breadcrumb\",\"itemListElement\":[{\"@type\":\"ListItem\",\"position\":1,\"name\":\"Home\",\"item\":\"https:\\\/\\\/legsedition.net\\\/public\\\/\"},{\"@type\":\"ListItem\",\"position\":2,\"name\":\"Nadine Magloire\"}]},{\"@type\":\"WebSite\",\"@id\":\"https:\\\/\\\/legsedition.net\\\/public\\\/#website\",\"url\":\"https:\\\/\\\/legsedition.net\\\/public\\\/\",\"name\":\"LEGS &Eacute;DITION\",\"description\":\"\",\"potentialAction\":[{\"@type\":\"SearchAction\",\"target\":{\"@type\":\"EntryPoint\",\"urlTemplate\":\"https:\\\/\\\/legsedition.net\\\/public\\\/?s={search_term_string}\"},\"query-input\":{\"@type\":\"PropertyValueSpecification\",\"valueRequired\":true,\"valueName\":\"search_term_string\"}}],\"inLanguage\":\"fr-FR\"}]}<\/script>\n<!-- \/ Yoast SEO plugin. -->","yoast_head_json":{"title":"Nadine Magloire | LEGS &Eacute;DITION","robots":{"index":"index","follow":"follow","max-snippet":"max-snippet:-1","max-image-preview":"max-image-preview:large","max-video-preview":"max-video-preview:-1"},"canonical":"https:\/\/legsedition.net\/public\/nadine-magloire\/","og_locale":"fr_FR","og_type":"article","og_title":"Nadine Magloire | LEGS &Eacute;DITION","og_description":"Nadine Magloire est n\u00e9e \u00e0 Port-au-Prince le 18 f\u00e9vrier 1932 dans une famille d&rsquo;artistes et d&rsquo;intellectuels. Fille du journaliste et homme politique Jean Magloire et de la compositrice Carmen Brouard, elle a d\u00e9but\u00e9 ses \u00e9tudes secondaires en Ha\u00efti pour ensuite...","og_url":"https:\/\/legsedition.net\/public\/nadine-magloire\/","og_site_name":"LEGS &Eacute;DITION","article_publisher":"https:\/\/web.facebook.com\/LegsEtLitterature\/","article_modified_time":"2023-04-07T20:19:26+00:00","og_image":[{"url":"https:\/\/legsedition.net\/public\/wp-content\/uploads\/2017\/12\/014841_24cc9ac7801b43d888a2bf8a61ec3d73.jpg","type":"","width":"","height":""}],"twitter_card":"summary_large_image","twitter_misc":{"Dur\u00e9e de lecture estim\u00e9e":"2 minutes"},"schema":{"@context":"https:\/\/schema.org","@graph":[{"@type":"WebPage","@id":"https:\/\/legsedition.net\/public\/nadine-magloire\/","url":"https:\/\/legsedition.net\/public\/nadine-magloire\/","name":"Nadine Magloire | LEGS &Eacute;DITION","isPartOf":{"@id":"https:\/\/legsedition.net\/public\/#website"},"primaryImageOfPage":{"@id":"https:\/\/legsedition.net\/public\/nadine-magloire\/#primaryimage"},"image":{"@id":"https:\/\/legsedition.net\/public\/nadine-magloire\/#primaryimage"},"thumbnailUrl":"https:\/\/legsedition.net\/public\/wp-content\/uploads\/2017\/12\/014841_24cc9ac7801b43d888a2bf8a61ec3d73.jpg","datePublished":"2018-04-17T15:16:37+00:00","dateModified":"2023-04-07T20:19:26+00:00","breadcrumb":{"@id":"https:\/\/legsedition.net\/public\/nadine-magloire\/#breadcrumb"},"inLanguage":"fr-FR","potentialAction":[{"@type":"ReadAction","target":["https:\/\/legsedition.net\/public\/nadine-magloire\/"]}]},{"@type":"ImageObject","inLanguage":"fr-FR","@id":"https:\/\/legsedition.net\/public\/nadine-magloire\/#primaryimage","url":"https:\/\/legsedition.net\/public\/wp-content\/uploads\/2017\/12\/014841_24cc9ac7801b43d888a2bf8a61ec3d73.jpg","contentUrl":"https:\/\/legsedition.net\/public\/wp-content\/uploads\/2017\/12\/014841_24cc9ac7801b43d888a2bf8a61ec3d73.jpg","width":254,"height":320},{"@type":"BreadcrumbList","@id":"https:\/\/legsedition.net\/public\/nadine-magloire\/#breadcrumb","itemListElement":[{"@type":"ListItem","position":1,"name":"Home","item":"https:\/\/legsedition.net\/public\/"},{"@type":"ListItem","position":2,"name":"Nadine Magloire"}]},{"@type":"WebSite","@id":"https:\/\/legsedition.net\/public\/#website","url":"https:\/\/legsedition.net\/public\/","name":"LEGS &Eacute;DITION","description":"","potentialAction":[{"@type":"SearchAction","target":{"@type":"EntryPoint","urlTemplate":"https:\/\/legsedition.net\/public\/?s={search_term_string}"},"query-input":{"@type":"PropertyValueSpecification","valueRequired":true,"valueName":"search_term_string"}}],"inLanguage":"fr-FR"}]}},"_links":{"self":[{"href":"https:\/\/legsedition.net\/public\/wp-json\/wp\/v2\/pages\/1477","targetHints":{"allow":["GET"]}}],"collection":[{"href":"https:\/\/legsedition.net\/public\/wp-json\/wp\/v2\/pages"}],"about":[{"href":"https:\/\/legsedition.net\/public\/wp-json\/wp\/v2\/types\/page"}],"author":[{"embeddable":true,"href":"https:\/\/legsedition.net\/public\/wp-json\/wp\/v2\/users\/2"}],"replies":[{"embeddable":true,"href":"https:\/\/legsedition.net\/public\/wp-json\/wp\/v2\/comments?post=1477"}],"version-history":[{"count":12,"href":"https:\/\/legsedition.net\/public\/wp-json\/wp\/v2\/pages\/1477\/revisions"}],"predecessor-version":[{"id":5486,"href":"https:\/\/legsedition.net\/public\/wp-json\/wp\/v2\/pages\/1477\/revisions\/5486"}],"wp:attachment":[{"href":"https:\/\/legsedition.net\/public\/wp-json\/wp\/v2\/media?parent=1477"}],"curies":[{"name":"wp","href":"https:\/\/api.w.org\/{rel}","templated":true}]}}