{"id":1486,"date":"2018-04-17T15:59:36","date_gmt":"2018-04-17T15:59:36","guid":{"rendered":"http:\/\/legsedition.net\/public\/?page_id=1486"},"modified":"2025-10-09T13:23:55","modified_gmt":"2025-10-09T13:23:55","slug":"mirline-pierre","status":"publish","type":"page","link":"https:\/\/legsedition.net\/public\/mirline-pierre\/","title":{"rendered":"Mirline Pierre"},"content":{"rendered":"<figure id=\"attachment_1852\" aria-describedby=\"caption-attachment-1852\" style=\"width: 217px\" class=\"wp-caption alignleft\"><a href=\"http:\/\/legsedition.net\/public\/wp-content\/uploads\/2018\/08\/mpkkchen.jpg\"><img fetchpriority=\"high\" decoding=\"async\" class=\"wp-image-1852 \" src=\"https:\/\/legsedition.net\/public\/wp-content\/uploads\/2018\/08\/mpkkchen.jpg\" alt=\"\" width=\"217\" height=\"289\" srcset=\"https:\/\/legsedition.net\/public\/wp-content\/uploads\/2018\/08\/mpkkchen.jpg 720w, https:\/\/legsedition.net\/public\/wp-content\/uploads\/2018\/08\/mpkkchen-600x800.jpg 600w, https:\/\/legsedition.net\/public\/wp-content\/uploads\/2018\/08\/mpkkchen-225x300.jpg 225w, https:\/\/legsedition.net\/public\/wp-content\/uploads\/2018\/08\/mpkkchen-450x600.jpg 450w, https:\/\/legsedition.net\/public\/wp-content\/uploads\/2018\/08\/mpkkchen-120x160.jpg 120w\" sizes=\"(max-width: 217px) 100vw, 217px\" \/><\/a><figcaption id=\"caption-attachment-1852\" class=\"wp-caption-text\">\u00a9 Pearl Shread<\/figcaption><\/figure>\n<p>Mirline Pierre est n\u00e9e en 1990 \u00e0 Les Cayes (Ha\u00efti).\u00a0Boursi\u00e8re de l\u2019\u00c9cole Universitaire et de la Recherche. Francophonies, Plurilinguismes et Politique des Langues (EUR-FRAPP), elle pr\u00e9pare un doctorat en Lettres\u00a0\u00e0 l\u2019Universit\u00e9 Paris-Est Cr\u00e9teil sous la direction de la professeure Yolaine Parisot.<\/p>\n<p>Certifi\u00e9e \u00e8s Lettres Modernes de l\u2019\u00c9cole Normale Sup\u00e9rieure, d\u00e9tentrice d\u2019un Master 2 en Lettres \u00e0\u00a0l\u2019Universit\u00e9 Paris-Est Cr\u00e9teil, d&rsquo;une Ma\u00eetrise en Lettres, Langues, Cultures en milieu plurilingue de l\u2019Universit\u00e9 des Antilles et d&rsquo;une scolarit\u00e9 de Master 2 en Lettres Modernes et \u00c9tudes culturelles \u00e0 l\u2019Universit\u00e9 Jean Monnet Saint-\u00c9tienne, elle enseigne le fran\u00e7ais et les lettres \u00e0\u00a0l\u2019Universit\u00e9 de Port-au-Prince.<\/p>\n<p>Professeure de litt\u00e9rature au secondaire et auteure de\u00a0<em>Je d\u00e9couvre\u2026 Dany Laferri\u00e8re<\/em>\u00a0(2014), elle est R\u00e9dactrice en chef de\u00a0la revue\u00a0<a href=\"http:\/\/legsedition.net\/public\/category\/legsetlitterature\/\" target=\"_blank\" rel=\"noopener\"><em>Legs et Litt\u00e9rature<\/em><\/a>\u00a0et directrice de la collection jeunesse de LEGS \u00c9DITION.[<a href=\"http:\/\/ile-en-ile.org\/pierre_mirline\/\" target=\"_blank\" rel=\"noopener\">Voir la page de pr\u00e9sentation de Mirline Pierre sur \u00cele en \u00cele<\/a>]<\/p>\n<p><strong>Publications chez LEGS \u00c9DITION<\/strong><\/p>\n<p><a href=\"https:\/\/legsedition.net\/public\/2024\/04\/15\/du-pouvoir-de-la-litterature-et-des-crises\/\" target=\"_blank\" rel=\"noopener\">Du pouvoir de la litt\u00e9rature et des crises<\/a>, 2024<\/p>\n<p><a href=\"https:\/\/legsedition.net\/public\/wp-content\/uploads\/2024\/04\/cover-legs-22.png\"><img decoding=\"async\" class=\"alignnone wp-image-8410 \" src=\"https:\/\/legsedition.net\/public\/wp-content\/uploads\/2024\/04\/cover-legs-22.png\" alt=\"\" width=\"196\" height=\"297\" srcset=\"https:\/\/legsedition.net\/public\/wp-content\/uploads\/2024\/04\/cover-legs-22.png 581w, https:\/\/legsedition.net\/public\/wp-content\/uploads\/2024\/04\/cover-legs-22-198x300.png 198w\" sizes=\"(max-width: 196px) 100vw, 196px\" \/><\/a><\/p>\n<p><a href=\"https:\/\/wp.me\/p9BqHx-J3\" target=\"_blank\" rel=\"noopener\"><em>Je d\u00e9couvre&#8230; Maurice Sixto<\/em><\/a>, 2019<\/p>\n<p><a href=\"https:\/\/legsedition.net\/public\/wp-content\/uploads\/2021\/07\/Cover_sixto.png\"><img decoding=\"async\" class=\"alignnone wp-image-4067 \" src=\"https:\/\/legsedition.net\/public\/wp-content\/uploads\/2021\/07\/Cover_sixto.png\" alt=\"\" width=\"196\" height=\"296\" srcset=\"https:\/\/legsedition.net\/public\/wp-content\/uploads\/2021\/07\/Cover_sixto.png 302w, https:\/\/legsedition.net\/public\/wp-content\/uploads\/2021\/07\/Cover_sixto-199x300.png 199w, https:\/\/legsedition.net\/public\/wp-content\/uploads\/2021\/07\/Cover_sixto-106x160.png 106w\" sizes=\"(max-width: 196px) 100vw, 196px\" \/><\/a><\/p>\n<p><a href=\"http:\/\/legsedition.net\/public\/litteratures-et-francophonies\/\" target=\"_blank\" rel=\"noopener\">Litt\u00e9ratures et Francophonies<\/a>, 2018<\/p>\n<p><a href=\"http:\/\/legsedition.net\/public\/wp-content\/uploads\/2018\/06\/cover_legs_12_1.png\"><img loading=\"lazy\" decoding=\"async\" class=\"alignnone wp-image-2154\" src=\"http:\/\/legsedition.net\/public\/wp-content\/uploads\/2018\/06\/cover_legs_12_1-193x300.png\" alt=\"\" width=\"188\" height=\"292\" srcset=\"https:\/\/legsedition.net\/public\/wp-content\/uploads\/2018\/06\/cover_legs_12_1-193x300.png 193w, https:\/\/legsedition.net\/public\/wp-content\/uploads\/2018\/06\/cover_legs_12_1-103x160.png 103w, https:\/\/legsedition.net\/public\/wp-content\/uploads\/2018\/06\/cover_legs_12_1.png 325w\" sizes=\"(max-width: 188px) 100vw, 188px\" \/><\/a><\/p>\n<p><a href=\"http:\/\/legsedition.net\/public\/des-hommes-et-des-ombres\/\" target=\"_blank\" rel=\"noopener\"><em>&#8230;des hommes et des ombres<\/em><\/a>, 2018<\/p>\n<p><a href=\"http:\/\/legsedition.net\/public\/wp-content\/uploads\/2018\/08\/cover_1_le_pere.png\"><img loading=\"lazy\" decoding=\"async\" class=\"alignnone size-medium wp-image-1967\" src=\"http:\/\/legsedition.net\/public\/wp-content\/uploads\/2018\/08\/cover_1_le_pere-154x300.png\" alt=\"\" width=\"154\" height=\"300\" srcset=\"https:\/\/legsedition.net\/public\/wp-content\/uploads\/2018\/08\/cover_1_le_pere-154x300.png 154w, https:\/\/legsedition.net\/public\/wp-content\/uploads\/2018\/08\/cover_1_le_pere-82x160.png 82w, https:\/\/legsedition.net\/public\/wp-content\/uploads\/2018\/08\/cover_1_le_pere.png 249w\" sizes=\"(max-width: 154px) 100vw, 154px\" \/><\/a><\/p>\n<p><em><a href=\"http:\/\/legsedition.net\/public\/identites-races-et-couleurs\/\" target=\"_blank\" rel=\"noopener\">Identit\u00e9s, Races et Couleurs,<\/a>\u00a0<\/em>2018<\/p>\n<p><a href=\"http:\/\/legsedition.net\/public\/wp-content\/uploads\/2018\/01\/cover_legs_11_1.png\"><img loading=\"lazy\" decoding=\"async\" class=\"alignnone size-medium wp-image-1405\" src=\"http:\/\/legsedition.net\/public\/wp-content\/uploads\/2018\/01\/cover_legs_11_1-192x300.png\" alt=\"\" width=\"192\" height=\"300\" srcset=\"https:\/\/legsedition.net\/public\/wp-content\/uploads\/2018\/01\/cover_legs_11_1-192x300.png 192w, https:\/\/legsedition.net\/public\/wp-content\/uploads\/2018\/01\/cover_legs_11_1-103x160.png 103w, https:\/\/legsedition.net\/public\/wp-content\/uploads\/2018\/01\/cover_legs_11_1.png 318w\" sizes=\"(max-width: 192px) 100vw, 192px\" \/><\/a><\/p>\n<p><em><a href=\"http:\/\/legsedition.net\/public\/la-critique-litteraire\/\" target=\"_blank\" rel=\"noopener\">La Critique Litt\u00e9raire<\/a>,\u00a0<\/em>2017<a href=\"http:\/\/legsedition.net\/public\/wp-content\/uploads\/2017\/12\/legs10.png\"><br \/>\n<img loading=\"lazy\" decoding=\"async\" class=\"size-medium wp-image-257 alignleft\" src=\"http:\/\/legsedition.net\/public\/wp-content\/uploads\/2017\/12\/legs10-192x300.png\" alt=\"\" width=\"192\" height=\"300\" srcset=\"https:\/\/legsedition.net\/public\/wp-content\/uploads\/2017\/12\/legs10-192x300.png 192w, https:\/\/legsedition.net\/public\/wp-content\/uploads\/2017\/12\/legs10.png 300w\" sizes=\"(max-width: 192px) 100vw, 192px\" \/><\/a><\/p>\n<p>_____________________________________________________________<\/p>\n<p><em><a href=\"http:\/\/legsedition.net\/public\/langues-litteratures-et-cultures-de-la-caraibe\/\" target=\"_blank\" rel=\"noopener\">Langues, Litt\u00e9ratures et Cultures de la Diaspora<\/a>,\u00a0<\/em>2017<\/p>\n<p><a href=\"http:\/\/legsedition.net\/public\/wp-content\/uploads\/2017\/12\/978-99970-86-25-9.jpg\"><img loading=\"lazy\" decoding=\"async\" class=\"alignnone size-medium wp-image-541\" src=\"http:\/\/legsedition.net\/public\/wp-content\/uploads\/2017\/12\/978-99970-86-25-9-193x300.jpg\" alt=\"\" width=\"193\" height=\"300\" srcset=\"https:\/\/legsedition.net\/public\/wp-content\/uploads\/2017\/12\/978-99970-86-25-9-193x300.jpg 193w, https:\/\/legsedition.net\/public\/wp-content\/uploads\/2017\/12\/978-99970-86-25-9.jpg 416w, https:\/\/legsedition.net\/public\/wp-content\/uploads\/2017\/12\/978-99970-86-25-9-385x600.jpg 385w, https:\/\/legsedition.net\/public\/wp-content\/uploads\/2017\/12\/978-99970-86-25-9-103x160.jpg 103w\" sizes=\"(max-width: 193px) 100vw, 193px\" \/><\/a><\/p>\n<p><em><a href=\"http:\/\/legsedition.net\/public\/marie-vieux-chauvet\/\" target=\"_blank\" rel=\"noopener\">Marie Vieux-Chauvet<\/a>,\u00a0<\/em>2016<\/p>\n<p><a href=\"http:\/\/legsedition.net\/public\/wp-content\/uploads\/2017\/12\/revue-8-.png\"><img loading=\"lazy\" decoding=\"async\" class=\"alignnone size-medium wp-image-139\" src=\"http:\/\/legsedition.net\/public\/wp-content\/uploads\/2017\/12\/revue-8--190x300.png\" alt=\"\" width=\"190\" height=\"300\" srcset=\"https:\/\/legsedition.net\/public\/wp-content\/uploads\/2017\/12\/revue-8--190x300.png 190w, https:\/\/legsedition.net\/public\/wp-content\/uploads\/2017\/12\/revue-8--416x657.png 416w, https:\/\/legsedition.net\/public\/wp-content\/uploads\/2017\/12\/revue-8--400x632.png 400w, https:\/\/legsedition.net\/public\/wp-content\/uploads\/2017\/12\/revue-8-.png 559w\" sizes=\"(max-width: 190px) 100vw, 190px\" \/><\/a><\/p>\n<p><em><a href=\"http:\/\/legsedition.net\/public\/je-decouvre-charlemagne-peralte\/\" target=\"_blank\" rel=\"noopener\">Je d\u00e9couvre&#8230; Charlemagne P\u00e9ralte<\/a>,\u00a0<\/em>2016<\/p>\n<p><a href=\"https:\/\/legsedition.net\/public\/wp-content\/uploads\/2017\/12\/1ere-de-couverture.png\"><img loading=\"lazy\" decoding=\"async\" class=\"alignnone wp-image-66 \" src=\"https:\/\/legsedition.net\/public\/wp-content\/uploads\/2017\/12\/1ere-de-couverture.png\" alt=\"\" width=\"190\" height=\"291\" srcset=\"https:\/\/legsedition.net\/public\/wp-content\/uploads\/2017\/12\/1ere-de-couverture.png 329w, https:\/\/legsedition.net\/public\/wp-content\/uploads\/2017\/12\/1ere-de-couverture-196x300.png 196w\" sizes=\"(max-width: 190px) 100vw, 190px\" \/><\/a><\/p>\n<p><em><a href=\"http:\/\/legsedition.net\/public\/les-plumes-francophones-emergentes\/\" target=\"_blank\" rel=\"noopener\">Les plumes francophones \u00e9mergentes<\/a>,\u00a0<\/em>2016<\/p>\n<p><a href=\"http:\/\/legsedition.net\/public\/wp-content\/uploads\/2017\/12\/Cover_-Legs-7.png\"><img loading=\"lazy\" decoding=\"async\" class=\"alignnone size-medium wp-image-105\" src=\"http:\/\/legsedition.net\/public\/wp-content\/uploads\/2017\/12\/Cover_-Legs-7-188x300.png\" alt=\"\" width=\"188\" height=\"300\" srcset=\"https:\/\/legsedition.net\/public\/wp-content\/uploads\/2017\/12\/Cover_-Legs-7-188x300.png 188w, https:\/\/legsedition.net\/public\/wp-content\/uploads\/2017\/12\/Cover_-Legs-7.png 290w\" sizes=\"(max-width: 188px) 100vw, 188px\" \/><\/a><\/p>\n<p><em><a href=\"http:\/\/legsedition.net\/public\/la-litterature-jeunesse\/\" target=\"_blank\" rel=\"noopener\">La litt\u00e9rature jeunesse<\/a>,\u00a0<\/em>2015<\/p>\n<p><a href=\"http:\/\/legsedition.net\/public\/wp-content\/uploads\/2017\/12\/Revue-6.png\"><img loading=\"lazy\" decoding=\"async\" class=\"alignnone size-medium wp-image-143\" src=\"http:\/\/legsedition.net\/public\/wp-content\/uploads\/2017\/12\/Revue-6-191x300.png\" alt=\"\" width=\"191\" height=\"300\" srcset=\"https:\/\/legsedition.net\/public\/wp-content\/uploads\/2017\/12\/Revue-6-191x300.png 191w, https:\/\/legsedition.net\/public\/wp-content\/uploads\/2017\/12\/Revue-6-400x628.png 400w, https:\/\/legsedition.net\/public\/wp-content\/uploads\/2017\/12\/Revue-6.png 413w\" sizes=\"(max-width: 191px) 100vw, 191px\" \/><\/a><\/p>\n<p><em><a href=\"http:\/\/legsedition.net\/public\/migration-et-litterature-de-la-diaspora\/\" target=\"_blank\" rel=\"noopener\">Migration et Litt\u00e9rature de la Diaspora<\/a>,\u00a0<\/em>2015<\/p>\n<p><a href=\"http:\/\/legsedition.net\/public\/wp-content\/uploads\/2017\/12\/COVER-5.jpeg\"><img loading=\"lazy\" decoding=\"async\" class=\"alignnone size-medium wp-image-92\" src=\"http:\/\/legsedition.net\/public\/wp-content\/uploads\/2017\/12\/COVER-5-191x300.jpeg\" alt=\"\" width=\"191\" height=\"300\" srcset=\"https:\/\/legsedition.net\/public\/wp-content\/uploads\/2017\/12\/COVER-5-191x300.jpeg 191w, https:\/\/legsedition.net\/public\/wp-content\/uploads\/2017\/12\/COVER-5-600x941.jpeg 600w, https:\/\/legsedition.net\/public\/wp-content\/uploads\/2017\/12\/COVER-5-768x1204.jpeg 768w, https:\/\/legsedition.net\/public\/wp-content\/uploads\/2017\/12\/COVER-5-653x1024.jpeg 653w, https:\/\/legsedition.net\/public\/wp-content\/uploads\/2017\/12\/COVER-5-400x627.jpeg 400w, https:\/\/legsedition.net\/public\/wp-content\/uploads\/2017\/12\/COVER-5.jpeg 1722w\" sizes=\"(max-width: 191px) 100vw, 191px\" \/><\/a><\/p>\n<p><em><a href=\"http:\/\/legsedition.net\/public\/je-decouvre-dany-laferriere\/\" target=\"_blank\" rel=\"noopener\">Je d\u00e9couvre&#8230; Dany Laferri\u00e8re<\/a>,\u00a0<\/em>2014<\/p>\n<p><a href=\"http:\/\/legsedition.net\/public\/wp-content\/uploads\/2017\/12\/DANY.jpg\"><img loading=\"lazy\" decoding=\"async\" class=\"alignnone size-medium wp-image-116\" src=\"http:\/\/legsedition.net\/public\/wp-content\/uploads\/2017\/12\/DANY-194x300.jpg\" alt=\"\" width=\"194\" height=\"300\" srcset=\"https:\/\/legsedition.net\/public\/wp-content\/uploads\/2017\/12\/DANY-194x300.jpg 194w, https:\/\/legsedition.net\/public\/wp-content\/uploads\/2017\/12\/DANY-416x642.jpg 416w, https:\/\/legsedition.net\/public\/wp-content\/uploads\/2017\/12\/DANY-400x617.jpg 400w, https:\/\/legsedition.net\/public\/wp-content\/uploads\/2017\/12\/DANY.jpg 440w\" sizes=\"(max-width: 194px) 100vw, 194px\" \/><\/a><\/p>\n<p><em><a href=\"http:\/\/legsedition.net\/public\/des-maux-et-des-rues-2\/\" target=\"_blank\" rel=\"noopener\">&#8230;des maux et des rues<\/a>,\u00a0<\/em> 2014<\/p>\n<p><a href=\"http:\/\/legsedition.net\/public\/wp-content\/uploads\/2017\/12\/Des-maux-et-des-rues-Unique.jpg\"><img loading=\"lazy\" decoding=\"async\" class=\"alignnone size-medium wp-image-118\" src=\"http:\/\/legsedition.net\/public\/wp-content\/uploads\/2017\/12\/Des-maux-et-des-rues-Unique-159x300.jpg\" alt=\"\" width=\"159\" height=\"300\" srcset=\"https:\/\/legsedition.net\/public\/wp-content\/uploads\/2017\/12\/Des-maux-et-des-rues-Unique-159x300.jpg 159w, https:\/\/legsedition.net\/public\/wp-content\/uploads\/2017\/12\/Des-maux-et-des-rues-Unique.jpg 393w\" sizes=\"(max-width: 159px) 100vw, 159px\" \/><\/a><\/p>\n<p><em><a href=\"http:\/\/legsedition.net\/public\/50-livres-haitiens-cultes-quil-faut-avoir-lus-dans-sa-vie\/\" target=\"_blank\" rel=\"noopener\">50 livres ha\u00eftiens cultes qu&rsquo;il faut avoir lus dans sa vie<\/a>,\u00a0<\/em>2014<\/p>\n<p><a href=\"https:\/\/legsedition.net\/public\/wp-content\/uploads\/2021\/07\/Cover_50-livres.png\"><img loading=\"lazy\" decoding=\"async\" class=\"alignnone wp-image-4062 \" src=\"https:\/\/legsedition.net\/public\/wp-content\/uploads\/2021\/07\/Cover_50-livres.png\" alt=\"\" width=\"180\" height=\"271\" srcset=\"https:\/\/legsedition.net\/public\/wp-content\/uploads\/2021\/07\/Cover_50-livres.png 302w, https:\/\/legsedition.net\/public\/wp-content\/uploads\/2021\/07\/Cover_50-livres-200x300.png 200w, https:\/\/legsedition.net\/public\/wp-content\/uploads\/2021\/07\/Cover_50-livres-106x160.png 106w\" sizes=\"(max-width: 180px) 100vw, 180px\" \/><\/a><\/p>\n<p><em><a href=\"http:\/\/legsedition.net\/public\/traduction-reecriture-et-plagiat\/\" target=\"_blank\" rel=\"noopener\">Traduction, R\u00e9\u00e9criture et Plagiat<\/a>,\u00a0<\/em>2014<\/p>\n<p><a href=\"http:\/\/legsedition.net\/public\/wp-content\/uploads\/2017\/12\/Numero-4-LEGS.jpg\"><img loading=\"lazy\" decoding=\"async\" class=\"alignnone size-medium wp-image-133\" src=\"http:\/\/legsedition.net\/public\/wp-content\/uploads\/2017\/12\/Numero-4-LEGS-188x300.jpg\" alt=\"\" width=\"188\" height=\"300\" srcset=\"https:\/\/legsedition.net\/public\/wp-content\/uploads\/2017\/12\/Numero-4-LEGS-188x300.jpg 188w, https:\/\/legsedition.net\/public\/wp-content\/uploads\/2017\/12\/Numero-4-LEGS-416x666.jpg 416w, https:\/\/legsedition.net\/public\/wp-content\/uploads\/2017\/12\/Numero-4-LEGS-400x640.jpg 400w, https:\/\/legsedition.net\/public\/wp-content\/uploads\/2017\/12\/Numero-4-LEGS.jpg 470w\" sizes=\"(max-width: 188px) 100vw, 188px\" \/><\/a><\/p>\n<p><em><a href=\"http:\/\/legsedition.net\/public\/dictature-revolte-et-ecritures-feminines\/\" target=\"_blank\" rel=\"noopener\">Dictatures, R\u00e9voltes et \u00c9critures f\u00e9minines<\/a>,\u00a0<\/em>2014<\/p>\n<p><a href=\"http:\/\/legsedition.net\/public\/wp-content\/uploads\/2017\/12\/REVUE-3.jpg\"><img loading=\"lazy\" decoding=\"async\" class=\"alignnone size-medium wp-image-146\" src=\"http:\/\/legsedition.net\/public\/wp-content\/uploads\/2017\/12\/REVUE-3-202x300.jpg\" alt=\"\" width=\"202\" height=\"300\" srcset=\"https:\/\/legsedition.net\/public\/wp-content\/uploads\/2017\/12\/REVUE-3-202x300.jpg 202w, https:\/\/legsedition.net\/public\/wp-content\/uploads\/2017\/12\/REVUE-3-416x618.jpg 416w, https:\/\/legsedition.net\/public\/wp-content\/uploads\/2017\/12\/REVUE-3-400x594.jpg 400w, https:\/\/legsedition.net\/public\/wp-content\/uploads\/2017\/12\/REVUE-3.jpg 494w\" sizes=\"(max-width: 202px) 100vw, 202px\" \/><\/a><\/p>\n<p><em><a href=\"http:\/\/legsedition.net\/public\/erotisme-et-tabou\/\" target=\"_blank\" rel=\"noopener\">\u00c9rotisme et Tabou<\/a>,\u00a0<\/em>2013<\/p>\n<p><a href=\"http:\/\/legsedition.net\/public\/wp-content\/uploads\/2017\/12\/aaaaaaafiche.jpg\"><img loading=\"lazy\" decoding=\"async\" class=\"alignnone size-medium wp-image-70\" src=\"http:\/\/legsedition.net\/public\/wp-content\/uploads\/2017\/12\/aaaaaaafiche-193x300.jpg\" alt=\"\" width=\"193\" height=\"300\" srcset=\"https:\/\/legsedition.net\/public\/wp-content\/uploads\/2017\/12\/aaaaaaafiche-193x300.jpg 193w, https:\/\/legsedition.net\/public\/wp-content\/uploads\/2017\/12\/aaaaaaafiche-416x647.jpg 416w, https:\/\/legsedition.net\/public\/wp-content\/uploads\/2017\/12\/aaaaaaafiche-400x622.jpg 400w, https:\/\/legsedition.net\/public\/wp-content\/uploads\/2017\/12\/aaaaaaafiche.jpg 486w\" sizes=\"(max-width: 193px) 100vw, 193px\" \/><\/a><\/p>\n","protected":false},"excerpt":{"rendered":"<p>Mirline Pierre est n\u00e9e en 1990 \u00e0 Les Cayes (Ha\u00efti).\u00a0Boursi\u00e8re de l\u2019\u00c9cole Universitaire et de la Recherche. Francophonies, Plurilinguismes et Politique des Langues (EUR-FRAPP), elle pr\u00e9pare un doctorat en Lettres\u00a0\u00e0 l\u2019Universit\u00e9 Paris-Est Cr\u00e9teil sous la direction de la professeure Yolaine&#8230;<\/p>\n","protected":false},"author":2,"featured_media":0,"parent":0,"menu_order":0,"comment_status":"closed","ping_status":"closed","template":"","meta":{"footnotes":""},"class_list":["post-1486","page","type-page","status-publish","hentry","no-post-thumbnail"],"yoast_head":"<!-- This site is optimized with the Yoast SEO plugin v27.3 - https:\/\/yoast.com\/product\/yoast-seo-wordpress\/ -->\n<title>Mirline Pierre | LEGS &Eacute;DITION<\/title>\n<meta name=\"robots\" content=\"index, follow, max-snippet:-1, max-image-preview:large, max-video-preview:-1\" \/>\n<link rel=\"canonical\" href=\"https:\/\/legsedition.net\/public\/mirline-pierre\/\" \/>\n<meta property=\"og:locale\" content=\"fr_FR\" \/>\n<meta property=\"og:type\" content=\"article\" \/>\n<meta property=\"og:title\" content=\"Mirline Pierre | LEGS &Eacute;DITION\" \/>\n<meta property=\"og:description\" content=\"Mirline Pierre est n\u00e9e en 1990 \u00e0 Les Cayes (Ha\u00efti).\u00a0Boursi\u00e8re de l\u2019\u00c9cole Universitaire et de la Recherche. Francophonies, Plurilinguismes et Politique des Langues (EUR-FRAPP), elle pr\u00e9pare un doctorat en Lettres\u00a0\u00e0 l\u2019Universit\u00e9 Paris-Est Cr\u00e9teil sous la direction de la professeure Yolaine...\" \/>\n<meta property=\"og:url\" content=\"https:\/\/legsedition.net\/public\/mirline-pierre\/\" \/>\n<meta property=\"og:site_name\" content=\"LEGS &Eacute;DITION\" \/>\n<meta property=\"article:publisher\" content=\"https:\/\/web.facebook.com\/LegsEtLitterature\/\" \/>\n<meta property=\"article:modified_time\" content=\"2025-10-09T13:23:55+00:00\" \/>\n<meta property=\"og:image\" content=\"https:\/\/legsedition.net\/public\/wp-content\/uploads\/2018\/08\/mpkkchen.jpg\" \/>\n\t<meta property=\"og:image:width\" content=\"720\" \/>\n\t<meta property=\"og:image:height\" content=\"960\" \/>\n\t<meta property=\"og:image:type\" content=\"image\/jpeg\" \/>\n<meta name=\"twitter:card\" content=\"summary_large_image\" \/>\n<meta name=\"twitter:label1\" content=\"Dur\u00e9e de lecture estim\u00e9e\" \/>\n\t<meta name=\"twitter:data1\" content=\"6 minutes\" \/>\n<script type=\"application\/ld+json\" class=\"yoast-schema-graph\">{\"@context\":\"https:\\\/\\\/schema.org\",\"@graph\":[{\"@type\":\"WebPage\",\"@id\":\"https:\\\/\\\/legsedition.net\\\/public\\\/mirline-pierre\\\/\",\"url\":\"https:\\\/\\\/legsedition.net\\\/public\\\/mirline-pierre\\\/\",\"name\":\"Mirline Pierre | LEGS &Eacute;DITION\",\"isPartOf\":{\"@id\":\"https:\\\/\\\/legsedition.net\\\/public\\\/#website\"},\"primaryImageOfPage\":{\"@id\":\"https:\\\/\\\/legsedition.net\\\/public\\\/mirline-pierre\\\/#primaryimage\"},\"image\":{\"@id\":\"https:\\\/\\\/legsedition.net\\\/public\\\/mirline-pierre\\\/#primaryimage\"},\"thumbnailUrl\":\"https:\\\/\\\/legsedition.net\\\/public\\\/wp-content\\\/uploads\\\/2018\\\/08\\\/mpkkchen.jpg\",\"datePublished\":\"2018-04-17T15:59:36+00:00\",\"dateModified\":\"2025-10-09T13:23:55+00:00\",\"breadcrumb\":{\"@id\":\"https:\\\/\\\/legsedition.net\\\/public\\\/mirline-pierre\\\/#breadcrumb\"},\"inLanguage\":\"fr-FR\",\"potentialAction\":[{\"@type\":\"ReadAction\",\"target\":[\"https:\\\/\\\/legsedition.net\\\/public\\\/mirline-pierre\\\/\"]}]},{\"@type\":\"ImageObject\",\"inLanguage\":\"fr-FR\",\"@id\":\"https:\\\/\\\/legsedition.net\\\/public\\\/mirline-pierre\\\/#primaryimage\",\"url\":\"https:\\\/\\\/legsedition.net\\\/public\\\/wp-content\\\/uploads\\\/2018\\\/08\\\/mpkkchen.jpg\",\"contentUrl\":\"https:\\\/\\\/legsedition.net\\\/public\\\/wp-content\\\/uploads\\\/2018\\\/08\\\/mpkkchen.jpg\",\"width\":720,\"height\":960},{\"@type\":\"BreadcrumbList\",\"@id\":\"https:\\\/\\\/legsedition.net\\\/public\\\/mirline-pierre\\\/#breadcrumb\",\"itemListElement\":[{\"@type\":\"ListItem\",\"position\":1,\"name\":\"Home\",\"item\":\"https:\\\/\\\/legsedition.net\\\/public\\\/\"},{\"@type\":\"ListItem\",\"position\":2,\"name\":\"Mirline Pierre\"}]},{\"@type\":\"WebSite\",\"@id\":\"https:\\\/\\\/legsedition.net\\\/public\\\/#website\",\"url\":\"https:\\\/\\\/legsedition.net\\\/public\\\/\",\"name\":\"LEGS &Eacute;DITION\",\"description\":\"\",\"potentialAction\":[{\"@type\":\"SearchAction\",\"target\":{\"@type\":\"EntryPoint\",\"urlTemplate\":\"https:\\\/\\\/legsedition.net\\\/public\\\/?s={search_term_string}\"},\"query-input\":{\"@type\":\"PropertyValueSpecification\",\"valueRequired\":true,\"valueName\":\"search_term_string\"}}],\"inLanguage\":\"fr-FR\"}]}<\/script>\n<!-- \/ Yoast SEO plugin. -->","yoast_head_json":{"title":"Mirline Pierre | LEGS &Eacute;DITION","robots":{"index":"index","follow":"follow","max-snippet":"max-snippet:-1","max-image-preview":"max-image-preview:large","max-video-preview":"max-video-preview:-1"},"canonical":"https:\/\/legsedition.net\/public\/mirline-pierre\/","og_locale":"fr_FR","og_type":"article","og_title":"Mirline Pierre | LEGS &Eacute;DITION","og_description":"Mirline Pierre est n\u00e9e en 1990 \u00e0 Les Cayes (Ha\u00efti).\u00a0Boursi\u00e8re de l\u2019\u00c9cole Universitaire et de la Recherche. Francophonies, Plurilinguismes et Politique des Langues (EUR-FRAPP), elle pr\u00e9pare un doctorat en Lettres\u00a0\u00e0 l\u2019Universit\u00e9 Paris-Est Cr\u00e9teil sous la direction de la professeure Yolaine...","og_url":"https:\/\/legsedition.net\/public\/mirline-pierre\/","og_site_name":"LEGS &Eacute;DITION","article_publisher":"https:\/\/web.facebook.com\/LegsEtLitterature\/","article_modified_time":"2025-10-09T13:23:55+00:00","og_image":[{"width":720,"height":960,"url":"https:\/\/legsedition.net\/public\/wp-content\/uploads\/2018\/08\/mpkkchen.jpg","type":"image\/jpeg"}],"twitter_card":"summary_large_image","twitter_misc":{"Dur\u00e9e de lecture estim\u00e9e":"6 minutes"},"schema":{"@context":"https:\/\/schema.org","@graph":[{"@type":"WebPage","@id":"https:\/\/legsedition.net\/public\/mirline-pierre\/","url":"https:\/\/legsedition.net\/public\/mirline-pierre\/","name":"Mirline Pierre | LEGS &Eacute;DITION","isPartOf":{"@id":"https:\/\/legsedition.net\/public\/#website"},"primaryImageOfPage":{"@id":"https:\/\/legsedition.net\/public\/mirline-pierre\/#primaryimage"},"image":{"@id":"https:\/\/legsedition.net\/public\/mirline-pierre\/#primaryimage"},"thumbnailUrl":"https:\/\/legsedition.net\/public\/wp-content\/uploads\/2018\/08\/mpkkchen.jpg","datePublished":"2018-04-17T15:59:36+00:00","dateModified":"2025-10-09T13:23:55+00:00","breadcrumb":{"@id":"https:\/\/legsedition.net\/public\/mirline-pierre\/#breadcrumb"},"inLanguage":"fr-FR","potentialAction":[{"@type":"ReadAction","target":["https:\/\/legsedition.net\/public\/mirline-pierre\/"]}]},{"@type":"ImageObject","inLanguage":"fr-FR","@id":"https:\/\/legsedition.net\/public\/mirline-pierre\/#primaryimage","url":"https:\/\/legsedition.net\/public\/wp-content\/uploads\/2018\/08\/mpkkchen.jpg","contentUrl":"https:\/\/legsedition.net\/public\/wp-content\/uploads\/2018\/08\/mpkkchen.jpg","width":720,"height":960},{"@type":"BreadcrumbList","@id":"https:\/\/legsedition.net\/public\/mirline-pierre\/#breadcrumb","itemListElement":[{"@type":"ListItem","position":1,"name":"Home","item":"https:\/\/legsedition.net\/public\/"},{"@type":"ListItem","position":2,"name":"Mirline Pierre"}]},{"@type":"WebSite","@id":"https:\/\/legsedition.net\/public\/#website","url":"https:\/\/legsedition.net\/public\/","name":"LEGS &Eacute;DITION","description":"","potentialAction":[{"@type":"SearchAction","target":{"@type":"EntryPoint","urlTemplate":"https:\/\/legsedition.net\/public\/?s={search_term_string}"},"query-input":{"@type":"PropertyValueSpecification","valueRequired":true,"valueName":"search_term_string"}}],"inLanguage":"fr-FR"}]}},"_links":{"self":[{"href":"https:\/\/legsedition.net\/public\/wp-json\/wp\/v2\/pages\/1486","targetHints":{"allow":["GET"]}}],"collection":[{"href":"https:\/\/legsedition.net\/public\/wp-json\/wp\/v2\/pages"}],"about":[{"href":"https:\/\/legsedition.net\/public\/wp-json\/wp\/v2\/types\/page"}],"author":[{"embeddable":true,"href":"https:\/\/legsedition.net\/public\/wp-json\/wp\/v2\/users\/2"}],"replies":[{"embeddable":true,"href":"https:\/\/legsedition.net\/public\/wp-json\/wp\/v2\/comments?post=1486"}],"version-history":[{"count":33,"href":"https:\/\/legsedition.net\/public\/wp-json\/wp\/v2\/pages\/1486\/revisions"}],"predecessor-version":[{"id":8755,"href":"https:\/\/legsedition.net\/public\/wp-json\/wp\/v2\/pages\/1486\/revisions\/8755"}],"wp:attachment":[{"href":"https:\/\/legsedition.net\/public\/wp-json\/wp\/v2\/media?parent=1486"}],"curies":[{"name":"wp","href":"https:\/\/api.w.org\/{rel}","templated":true}]}}