{"id":1524,"date":"2018-05-12T13:18:45","date_gmt":"2018-05-12T13:18:45","guid":{"rendered":"http:\/\/legsedition.net\/public\/?page_id=1524"},"modified":"2024-12-06T12:03:09","modified_gmt":"2024-12-06T12:03:09","slug":"rencontres","status":"publish","type":"page","link":"https:\/\/legsedition.net\/public\/rencontres\/","title":{"rendered":"Rencontres"},"content":{"rendered":"<p><a href=\"http:\/\/legsedition.net\/public\/wp-content\/uploads\/2018\/02\/cover_rencontres_1.png\"><img decoding=\"async\" class=\"size-medium wp-image-1332 alignleft\" src=\"http:\/\/legsedition.net\/public\/wp-content\/uploads\/2018\/02\/cover_rencontres_1-155x300.png\" alt=\"\" width=\"155\" height=\"300\" srcset=\"https:\/\/legsedition.net\/public\/wp-content\/uploads\/2018\/02\/cover_rencontres_1-155x300.png 155w, https:\/\/legsedition.net\/public\/wp-content\/uploads\/2018\/02\/cover_rencontres_1-82x160.png 82w, https:\/\/legsedition.net\/public\/wp-content\/uploads\/2018\/02\/cover_rencontres_1.png 257w\" sizes=\"(max-width: 155px) 100vw, 155px\" \/><\/a><strong>Auteur<\/strong> : Nadine Magloire<\/p>\n<p><strong>Titre : <\/strong>Rencontres<\/p>\n<p><strong>Collection : <\/strong>Textes courts<\/p>\n<p><strong>Parution :<\/strong> 21 Avril 2018<\/p>\n<p><strong>ISBN : <\/strong>978\u00ad99970\u00ad86\u00ad32\u00ad7<\/p>\n<p><strong>Prix :<\/strong>\u00a0 \u00a0600 HTG ; 12 USD<\/p>\n<p style=\"text-align: justify;\">Dans ce recueil de nouvelles, Nadine Magloire continue sa d\u00e9marche d&rsquo;exploration du corps dans tous ses \u00e9tats. Comme dans son roman <em>Le sexe mythique, <\/em>l&rsquo;auteure se livre, par le biais des personnages qu&rsquo;elle met en sc\u00e8ne, \u00e0 une description explicite des relations amoureuses et sexuelles, racontant ainsi le corps dans le vif.<\/p>\n<p style=\"text-align: justify;\">Dans son petit studio, Muriel re\u00e7oit un jeune \u00e9tudiant, se d\u00e9fait de tout esprit f\u00e9ministe et devient une femme domestique. Un homme, incapable de faire l\u2019amour \u00e0 une femme parce qu\u2019homosexuel, avoue sa d\u00e9ception. Dans une galerie d\u2019art, Ariel et Germain s\u2019\u00e9changent des regards truff\u00e9s de tendresses et d&rsquo;amiti\u00e9s complices et finissent par se retrouver l\u2019un dans les bras de l\u2019autre.<\/p>\n<p style=\"text-align: justify;\">D&rsquo;un r\u00e9cit \u00e0 l&rsquo;autre, Magloire se d\u00e9marque de toutes formes de normes et porte un regard qui d\u00e9tabouise le corps pour imposer une \u00e9criture transgressive allant \u00e0 l&rsquo;encontre de l&rsquo;ordre \u00e9tabli. Cinq r\u00e9cits. Cinq histoires de corps, de jeux de l\u00e8vres et croisements de regards, <em>Rencontres<\/em> multiplient, \u00e0 loisir, les liaisons non\u00ad-dangereuses mais folles et heureuses aux carrefours des territoires interdits.<\/p>\n<p style=\"text-align: justify;\"><strong>\u00c0<span class=\"a-text-bold\">\u00a0propos de l&rsquo;auteure<\/span><\/strong><\/p>\n<p>N\u00e9e en 1932, Nadine Magloire vit \u00e0 Montr\u00e9al depuis 1979. La majeure partie de son \u0153uvre est indisponible en Ha\u00efti. Elle est l&rsquo;auteure du premier roman f\u00e9ministe ha\u00eftien, <i>Autopsie In Vivo-Le Sexe Mythiqu<\/i>e, publi\u00e9 en 1975 et r\u00e9\u00e9dit\u00e9 pour grand public en Ha\u00efti en 2014 sous le titre de <i>Le sexe mythique <\/i>dans la collection Voix F\u00e9minines de LEGS EDITION. Elle meurt \u00e0 Montr\u00e9al dans la nuit du 24 au 25 d\u00e9cembre 2021.<\/p>\n<hr \/>\n<p><strong>Dans la presse :<\/strong><\/p>\n<p>Caleb Lef\u00e8vre, \u00ab <a href=\"https:\/\/lenouvelliste.com\/m\/public\/index.php\/article\/188210\/nadine-magloire-presente-de-merveilleuses-nouvelles-a-travers-rencontres\" target=\"_blank\" rel=\"noopener\">Nadine Magloire pr\u00e9sente de merveilleuses nouvelles \u00e0 travers \u00ab Rencontres \u00bb<\/a>, <em>Le Nouvelliste,\u00a0<\/em>1<sup>er<\/sup> ao\u00fbt 2018.<\/p>\n","protected":false},"excerpt":{"rendered":"<p>Auteur : Nadine Magloire Titre : Rencontres Collection : Textes courts Parution : 21 Avril 2018 ISBN : 978\u00ad99970\u00ad86\u00ad32\u00ad7 Prix :\u00a0 \u00a0600 HTG ; 12 USD Dans ce recueil de nouvelles, Nadine Magloire continue sa d\u00e9marche d&rsquo;exploration du corps dans&#8230;<\/p>\n","protected":false},"author":2,"featured_media":1332,"parent":0,"menu_order":0,"comment_status":"closed","ping_status":"closed","template":"","meta":{"footnotes":""},"class_list":["post-1524","page","type-page","status-publish","has-post-thumbnail","hentry"],"yoast_head":"<!-- This site is optimized with the Yoast SEO plugin v27.3 - https:\/\/yoast.com\/product\/yoast-seo-wordpress\/ -->\n<title>Rencontres | LEGS &Eacute;DITION<\/title>\n<meta name=\"robots\" content=\"index, follow, max-snippet:-1, max-image-preview:large, max-video-preview:-1\" \/>\n<link rel=\"canonical\" href=\"https:\/\/legsedition.net\/public\/rencontres\/\" \/>\n<meta property=\"og:locale\" content=\"fr_FR\" \/>\n<meta property=\"og:type\" content=\"article\" \/>\n<meta property=\"og:title\" content=\"Rencontres | LEGS &Eacute;DITION\" \/>\n<meta property=\"og:description\" content=\"Auteur : Nadine Magloire Titre : Rencontres Collection : Textes courts Parution : 21 Avril 2018 ISBN : 978\u00ad99970\u00ad86\u00ad32\u00ad7 Prix :\u00a0 \u00a0600 HTG ; 12 USD Dans ce recueil de nouvelles, Nadine Magloire continue sa d\u00e9marche d&rsquo;exploration du corps dans...\" \/>\n<meta property=\"og:url\" content=\"https:\/\/legsedition.net\/public\/rencontres\/\" \/>\n<meta property=\"og:site_name\" content=\"LEGS &Eacute;DITION\" \/>\n<meta property=\"article:publisher\" content=\"https:\/\/web.facebook.com\/LegsEtLitterature\/\" \/>\n<meta property=\"article:modified_time\" content=\"2024-12-06T12:03:09+00:00\" \/>\n<meta property=\"og:image\" content=\"https:\/\/legsedition.net\/public\/wp-content\/uploads\/2018\/02\/cover_rencontres_1.png\" \/>\n\t<meta property=\"og:image:width\" content=\"257\" \/>\n\t<meta property=\"og:image:height\" content=\"499\" \/>\n\t<meta property=\"og:image:type\" content=\"image\/png\" \/>\n<meta name=\"twitter:card\" content=\"summary_large_image\" \/>\n<meta name=\"twitter:label1\" content=\"Dur\u00e9e de lecture estim\u00e9e\" \/>\n\t<meta name=\"twitter:data1\" content=\"2 minutes\" \/>\n<script type=\"application\/ld+json\" class=\"yoast-schema-graph\">{\"@context\":\"https:\\\/\\\/schema.org\",\"@graph\":[{\"@type\":\"WebPage\",\"@id\":\"https:\\\/\\\/legsedition.net\\\/public\\\/rencontres\\\/\",\"url\":\"https:\\\/\\\/legsedition.net\\\/public\\\/rencontres\\\/\",\"name\":\"Rencontres | LEGS &Eacute;DITION\",\"isPartOf\":{\"@id\":\"https:\\\/\\\/legsedition.net\\\/public\\\/#website\"},\"primaryImageOfPage\":{\"@id\":\"https:\\\/\\\/legsedition.net\\\/public\\\/rencontres\\\/#primaryimage\"},\"image\":{\"@id\":\"https:\\\/\\\/legsedition.net\\\/public\\\/rencontres\\\/#primaryimage\"},\"thumbnailUrl\":\"https:\\\/\\\/legsedition.net\\\/public\\\/wp-content\\\/uploads\\\/2018\\\/02\\\/cover_rencontres_1.png\",\"datePublished\":\"2018-05-12T13:18:45+00:00\",\"dateModified\":\"2024-12-06T12:03:09+00:00\",\"breadcrumb\":{\"@id\":\"https:\\\/\\\/legsedition.net\\\/public\\\/rencontres\\\/#breadcrumb\"},\"inLanguage\":\"fr-FR\",\"potentialAction\":[{\"@type\":\"ReadAction\",\"target\":[\"https:\\\/\\\/legsedition.net\\\/public\\\/rencontres\\\/\"]}]},{\"@type\":\"ImageObject\",\"inLanguage\":\"fr-FR\",\"@id\":\"https:\\\/\\\/legsedition.net\\\/public\\\/rencontres\\\/#primaryimage\",\"url\":\"https:\\\/\\\/legsedition.net\\\/public\\\/wp-content\\\/uploads\\\/2018\\\/02\\\/cover_rencontres_1.png\",\"contentUrl\":\"https:\\\/\\\/legsedition.net\\\/public\\\/wp-content\\\/uploads\\\/2018\\\/02\\\/cover_rencontres_1.png\",\"width\":257,\"height\":499},{\"@type\":\"BreadcrumbList\",\"@id\":\"https:\\\/\\\/legsedition.net\\\/public\\\/rencontres\\\/#breadcrumb\",\"itemListElement\":[{\"@type\":\"ListItem\",\"position\":1,\"name\":\"Home\",\"item\":\"https:\\\/\\\/legsedition.net\\\/public\\\/\"},{\"@type\":\"ListItem\",\"position\":2,\"name\":\"Rencontres\"}]},{\"@type\":\"WebSite\",\"@id\":\"https:\\\/\\\/legsedition.net\\\/public\\\/#website\",\"url\":\"https:\\\/\\\/legsedition.net\\\/public\\\/\",\"name\":\"LEGS &Eacute;DITION\",\"description\":\"\",\"potentialAction\":[{\"@type\":\"SearchAction\",\"target\":{\"@type\":\"EntryPoint\",\"urlTemplate\":\"https:\\\/\\\/legsedition.net\\\/public\\\/?s={search_term_string}\"},\"query-input\":{\"@type\":\"PropertyValueSpecification\",\"valueRequired\":true,\"valueName\":\"search_term_string\"}}],\"inLanguage\":\"fr-FR\"}]}<\/script>\n<!-- \/ Yoast SEO plugin. -->","yoast_head_json":{"title":"Rencontres | LEGS &Eacute;DITION","robots":{"index":"index","follow":"follow","max-snippet":"max-snippet:-1","max-image-preview":"max-image-preview:large","max-video-preview":"max-video-preview:-1"},"canonical":"https:\/\/legsedition.net\/public\/rencontres\/","og_locale":"fr_FR","og_type":"article","og_title":"Rencontres | LEGS &Eacute;DITION","og_description":"Auteur : Nadine Magloire Titre : Rencontres Collection : Textes courts Parution : 21 Avril 2018 ISBN : 978\u00ad99970\u00ad86\u00ad32\u00ad7 Prix :\u00a0 \u00a0600 HTG ; 12 USD Dans ce recueil de nouvelles, Nadine Magloire continue sa d\u00e9marche d&rsquo;exploration du corps dans...","og_url":"https:\/\/legsedition.net\/public\/rencontres\/","og_site_name":"LEGS &Eacute;DITION","article_publisher":"https:\/\/web.facebook.com\/LegsEtLitterature\/","article_modified_time":"2024-12-06T12:03:09+00:00","og_image":[{"width":257,"height":499,"url":"https:\/\/legsedition.net\/public\/wp-content\/uploads\/2018\/02\/cover_rencontres_1.png","type":"image\/png"}],"twitter_card":"summary_large_image","twitter_misc":{"Dur\u00e9e de lecture estim\u00e9e":"2 minutes"},"schema":{"@context":"https:\/\/schema.org","@graph":[{"@type":"WebPage","@id":"https:\/\/legsedition.net\/public\/rencontres\/","url":"https:\/\/legsedition.net\/public\/rencontres\/","name":"Rencontres | LEGS &Eacute;DITION","isPartOf":{"@id":"https:\/\/legsedition.net\/public\/#website"},"primaryImageOfPage":{"@id":"https:\/\/legsedition.net\/public\/rencontres\/#primaryimage"},"image":{"@id":"https:\/\/legsedition.net\/public\/rencontres\/#primaryimage"},"thumbnailUrl":"https:\/\/legsedition.net\/public\/wp-content\/uploads\/2018\/02\/cover_rencontres_1.png","datePublished":"2018-05-12T13:18:45+00:00","dateModified":"2024-12-06T12:03:09+00:00","breadcrumb":{"@id":"https:\/\/legsedition.net\/public\/rencontres\/#breadcrumb"},"inLanguage":"fr-FR","potentialAction":[{"@type":"ReadAction","target":["https:\/\/legsedition.net\/public\/rencontres\/"]}]},{"@type":"ImageObject","inLanguage":"fr-FR","@id":"https:\/\/legsedition.net\/public\/rencontres\/#primaryimage","url":"https:\/\/legsedition.net\/public\/wp-content\/uploads\/2018\/02\/cover_rencontres_1.png","contentUrl":"https:\/\/legsedition.net\/public\/wp-content\/uploads\/2018\/02\/cover_rencontres_1.png","width":257,"height":499},{"@type":"BreadcrumbList","@id":"https:\/\/legsedition.net\/public\/rencontres\/#breadcrumb","itemListElement":[{"@type":"ListItem","position":1,"name":"Home","item":"https:\/\/legsedition.net\/public\/"},{"@type":"ListItem","position":2,"name":"Rencontres"}]},{"@type":"WebSite","@id":"https:\/\/legsedition.net\/public\/#website","url":"https:\/\/legsedition.net\/public\/","name":"LEGS &Eacute;DITION","description":"","potentialAction":[{"@type":"SearchAction","target":{"@type":"EntryPoint","urlTemplate":"https:\/\/legsedition.net\/public\/?s={search_term_string}"},"query-input":{"@type":"PropertyValueSpecification","valueRequired":true,"valueName":"search_term_string"}}],"inLanguage":"fr-FR"}]}},"_links":{"self":[{"href":"https:\/\/legsedition.net\/public\/wp-json\/wp\/v2\/pages\/1524","targetHints":{"allow":["GET"]}}],"collection":[{"href":"https:\/\/legsedition.net\/public\/wp-json\/wp\/v2\/pages"}],"about":[{"href":"https:\/\/legsedition.net\/public\/wp-json\/wp\/v2\/types\/page"}],"author":[{"embeddable":true,"href":"https:\/\/legsedition.net\/public\/wp-json\/wp\/v2\/users\/2"}],"replies":[{"embeddable":true,"href":"https:\/\/legsedition.net\/public\/wp-json\/wp\/v2\/comments?post=1524"}],"version-history":[{"count":5,"href":"https:\/\/legsedition.net\/public\/wp-json\/wp\/v2\/pages\/1524\/revisions"}],"predecessor-version":[{"id":7695,"href":"https:\/\/legsedition.net\/public\/wp-json\/wp\/v2\/pages\/1524\/revisions\/7695"}],"wp:featuredmedia":[{"embeddable":true,"href":"https:\/\/legsedition.net\/public\/wp-json\/wp\/v2\/media\/1332"}],"wp:attachment":[{"href":"https:\/\/legsedition.net\/public\/wp-json\/wp\/v2\/media?parent=1524"}],"curies":[{"name":"wp","href":"https:\/\/api.w.org\/{rel}","templated":true}]}}