{"id":1537,"date":"2018-05-13T20:26:00","date_gmt":"2018-05-13T20:26:00","guid":{"rendered":"http:\/\/legsedition.net\/public\/?page_id=1537"},"modified":"2026-02-22T08:08:24","modified_gmt":"2026-02-22T08:08:24","slug":"haiti-litterature-et-decadence-essai-sur-la-poesie-de-1804-2010","status":"publish","type":"page","link":"https:\/\/legsedition.net\/public\/haiti-litterature-et-decadence-essai-sur-la-poesie-de-1804-2010\/","title":{"rendered":"Ha\u00efti : litt\u00e9rature et d\u00e9cadence. Etudes sur la po\u00e9sie de 1804 \u00e0 2010"},"content":{"rendered":"<p><strong><a href=\"https:\/\/legsedition.net\/public\/wp-content\/uploads\/2021\/07\/Screenshot-205.png\"><img fetchpriority=\"high\" decoding=\"async\" class=\"wp-image-4061 size-medium alignleft\" src=\"https:\/\/legsedition.net\/public\/wp-content\/uploads\/2021\/07\/Screenshot-205-200x300.png\" alt=\"\" width=\"200\" height=\"300\" srcset=\"https:\/\/legsedition.net\/public\/wp-content\/uploads\/2021\/07\/Screenshot-205-200x300.png 200w, https:\/\/legsedition.net\/public\/wp-content\/uploads\/2021\/07\/Screenshot-205-107x160.png 107w, https:\/\/legsedition.net\/public\/wp-content\/uploads\/2021\/07\/Screenshot-205.png 301w\" sizes=\"(max-width: 200px) 100vw, 200px\" \/><\/a>Auteur : <\/strong><a href=\"https:\/\/legsedition.net\/public\/dieulermesson-petit-frere\/\">Dieulermesson Petit Frere<\/a><\/p>\n<p><strong>Titre :<\/strong> <em>Ha\u00efti : litt\u00e9rature et d\u00e9cadence. Etudes sur la po\u00e9sie de 1804 \u00e0 nos jours<\/em><\/p>\n<p><strong>Collection :<\/strong> <a href=\"https:\/\/legsedition.net\/public\/collection-critique\/\" target=\"_blank\" rel=\"noopener\">Critique<\/a><\/p>\n<p><strong>Parution :<\/strong> 12 Mai 2017<\/p>\n<p><strong>ISBN : <\/strong>978-99970-86-26-6 | <a href=\"https:\/\/www.amazon.com\/Litt%C3%A9rature-d%C3%A9cadence-%C3%89tudes-po%C3%A9sie-French\/dp\/9997086260\/ref=sr_1_1?crid=3V9IEHXI7PQY9&amp;dib=eyJ2IjoiMSJ9.lph6xBtS5B2M0vh9hfRlqg.iglZRGDiYSs_vMlnDkxxS_nMFuYjwdpb6qeq0Y9L5-w&amp;dib_tag=se&amp;keywords=Ha%C3%AFti+%3A+litt%C3%A9rature+et+d%C3%A9cadence.+Etudes+sur+la+po%C3%A9sie+de+1804+%C3%A0+2010&amp;nsdOptOutParam=true&amp;qid=1771425285&amp;sprefix=ha%C3%AFti+litt%C3%A9rature+et+d%C3%A9cadence.+etudes+sur+la+po%C3%A9sie+de+1804+%C3%A0+2010%2Caps%2C217&amp;sr=8-1\" target=\"_blank\" rel=\"noopener\">Commander ICI<\/a><\/p>\n<p><strong>Prix :\u00a0 \u00a0<\/strong>17 USD<\/p>\n<p style=\"text-align: justify;\">Devant la d\u00e9fectuosit\u00e9 du syst\u00e8me \u00e9ducatif ha\u00eftien, les failles et les imperfections du curriculum qui n\u2019ont de cesse de cr\u00e9er des \u00ab\u00a0illettr\u00e9s fonctionnels\u00a0\u00bb, il y a vingt ans\u00a0\u00ab\u00a0une dizaine d\u2019\u00e9crivains et d\u2019enseignants de litt\u00e9rature ont sign\u00e9\u00a0une p\u00e9tition, [\u2026] demandant d\u2019urgence au minist\u00e8re de l\u2019\u00c9ducation nationale de reconsid\u00e9rer le curriculum de l\u2019enseignement de la litt\u00e9rature. Les signataires de la p\u00e9tition ont soulign\u00e9 la d\u00e9su\u00e9tude d\u2019un enseignement qui fait tr\u00e8s peu de cas des courants les plus innovateurs de la litt\u00e9rature ha\u00eftienne\u00a0\u00bb. Le fait est que\u00a0\u00ab\u00a0l\u2019enseignement de la litt\u00e9rature, au lieu d\u2019interroger l\u2019histoire des formes, des genres, de la gen\u00e8se et de la r\u00e9ception des textes\u2026 s\u2019accroche aux anecdotes \u00bb.<\/p>\n<p style=\"text-align: justify;\">Cet essai s\u2019inscrit dans le cadre d\u2019un projet \u00e0 la fois audacieux et ambitieux. Primo, il s\u2019agit de faire l\u2019\u00e9tat des lieux de la po\u00e9sie ha\u00eftienne et secundo, r\u00e9aliser un inventaire du champ litt\u00e9raire ha\u00eftien en priorisant comme d\u00e9marche la parole po\u00e9tique en dehors de tout esprit de groupes, de clans ou d\u2019id\u00e9ologies petites-bourgeoises. C\u2019est\u00a0le premier volume d\u2019un travail \u00e0 la fois passionnant et difficile sur la mati\u00e8re litt\u00e9raire ha\u00eftienne. Le corpus est constitu\u00e9 d\u2019\u0153uvres d\u2019auteurs allant du plus au moins imposants \u2013 c\u2019est-\u00e0-dire d\u2019\u0153uvre qui soit de qualit\u00e9.<\/p>\n<p style=\"text-align: justify;\">Le propos est donc, de ce fait, d\u00e9pouill\u00e9 des lieux communs de telle sorte qu\u2019il ne soit vu \u00e0 travers le prisme d\u2019aucun pr\u00e9jug\u00e9, en d\u00e9pit de sa port\u00e9e subjective et\/ou arbitraire. L\u2019on conclura que ce livre aborde, en fin de compte, comme son sous-titre l\u2019indique, non de fa\u00e7on chronologique ni exhaustive, les temps forts de la production po\u00e9tique en Ha\u00efti, de ses premiers balbutiements jusqu\u2019\u00e0 l\u2019\u00e9poque contemporaine. \u00c0 cette fin, nous entendons porter un nouveau regard sur la question litt\u00e9raire, soulever de nouvelles probl\u00e9matiques et produire un discours neuf tout en suscitant la r\u00e9flexion sur la n\u00e9cessit\u00e9 de repenser les m\u00e9thodes d\u2019enseignement de la litt\u00e9rature et mettre en place de nouveaux outils \u00e0 l\u2019\u00e9laboration d\u2019une critique authentique [&#8230;]<\/p>\n<p style=\"text-align: right;\">[<em>Extrait<\/em>]<\/p>\n<p style=\"text-align: justify;\">D\u2019une qualit\u00e9 ultra-concise, un livre qui fera date ! Somme toute, la proposition d&rsquo;une nouvelle p\u00e9riodisation de la litt\u00e9rature ha\u00eftienne me para\u00eet bien fond\u00e9e dans l&rsquo;histoire d&rsquo;Ha\u00efti. Cela me servira d\u00e9sormais de plan rationnel pour regrouper les auteurs dans une perspective historique et mieux comprendre le d\u00e9veloppement de cette litt\u00e9rature qui a, apr\u00e8s tout, une importance quelque peu surprenante dans l&rsquo;histoire moderne du monde occidental.<\/p>\n<p style=\"text-align: right;\"><em>Carrol Coates, Prof. \u00e9m\u00e9rite\u00a0de l&rsquo;Universit\u00e9 de Binghamton dans l&rsquo;\u00c9tat de New York<\/em><\/p>\n<p><strong>Lire un extrait :<\/strong><\/p>\n<div class=\"_3d-flip-book  fb3d-fullscreen-mode full-size\" data-id=\"0\" data-mode=\"fullscreen\" data-title=\"false\" data-template=\"short-white-book-view\" data-lightbox=\"dark-shadow\" data-urlparam=\"fb3d-page\" data-page-n=\"0\" data-pdf=\"https:\/\/legsedition.net\/public\/wp-content\/uploads\/2026\/02\/Extrait-Web-Litterature-et-decadence.pdf\" data-tax=\"null\" data-thumbnail=\"\" data-cols=\"3\" data-book-template=\"default\" data-trigger=\"\"><\/div>\n<p><strong>\u00c0 <\/strong><strong><span class=\"a-text-bold\">propos de l&rsquo;auteur :<\/span><\/strong><\/p>\n<p>Dieulermesson Petit Fr\u00e8re d\u00e9tient un master 2 en Litt\u00e9ratures, Id\u00e9es, Po\u00e9tiques de l\u2019Universit\u00e9 Blaise Pascal (Clermont-Ferrand). \u00c9diteur et critique litt\u00e9raire, il a publi\u00e9 de nombreux travaux sur la litt\u00e9rature dans la revue <em>Legs et Litt\u00e9rature<\/em> dont il est le co-fondateur.<\/p>\n<hr \/>\n<p><strong>Dans la presse :<\/strong><\/p>\n<p><a href=\"https:\/\/lenouvelliste.com\/article\/244734\/la-bibliotheque-ideale-de-dieulermesson-petit-frere\" target=\"_blank\" rel=\"noopener\">La biblioth\u00e8que id\u00e9ale de Dieulermesson Petit Fr\u00e8re<\/a>, Marc Sony Ricot,\u00a0<em>Le Nouvelliste,\u00a0<\/em>06 octobre 2023.<\/p>\n<p style=\"text-align: justify;\"><a href=\"https:\/\/www.recoursaupoeme.fr\/anthologie-de-la-poesie-creole-haitienne-de-1986-a-nos-jours\/\" target=\"_blank\" rel=\"noopener\">Litt\u00e9rature et d\u00e9cadence, Etudes sur la po\u00e9sie de 1804 \u00e0 2010<\/a>, Marie-Jos\u00e9e Desvignes,\u00a0<em>Recours au po\u00e8me,\u00a0<\/em>5 juillet 2018.<\/p>\n<p><a href=\"http:\/\/legsedition.net\/public\/wp-content\/uploads\/2019\/03\/article_Ha\u00efti___Litt\u00e9rature_et_d\u00e9cadence_Le_National1.pdf\" target=\"_blank\" rel=\"noopener\">Ha\u00efti : Litt\u00e9rature et d\u00e9cadence<\/a>, Marie Alice Th\u00e9ard,\u00a0<em>Le National,\u00a0<\/em>2 f\u00e9vrier 2018.<\/p>\n<p style=\"text-align: justify;\"><a href=\"https:\/\/mjdesvignes.wordpress.com\/2018\/01\/03\/haiti-litterature-et-decadence-etudes-sur-la-poesie-de-1804-a-2010-legs-edition-aout-2017\/\" target=\"_blank\" rel=\"noopener\">Ha\u00efti : litt\u00e9rature et d\u00e9cadence. \u00c9tudes sur la po\u00e9sie de 1804 \u00e0 2010<\/a>, Marie-Jos\u00e9e Desvignes,\u00a0<em>Voix et silence,\u00a0<\/em>3 janvier 2018.<\/p>\n","protected":false},"excerpt":{"rendered":"<p>Auteur : Dieulermesson Petit Frere Titre : Ha\u00efti : litt\u00e9rature et d\u00e9cadence. Etudes sur la po\u00e9sie de 1804 \u00e0 nos jours Collection : Critique Parution : 12 Mai 2017 ISBN : 978-99970-86-26-6 | Commander ICI Prix :\u00a0 \u00a017 USD Devant&#8230;<\/p>\n","protected":false},"author":2,"featured_media":4061,"parent":0,"menu_order":0,"comment_status":"closed","ping_status":"closed","template":"","meta":{"footnotes":""},"class_list":["post-1537","page","type-page","status-publish","has-post-thumbnail","hentry"],"yoast_head":"<!-- This site is optimized with the Yoast SEO plugin v27.3 - https:\/\/yoast.com\/product\/yoast-seo-wordpress\/ -->\n<title>Ha\u00efti : litt\u00e9rature et d\u00e9cadence. Etudes sur la po\u00e9sie de 1804 \u00e0 2010 | LEGS &Eacute;DITION<\/title>\n<meta name=\"robots\" content=\"index, follow, max-snippet:-1, max-image-preview:large, max-video-preview:-1\" \/>\n<link rel=\"canonical\" href=\"https:\/\/legsedition.net\/public\/haiti-litterature-et-decadence-essai-sur-la-poesie-de-1804-2010\/\" \/>\n<meta property=\"og:locale\" content=\"fr_FR\" \/>\n<meta property=\"og:type\" content=\"article\" \/>\n<meta property=\"og:title\" content=\"Ha\u00efti : litt\u00e9rature et d\u00e9cadence. Etudes sur la po\u00e9sie de 1804 \u00e0 2010 | LEGS &Eacute;DITION\" \/>\n<meta property=\"og:description\" content=\"Auteur : Dieulermesson Petit Frere Titre : Ha\u00efti : litt\u00e9rature et d\u00e9cadence. Etudes sur la po\u00e9sie de 1804 \u00e0 nos jours Collection : Critique Parution : 12 Mai 2017 ISBN : 978-99970-86-26-6 | Commander ICI Prix :\u00a0 \u00a017 USD Devant...\" \/>\n<meta property=\"og:url\" content=\"https:\/\/legsedition.net\/public\/haiti-litterature-et-decadence-essai-sur-la-poesie-de-1804-2010\/\" \/>\n<meta property=\"og:site_name\" content=\"LEGS &Eacute;DITION\" \/>\n<meta property=\"article:publisher\" content=\"https:\/\/web.facebook.com\/LegsEtLitterature\/\" \/>\n<meta property=\"article:modified_time\" content=\"2026-02-22T08:08:24+00:00\" \/>\n<meta property=\"og:image\" content=\"https:\/\/legsedition.net\/public\/wp-content\/uploads\/2021\/07\/Screenshot-205.png\" \/>\n\t<meta property=\"og:image:width\" content=\"301\" \/>\n\t<meta property=\"og:image:height\" content=\"452\" \/>\n\t<meta property=\"og:image:type\" content=\"image\/png\" \/>\n<meta name=\"twitter:card\" content=\"summary_large_image\" \/>\n<meta name=\"twitter:label1\" content=\"Dur\u00e9e de lecture estim\u00e9e\" \/>\n\t<meta name=\"twitter:data1\" content=\"4 minutes\" \/>\n<script type=\"application\/ld+json\" class=\"yoast-schema-graph\">{\"@context\":\"https:\\\/\\\/schema.org\",\"@graph\":[{\"@type\":\"WebPage\",\"@id\":\"https:\\\/\\\/legsedition.net\\\/public\\\/haiti-litterature-et-decadence-essai-sur-la-poesie-de-1804-2010\\\/\",\"url\":\"https:\\\/\\\/legsedition.net\\\/public\\\/haiti-litterature-et-decadence-essai-sur-la-poesie-de-1804-2010\\\/\",\"name\":\"Ha\u00efti : litt\u00e9rature et d\u00e9cadence. Etudes sur la po\u00e9sie de 1804 \u00e0 2010 | LEGS &Eacute;DITION\",\"isPartOf\":{\"@id\":\"https:\\\/\\\/legsedition.net\\\/public\\\/#website\"},\"primaryImageOfPage\":{\"@id\":\"https:\\\/\\\/legsedition.net\\\/public\\\/haiti-litterature-et-decadence-essai-sur-la-poesie-de-1804-2010\\\/#primaryimage\"},\"image\":{\"@id\":\"https:\\\/\\\/legsedition.net\\\/public\\\/haiti-litterature-et-decadence-essai-sur-la-poesie-de-1804-2010\\\/#primaryimage\"},\"thumbnailUrl\":\"https:\\\/\\\/legsedition.net\\\/public\\\/wp-content\\\/uploads\\\/2021\\\/07\\\/Screenshot-205.png\",\"datePublished\":\"2018-05-13T20:26:00+00:00\",\"dateModified\":\"2026-02-22T08:08:24+00:00\",\"breadcrumb\":{\"@id\":\"https:\\\/\\\/legsedition.net\\\/public\\\/haiti-litterature-et-decadence-essai-sur-la-poesie-de-1804-2010\\\/#breadcrumb\"},\"inLanguage\":\"fr-FR\",\"potentialAction\":[{\"@type\":\"ReadAction\",\"target\":[\"https:\\\/\\\/legsedition.net\\\/public\\\/haiti-litterature-et-decadence-essai-sur-la-poesie-de-1804-2010\\\/\"]}]},{\"@type\":\"ImageObject\",\"inLanguage\":\"fr-FR\",\"@id\":\"https:\\\/\\\/legsedition.net\\\/public\\\/haiti-litterature-et-decadence-essai-sur-la-poesie-de-1804-2010\\\/#primaryimage\",\"url\":\"https:\\\/\\\/legsedition.net\\\/public\\\/wp-content\\\/uploads\\\/2021\\\/07\\\/Screenshot-205.png\",\"contentUrl\":\"https:\\\/\\\/legsedition.net\\\/public\\\/wp-content\\\/uploads\\\/2021\\\/07\\\/Screenshot-205.png\",\"width\":301,\"height\":452},{\"@type\":\"BreadcrumbList\",\"@id\":\"https:\\\/\\\/legsedition.net\\\/public\\\/haiti-litterature-et-decadence-essai-sur-la-poesie-de-1804-2010\\\/#breadcrumb\",\"itemListElement\":[{\"@type\":\"ListItem\",\"position\":1,\"name\":\"Home\",\"item\":\"https:\\\/\\\/legsedition.net\\\/public\\\/\"},{\"@type\":\"ListItem\",\"position\":2,\"name\":\"Ha\u00efti : litt\u00e9rature et d\u00e9cadence. Etudes sur la po\u00e9sie de 1804 \u00e0 2010\"}]},{\"@type\":\"WebSite\",\"@id\":\"https:\\\/\\\/legsedition.net\\\/public\\\/#website\",\"url\":\"https:\\\/\\\/legsedition.net\\\/public\\\/\",\"name\":\"LEGS &Eacute;DITION\",\"description\":\"\",\"potentialAction\":[{\"@type\":\"SearchAction\",\"target\":{\"@type\":\"EntryPoint\",\"urlTemplate\":\"https:\\\/\\\/legsedition.net\\\/public\\\/?s={search_term_string}\"},\"query-input\":{\"@type\":\"PropertyValueSpecification\",\"valueRequired\":true,\"valueName\":\"search_term_string\"}}],\"inLanguage\":\"fr-FR\"}]}<\/script>\n<!-- \/ Yoast SEO plugin. -->","yoast_head_json":{"title":"Ha\u00efti : litt\u00e9rature et d\u00e9cadence. Etudes sur la po\u00e9sie de 1804 \u00e0 2010 | LEGS &Eacute;DITION","robots":{"index":"index","follow":"follow","max-snippet":"max-snippet:-1","max-image-preview":"max-image-preview:large","max-video-preview":"max-video-preview:-1"},"canonical":"https:\/\/legsedition.net\/public\/haiti-litterature-et-decadence-essai-sur-la-poesie-de-1804-2010\/","og_locale":"fr_FR","og_type":"article","og_title":"Ha\u00efti : litt\u00e9rature et d\u00e9cadence. Etudes sur la po\u00e9sie de 1804 \u00e0 2010 | LEGS &Eacute;DITION","og_description":"Auteur : Dieulermesson Petit Frere Titre : Ha\u00efti : litt\u00e9rature et d\u00e9cadence. Etudes sur la po\u00e9sie de 1804 \u00e0 nos jours Collection : Critique Parution : 12 Mai 2017 ISBN : 978-99970-86-26-6 | Commander ICI Prix :\u00a0 \u00a017 USD Devant...","og_url":"https:\/\/legsedition.net\/public\/haiti-litterature-et-decadence-essai-sur-la-poesie-de-1804-2010\/","og_site_name":"LEGS &Eacute;DITION","article_publisher":"https:\/\/web.facebook.com\/LegsEtLitterature\/","article_modified_time":"2026-02-22T08:08:24+00:00","og_image":[{"width":301,"height":452,"url":"https:\/\/legsedition.net\/public\/wp-content\/uploads\/2021\/07\/Screenshot-205.png","type":"image\/png"}],"twitter_card":"summary_large_image","twitter_misc":{"Dur\u00e9e de lecture estim\u00e9e":"4 minutes"},"schema":{"@context":"https:\/\/schema.org","@graph":[{"@type":"WebPage","@id":"https:\/\/legsedition.net\/public\/haiti-litterature-et-decadence-essai-sur-la-poesie-de-1804-2010\/","url":"https:\/\/legsedition.net\/public\/haiti-litterature-et-decadence-essai-sur-la-poesie-de-1804-2010\/","name":"Ha\u00efti : litt\u00e9rature et d\u00e9cadence. Etudes sur la po\u00e9sie de 1804 \u00e0 2010 | LEGS &Eacute;DITION","isPartOf":{"@id":"https:\/\/legsedition.net\/public\/#website"},"primaryImageOfPage":{"@id":"https:\/\/legsedition.net\/public\/haiti-litterature-et-decadence-essai-sur-la-poesie-de-1804-2010\/#primaryimage"},"image":{"@id":"https:\/\/legsedition.net\/public\/haiti-litterature-et-decadence-essai-sur-la-poesie-de-1804-2010\/#primaryimage"},"thumbnailUrl":"https:\/\/legsedition.net\/public\/wp-content\/uploads\/2021\/07\/Screenshot-205.png","datePublished":"2018-05-13T20:26:00+00:00","dateModified":"2026-02-22T08:08:24+00:00","breadcrumb":{"@id":"https:\/\/legsedition.net\/public\/haiti-litterature-et-decadence-essai-sur-la-poesie-de-1804-2010\/#breadcrumb"},"inLanguage":"fr-FR","potentialAction":[{"@type":"ReadAction","target":["https:\/\/legsedition.net\/public\/haiti-litterature-et-decadence-essai-sur-la-poesie-de-1804-2010\/"]}]},{"@type":"ImageObject","inLanguage":"fr-FR","@id":"https:\/\/legsedition.net\/public\/haiti-litterature-et-decadence-essai-sur-la-poesie-de-1804-2010\/#primaryimage","url":"https:\/\/legsedition.net\/public\/wp-content\/uploads\/2021\/07\/Screenshot-205.png","contentUrl":"https:\/\/legsedition.net\/public\/wp-content\/uploads\/2021\/07\/Screenshot-205.png","width":301,"height":452},{"@type":"BreadcrumbList","@id":"https:\/\/legsedition.net\/public\/haiti-litterature-et-decadence-essai-sur-la-poesie-de-1804-2010\/#breadcrumb","itemListElement":[{"@type":"ListItem","position":1,"name":"Home","item":"https:\/\/legsedition.net\/public\/"},{"@type":"ListItem","position":2,"name":"Ha\u00efti : litt\u00e9rature et d\u00e9cadence. Etudes sur la po\u00e9sie de 1804 \u00e0 2010"}]},{"@type":"WebSite","@id":"https:\/\/legsedition.net\/public\/#website","url":"https:\/\/legsedition.net\/public\/","name":"LEGS &Eacute;DITION","description":"","potentialAction":[{"@type":"SearchAction","target":{"@type":"EntryPoint","urlTemplate":"https:\/\/legsedition.net\/public\/?s={search_term_string}"},"query-input":{"@type":"PropertyValueSpecification","valueRequired":true,"valueName":"search_term_string"}}],"inLanguage":"fr-FR"}]}},"_links":{"self":[{"href":"https:\/\/legsedition.net\/public\/wp-json\/wp\/v2\/pages\/1537","targetHints":{"allow":["GET"]}}],"collection":[{"href":"https:\/\/legsedition.net\/public\/wp-json\/wp\/v2\/pages"}],"about":[{"href":"https:\/\/legsedition.net\/public\/wp-json\/wp\/v2\/types\/page"}],"author":[{"embeddable":true,"href":"https:\/\/legsedition.net\/public\/wp-json\/wp\/v2\/users\/2"}],"replies":[{"embeddable":true,"href":"https:\/\/legsedition.net\/public\/wp-json\/wp\/v2\/comments?post=1537"}],"version-history":[{"count":19,"href":"https:\/\/legsedition.net\/public\/wp-json\/wp\/v2\/pages\/1537\/revisions"}],"predecessor-version":[{"id":9307,"href":"https:\/\/legsedition.net\/public\/wp-json\/wp\/v2\/pages\/1537\/revisions\/9307"}],"wp:featuredmedia":[{"embeddable":true,"href":"https:\/\/legsedition.net\/public\/wp-json\/wp\/v2\/media\/4061"}],"wp:attachment":[{"href":"https:\/\/legsedition.net\/public\/wp-json\/wp\/v2\/media?parent=1537"}],"curies":[{"name":"wp","href":"https:\/\/api.w.org\/{rel}","templated":true}]}}