{"id":1575,"date":"2018-05-13T21:25:12","date_gmt":"2018-05-13T21:25:12","guid":{"rendered":"http:\/\/legsedition.net\/public\/?page_id=1575"},"modified":"2026-02-01T07:07:14","modified_gmt":"2026-02-01T07:07:14","slug":"le-flibustier","status":"publish","type":"page","link":"https:\/\/legsedition.net\/public\/le-flibustier\/","title":{"rendered":"Le Flibustier"},"content":{"rendered":"<p style=\"text-align: left;\"><strong><a href=\"https:\/\/legsedition.net\/public\/wp-content\/uploads\/2021\/07\/Cover_Flibustier.png\"><img fetchpriority=\"high\" decoding=\"async\" class=\"alignleft wp-image-4053 \" src=\"https:\/\/legsedition.net\/public\/wp-content\/uploads\/2021\/07\/Cover_Flibustier.png\" alt=\"\" width=\"257\" height=\"387\" srcset=\"https:\/\/legsedition.net\/public\/wp-content\/uploads\/2021\/07\/Cover_Flibustier.png 302w, https:\/\/legsedition.net\/public\/wp-content\/uploads\/2021\/07\/Cover_Flibustier-199x300.png 199w, https:\/\/legsedition.net\/public\/wp-content\/uploads\/2021\/07\/Cover_Flibustier-106x160.png 106w\" sizes=\"(max-width: 257px) 100vw, 257px\" \/><\/a>Auteur : <\/strong>Etzer Vilaire<\/p>\n<p><strong>Titre : <\/strong>Le flibustier (Notes et commentaires de Dieulermesson Petit Fr\u00e8re)<\/p>\n<p><strong>Collection : <\/strong><a href=\"https:\/\/legsedition.net\/public\/collection-classique\/\" target=\"_blank\" rel=\"noopener\">Classique\u00a0<\/a><\/p>\n<p><strong>Illustration :<\/strong> Mitchel Monpremier<\/p>\n<p><strong>Parution : <\/strong>24 octobre 2014<\/p>\n<p><strong>ISBN : <\/strong>978-9997086-02-0<\/p>\n<p><strong>Prix :\u00a0 \u00a0<\/strong>625 HTG ; 12 USD | <a href=\"https:\/\/www.amazon.com\/flibustier-French-Etzer-Vilaire\/dp\/9997086023\/ref=sr_1_1?crid=3JTGHV3LFMEGV&amp;dib=eyJ2IjoiMSJ9.5whGoGzzeO4QSnfFWERVOSsMIuenA5gcLRtOxxXH9n74FhJ9vdhkDRc6Yxun0kWsXxD7yCkeehcLQPP8hhjwOoIzTSbNA0vZB7HR5g9AvVer-SPS0TFHRq7VsxFgQMcjnQkMD2NXjmT3dNHyzCMd0TgpVg-JOGy7toqUbtLS36dUZezdEYGv7tXNGdTEc_ill79xG67bN4_FWZsD_D2tp8wPmq-JF0fg036CMbqCFUAG2X4e3mNHI46p6gGXnZDOl-46t2XxVuxA75aBnFHXE_kBjrM3GyDkX7LWzQCoLyg.kCQiR8IzYX7uYKFBtFPrpL6s68i30l0OJhTycqcGpi4&amp;dib_tag=se&amp;keywords=Le+Flibustier&amp;qid=1769929596&amp;sprefix=le+flibustier%2Caps%2C455&amp;sr=8-1\" target=\"_blank\" rel=\"noopener\">Commander ICI<\/a><\/p>\n<p style=\"text-align: justify;\">Publi\u00e9 pour la premi\u00e8re fois en 1902 et repris dans premier tome de l\u2019\u00e9dition compl\u00e8te de ses \u0153uvres,<em> Le flibustier<\/em> d\u2019Etzer Vilaire, ce r\u00e9cit po\u00e9tique que la critique litt\u00e9raire traditionnelle qualifie, \u00e0 tort et \u00e0 travers, d\u2019essai de roman en vers, est sans conteste, l\u2019\u0153uvre d\u2019un grand humaniste. L\u2019on ne finira jamais peut-\u00eatre de s\u2019interroger sur la cat\u00e9gorie g\u00e9n\u00e9rique de l\u2019\u0153uvre. Une \u0153uvre d\u2019une grande force dans laquelle le po\u00e8te aborde avec beaucoup d\u2019adresse des th\u00e8mes chers \u00e0 la po\u00e9sie romantique de son \u00e9poque. En plus d\u2019\u00eatre un r\u00e9cit largement hant\u00e9 par l\u2019id\u00e9e de la mort, le doute ou le scepticisme face \u00e0 l\u2019amour du genre humain, donc de l\u2019autre.<\/p>\n<p style=\"text-align: justify;\"><em>Le flibustier<\/em> est un livre capital dans l\u2019\u0153uvre d\u2019Etzer Vilaire. R\u00e9cit de la fuite, de l\u2019aventure et de la qu\u00eate, il porte, dans son ensemble, sur les questions li\u00e9es aux probl\u00e8mes de l\u2019existence humaine, de l\u2019incompr\u00e9hension, le doute et le d\u00e9sespoir. L\u2019auteur y aborde \u00e9galement, dans un langage qui lui est propre, la question de la foi \u2013 donc de la destin\u00e9e et de l\u2019\u00e2me. En bon religieux pour ne pas dire spiritualiste, Vilaire s\u2019interroge sur le sens \u00e0 donner \u00e0 la vie et r\u00e9fl\u00e9chit sur le passage de l\u2019homme sur terre, les bienfaits et m\u00e9faits de la civilisation, les caract\u00e8res futiles des choses de ce monde.<\/p>\n<p><strong>A propos de l&rsquo;auteur<\/strong><\/p>\n<p style=\"text-align: justify;\">Poete, journaliste, enseignant et avocat, Etzer Vilaire nait \u00e0 J\u00e9r\u00e9mie, dans le sud-ouest d\u2019Ha\u00efti, le 7 avril 1872. Il est probablement l\u2019auteur le plus prolifique de sa g\u00e9n\u00e9ration. Il a collabor\u00e9 \u00e0 la revue La Ronde aux c\u00f4t\u00e9 d\u2019\u00e9crivains comme Sylvain, P\u00e9tion, Moravia. En 1912, il re\u00e7oit le prix Davaine de l&rsquo;Acad\u00e9mie Fran\u00e7aise. Il meurt en 1951 \u00e0 l\u2019\u00e2ge de 72 ans.<\/p>\n","protected":false},"excerpt":{"rendered":"<p>Auteur : Etzer Vilaire Titre : Le flibustier (Notes et commentaires de Dieulermesson Petit Fr\u00e8re) Collection : Classique\u00a0 Illustration : Mitchel Monpremier Parution : 24 octobre 2014 ISBN : 978-9997086-02-0 Prix :\u00a0 \u00a0625 HTG ; 12 USD | Commander ICI&#8230;<\/p>\n","protected":false},"author":2,"featured_media":4053,"parent":0,"menu_order":0,"comment_status":"closed","ping_status":"closed","template":"","meta":{"footnotes":""},"class_list":["post-1575","page","type-page","status-publish","has-post-thumbnail","hentry"],"yoast_head":"<!-- This site is optimized with the Yoast SEO plugin v27.3 - https:\/\/yoast.com\/product\/yoast-seo-wordpress\/ -->\n<title>Le Flibustier | LEGS &Eacute;DITION<\/title>\n<meta name=\"robots\" content=\"index, follow, max-snippet:-1, max-image-preview:large, max-video-preview:-1\" \/>\n<link rel=\"canonical\" href=\"https:\/\/legsedition.net\/public\/le-flibustier\/\" \/>\n<meta property=\"og:locale\" content=\"fr_FR\" \/>\n<meta property=\"og:type\" content=\"article\" \/>\n<meta property=\"og:title\" content=\"Le Flibustier | LEGS &Eacute;DITION\" \/>\n<meta property=\"og:description\" content=\"Auteur : Etzer Vilaire Titre : Le flibustier (Notes et commentaires de Dieulermesson Petit Fr\u00e8re) Collection : Classique\u00a0 Illustration : Mitchel Monpremier Parution : 24 octobre 2014 ISBN : 978-9997086-02-0 Prix :\u00a0 \u00a0625 HTG ; 12 USD | Commander ICI...\" \/>\n<meta property=\"og:url\" content=\"https:\/\/legsedition.net\/public\/le-flibustier\/\" \/>\n<meta property=\"og:site_name\" content=\"LEGS &Eacute;DITION\" \/>\n<meta property=\"article:publisher\" content=\"https:\/\/web.facebook.com\/LegsEtLitterature\/\" \/>\n<meta property=\"article:modified_time\" content=\"2026-02-01T07:07:14+00:00\" \/>\n<meta property=\"og:image\" content=\"https:\/\/legsedition.net\/public\/wp-content\/uploads\/2021\/07\/Cover_Flibustier.png\" \/>\n\t<meta property=\"og:image:width\" content=\"302\" \/>\n\t<meta property=\"og:image:height\" content=\"455\" \/>\n\t<meta property=\"og:image:type\" content=\"image\/png\" \/>\n<meta name=\"twitter:card\" content=\"summary_large_image\" \/>\n<meta name=\"twitter:label1\" content=\"Dur\u00e9e de lecture estim\u00e9e\" \/>\n\t<meta name=\"twitter:data1\" content=\"3 minutes\" \/>\n<script type=\"application\/ld+json\" class=\"yoast-schema-graph\">{\"@context\":\"https:\\\/\\\/schema.org\",\"@graph\":[{\"@type\":\"WebPage\",\"@id\":\"https:\\\/\\\/legsedition.net\\\/public\\\/le-flibustier\\\/\",\"url\":\"https:\\\/\\\/legsedition.net\\\/public\\\/le-flibustier\\\/\",\"name\":\"Le Flibustier | LEGS &Eacute;DITION\",\"isPartOf\":{\"@id\":\"https:\\\/\\\/legsedition.net\\\/public\\\/#website\"},\"primaryImageOfPage\":{\"@id\":\"https:\\\/\\\/legsedition.net\\\/public\\\/le-flibustier\\\/#primaryimage\"},\"image\":{\"@id\":\"https:\\\/\\\/legsedition.net\\\/public\\\/le-flibustier\\\/#primaryimage\"},\"thumbnailUrl\":\"https:\\\/\\\/legsedition.net\\\/public\\\/wp-content\\\/uploads\\\/2021\\\/07\\\/Cover_Flibustier.png\",\"datePublished\":\"2018-05-13T21:25:12+00:00\",\"dateModified\":\"2026-02-01T07:07:14+00:00\",\"breadcrumb\":{\"@id\":\"https:\\\/\\\/legsedition.net\\\/public\\\/le-flibustier\\\/#breadcrumb\"},\"inLanguage\":\"fr-FR\",\"potentialAction\":[{\"@type\":\"ReadAction\",\"target\":[\"https:\\\/\\\/legsedition.net\\\/public\\\/le-flibustier\\\/\"]}]},{\"@type\":\"ImageObject\",\"inLanguage\":\"fr-FR\",\"@id\":\"https:\\\/\\\/legsedition.net\\\/public\\\/le-flibustier\\\/#primaryimage\",\"url\":\"https:\\\/\\\/legsedition.net\\\/public\\\/wp-content\\\/uploads\\\/2021\\\/07\\\/Cover_Flibustier.png\",\"contentUrl\":\"https:\\\/\\\/legsedition.net\\\/public\\\/wp-content\\\/uploads\\\/2021\\\/07\\\/Cover_Flibustier.png\",\"width\":302,\"height\":455},{\"@type\":\"BreadcrumbList\",\"@id\":\"https:\\\/\\\/legsedition.net\\\/public\\\/le-flibustier\\\/#breadcrumb\",\"itemListElement\":[{\"@type\":\"ListItem\",\"position\":1,\"name\":\"Home\",\"item\":\"https:\\\/\\\/legsedition.net\\\/public\\\/\"},{\"@type\":\"ListItem\",\"position\":2,\"name\":\"Le Flibustier\"}]},{\"@type\":\"WebSite\",\"@id\":\"https:\\\/\\\/legsedition.net\\\/public\\\/#website\",\"url\":\"https:\\\/\\\/legsedition.net\\\/public\\\/\",\"name\":\"LEGS &Eacute;DITION\",\"description\":\"\",\"potentialAction\":[{\"@type\":\"SearchAction\",\"target\":{\"@type\":\"EntryPoint\",\"urlTemplate\":\"https:\\\/\\\/legsedition.net\\\/public\\\/?s={search_term_string}\"},\"query-input\":{\"@type\":\"PropertyValueSpecification\",\"valueRequired\":true,\"valueName\":\"search_term_string\"}}],\"inLanguage\":\"fr-FR\"}]}<\/script>\n<!-- \/ Yoast SEO plugin. -->","yoast_head_json":{"title":"Le Flibustier | LEGS &Eacute;DITION","robots":{"index":"index","follow":"follow","max-snippet":"max-snippet:-1","max-image-preview":"max-image-preview:large","max-video-preview":"max-video-preview:-1"},"canonical":"https:\/\/legsedition.net\/public\/le-flibustier\/","og_locale":"fr_FR","og_type":"article","og_title":"Le Flibustier | LEGS &Eacute;DITION","og_description":"Auteur : Etzer Vilaire Titre : Le flibustier (Notes et commentaires de Dieulermesson Petit Fr\u00e8re) Collection : Classique\u00a0 Illustration : Mitchel Monpremier Parution : 24 octobre 2014 ISBN : 978-9997086-02-0 Prix :\u00a0 \u00a0625 HTG ; 12 USD | Commander ICI...","og_url":"https:\/\/legsedition.net\/public\/le-flibustier\/","og_site_name":"LEGS &Eacute;DITION","article_publisher":"https:\/\/web.facebook.com\/LegsEtLitterature\/","article_modified_time":"2026-02-01T07:07:14+00:00","og_image":[{"width":302,"height":455,"url":"https:\/\/legsedition.net\/public\/wp-content\/uploads\/2021\/07\/Cover_Flibustier.png","type":"image\/png"}],"twitter_card":"summary_large_image","twitter_misc":{"Dur\u00e9e de lecture estim\u00e9e":"3 minutes"},"schema":{"@context":"https:\/\/schema.org","@graph":[{"@type":"WebPage","@id":"https:\/\/legsedition.net\/public\/le-flibustier\/","url":"https:\/\/legsedition.net\/public\/le-flibustier\/","name":"Le Flibustier | LEGS &Eacute;DITION","isPartOf":{"@id":"https:\/\/legsedition.net\/public\/#website"},"primaryImageOfPage":{"@id":"https:\/\/legsedition.net\/public\/le-flibustier\/#primaryimage"},"image":{"@id":"https:\/\/legsedition.net\/public\/le-flibustier\/#primaryimage"},"thumbnailUrl":"https:\/\/legsedition.net\/public\/wp-content\/uploads\/2021\/07\/Cover_Flibustier.png","datePublished":"2018-05-13T21:25:12+00:00","dateModified":"2026-02-01T07:07:14+00:00","breadcrumb":{"@id":"https:\/\/legsedition.net\/public\/le-flibustier\/#breadcrumb"},"inLanguage":"fr-FR","potentialAction":[{"@type":"ReadAction","target":["https:\/\/legsedition.net\/public\/le-flibustier\/"]}]},{"@type":"ImageObject","inLanguage":"fr-FR","@id":"https:\/\/legsedition.net\/public\/le-flibustier\/#primaryimage","url":"https:\/\/legsedition.net\/public\/wp-content\/uploads\/2021\/07\/Cover_Flibustier.png","contentUrl":"https:\/\/legsedition.net\/public\/wp-content\/uploads\/2021\/07\/Cover_Flibustier.png","width":302,"height":455},{"@type":"BreadcrumbList","@id":"https:\/\/legsedition.net\/public\/le-flibustier\/#breadcrumb","itemListElement":[{"@type":"ListItem","position":1,"name":"Home","item":"https:\/\/legsedition.net\/public\/"},{"@type":"ListItem","position":2,"name":"Le Flibustier"}]},{"@type":"WebSite","@id":"https:\/\/legsedition.net\/public\/#website","url":"https:\/\/legsedition.net\/public\/","name":"LEGS &Eacute;DITION","description":"","potentialAction":[{"@type":"SearchAction","target":{"@type":"EntryPoint","urlTemplate":"https:\/\/legsedition.net\/public\/?s={search_term_string}"},"query-input":{"@type":"PropertyValueSpecification","valueRequired":true,"valueName":"search_term_string"}}],"inLanguage":"fr-FR"}]}},"_links":{"self":[{"href":"https:\/\/legsedition.net\/public\/wp-json\/wp\/v2\/pages\/1575","targetHints":{"allow":["GET"]}}],"collection":[{"href":"https:\/\/legsedition.net\/public\/wp-json\/wp\/v2\/pages"}],"about":[{"href":"https:\/\/legsedition.net\/public\/wp-json\/wp\/v2\/types\/page"}],"author":[{"embeddable":true,"href":"https:\/\/legsedition.net\/public\/wp-json\/wp\/v2\/users\/2"}],"replies":[{"embeddable":true,"href":"https:\/\/legsedition.net\/public\/wp-json\/wp\/v2\/comments?post=1575"}],"version-history":[{"count":9,"href":"https:\/\/legsedition.net\/public\/wp-json\/wp\/v2\/pages\/1575\/revisions"}],"predecessor-version":[{"id":9198,"href":"https:\/\/legsedition.net\/public\/wp-json\/wp\/v2\/pages\/1575\/revisions\/9198"}],"wp:featuredmedia":[{"embeddable":true,"href":"https:\/\/legsedition.net\/public\/wp-json\/wp\/v2\/media\/4053"}],"wp:attachment":[{"href":"https:\/\/legsedition.net\/public\/wp-json\/wp\/v2\/media?parent=1575"}],"curies":[{"name":"wp","href":"https:\/\/api.w.org\/{rel}","templated":true}]}}