{"id":1580,"date":"2018-05-13T21:33:46","date_gmt":"2018-05-13T21:33:46","guid":{"rendered":"http:\/\/legsedition.net\/public\/?page_id=1580"},"modified":"2026-02-01T07:08:14","modified_gmt":"2026-02-01T07:08:14","slug":"poesies","status":"publish","type":"page","link":"https:\/\/legsedition.net\/public\/poesies\/","title":{"rendered":"Po\u00e9sies"},"content":{"rendered":"<p><strong><a href=\"https:\/\/legsedition.net\/public\/wp-content\/uploads\/2021\/07\/Cover_Poesies.png\"><img fetchpriority=\"high\" decoding=\"async\" class=\"alignleft wp-image-4054 \" src=\"https:\/\/legsedition.net\/public\/wp-content\/uploads\/2021\/07\/Cover_Poesies.png\" alt=\"\" width=\"237\" height=\"355\" srcset=\"https:\/\/legsedition.net\/public\/wp-content\/uploads\/2021\/07\/Cover_Poesies.png 303w, https:\/\/legsedition.net\/public\/wp-content\/uploads\/2021\/07\/Cover_Poesies-200x300.png 200w, https:\/\/legsedition.net\/public\/wp-content\/uploads\/2021\/07\/Cover_Poesies-107x160.png 107w\" sizes=\"(max-width: 237px) 100vw, 237px\" \/><\/a>Auteur: <\/strong>Ignace Nau<\/p>\n<p><strong>Titre : <\/strong>Po\u00e9sies (notes et commentaires de Webert Charles)<\/p>\n<p><strong>Collection : <\/strong><a href=\"https:\/\/legsedition.net\/public\/collection-classique\/\" target=\"_blank\" rel=\"noopener\">Classique<\/a><\/p>\n<p><strong>Parution :\u00a0 <\/strong>21 octobre 2014<\/p>\n<p><strong>ISBN : <\/strong>978-9997080-46-2<\/p>\n<p><strong>Prix :\u00a0 \u00a0<\/strong>625 HTG ; 10 USD |\u00a0<a href=\"https:\/\/www.amazon.com\/flibustier-French-Etzer-Vilaire\/dp\/9997086023\/ref=sr_1_1?crid=3JTGHV3LFMEGV&amp;dib=eyJ2IjoiMSJ9.5whGoGzzeO4QSnfFWERVOSsMIuenA5gcLRtOxxXH9n74FhJ9vdhkDRc6Yxun0kWsXxD7yCkeehcLQPP8hhjwOoIzTSbNA0vZB7HR5g9AvVer-SPS0TFHRq7VsxFgQMcjnQkMD2NXjmT3dNHyzCMd0TgpVg-JOGy7toqUbtLS36dUZezdEYGv7tXNGdTEc_ill79xG67bN4_FWZsD_D2tp8wPmq-JF0fg036CMbqCFUAG2X4e3mNHI46p6gGXnZDOl-46t2XxVuxA75aBnFHXE_kBjrM3GyDkX7LWzQCoLyg.kCQiR8IzYX7uYKFBtFPrpL6s68i30l0OJhTycqcGpi4&amp;dib_tag=se&amp;keywords=Le+Flibustier&amp;qid=1769929596&amp;sprefix=le+flibustier%2Caps%2C455&amp;sr=8-1\" target=\"_blank\" rel=\"noopener\">Commander ICI<\/a><\/p>\n<p style=\"text-align: justify;\">L\u2019\u00e9cole de 1836, cr\u00e9\u00e9e par les fr\u00e8res Nau et Ardouin, a marqu\u00e9 un tournant d\u00e9cisif dans la litt\u00e9rature ha\u00eftienne. Trente-deux ans apr\u00e8s la d\u00e9claration de l\u2019ind\u00e9pendance d\u2019Ha\u00efti par les g\u00e9n\u00e9raux de l\u2019arm\u00e9e indig\u00e8ne (anciens esclaves soumis aux puissances europ\u00e9ennes, plus principalement fran\u00e7aises), la litt\u00e9rature \u00a0\u00e9tait rest\u00e9e dans cette confusion de d\u00e9crire l\u2019\u00e2me et l\u2019identit\u00e9 naissantes de la nouvelle R\u00e9publique. Si les premiers po\u00e8tes, couramment appel\u00e9s <em>pionniers<\/em>, ont \u00e9t\u00e9 de mauvais imitateurs de l\u2019\u00e9cole classique fran\u00e7aise, d\u2019o\u00f9 l\u2019\u00e9tiquette de <em>Pseudo-classique<\/em> coll\u00e9e \u00e0 leur peau par les critiques litt\u00e9raires ha\u00eftiens<a href=\"#_ftn1\" name=\"_ftnref1\">[1]<\/a>, l\u2019\u00c9cole de 1836 a voulu, quant \u00e0 elle, changer la donne, marquer une rupture avec cette p\u00e9riode de t\u00e2tonnements litt\u00e9raires et d\u2019ind\u00e9cision. Ils ont \u00e9t\u00e9 clairs.<\/p>\n<p style=\"text-align: justify;\">La po\u00e9sie d\u2019Ignace Nau, comme c\u2019est le cas de ses confr\u00e8res de\u00a0la deuxi\u00e8me p\u00e9riode de la litt\u00e9rature ha\u00eftienne, est m\u00e9lancolique et rappelle les grands po\u00e8tes romantiques fran\u00e7ais du d\u00e9but du 19<sup>e<\/sup> si\u00e8cle\u00a0: Victor Hugo, Alfred de Musset et Alphonse de Lamartine. Toutefois, m\u00eame s\u2019il s\u2019inspire des romantiques fran\u00e7ais, le po\u00e8te ne tombe pas dans l\u2019exotisme. Les paysages qu\u2019il \u00e9voque sont, comme nous\u00a0l\u2019avons vu, typiquement tropicaux, ha\u00eftiens. Ce qui le d\u00e9marque de ses pr\u00e9d\u00e9cesseurs, les pionniers de la litt\u00e9rature ha\u00eftienne qui n\u2019avait d\u2019ha\u00eftien que le nom car les \u00e9crivains \u2013quoique certains menaient une po\u00e9sie courtisane et engag\u00e9e\u2013 se limitaient en grande partie \u00e0 singer les classiques de la litt\u00e9rature fran\u00e7aise.<\/p>\n<p style=\"text-align: right;\"><strong>W\u00e9bert Charles<\/strong><\/p>\n<p><strong>\u00c0 propos de l&rsquo;auteur :<\/strong><\/p>\n<p style=\"text-align: justify;\">Ignace Nau est n\u00e9 en Ha\u00efti en 1808. Po\u00e8te, conteur, nouvelliste et historien, il collabore \u00e0 plusieurs revues litt\u00e9raires ha\u00eftiennes de la premi\u00e8re moiti\u00e9 du 19<sup>e<\/sup> si\u00e8cle. Audienceur et premier auteur francophone noir de la nouvelle, il meurt \u00e0 L\u00e9og\u00e2ne en 1845, \u00e0 l\u2019\u00e2ge de 37 ans.<\/p>\n<p>&#8211; &#8212;<\/p>\n<p><a href=\"#_ftnref1\" name=\"_ftn1\">[1]<\/a> Pradel Pompilus, Fr\u00e8re Rapha\u00ebl Berrou, <em>Manuel illustr\u00e9 d\u2019histoire de la litt\u00e9rature ha\u00eftienne<\/em>, \u00c9d. Henri Deschamps, 1961,\u00a0 pp. 2-24.<\/p>\n","protected":false},"excerpt":{"rendered":"<p>Auteur: Ignace Nau Titre : Po\u00e9sies (notes et commentaires de Webert Charles) Collection : Classique Parution :\u00a0 21 octobre 2014 ISBN : 978-9997080-46-2 Prix :\u00a0 \u00a0625 HTG ; 10 USD |\u00a0Commander ICI L\u2019\u00e9cole de 1836, cr\u00e9\u00e9e par les fr\u00e8res Nau&#8230;<\/p>\n","protected":false},"author":2,"featured_media":0,"parent":0,"menu_order":0,"comment_status":"closed","ping_status":"closed","template":"","meta":{"footnotes":""},"class_list":["post-1580","page","type-page","status-publish","hentry","no-post-thumbnail"],"yoast_head":"<!-- This site is optimized with the Yoast SEO plugin v27.3 - https:\/\/yoast.com\/product\/yoast-seo-wordpress\/ -->\n<title>Po\u00e9sies | LEGS &Eacute;DITION<\/title>\n<meta name=\"robots\" content=\"index, follow, max-snippet:-1, max-image-preview:large, max-video-preview:-1\" \/>\n<link rel=\"canonical\" href=\"https:\/\/legsedition.net\/public\/poesies\/\" \/>\n<meta property=\"og:locale\" content=\"fr_FR\" \/>\n<meta property=\"og:type\" content=\"article\" \/>\n<meta property=\"og:title\" content=\"Po\u00e9sies | LEGS &Eacute;DITION\" \/>\n<meta property=\"og:description\" content=\"Auteur: Ignace Nau Titre : Po\u00e9sies (notes et commentaires de Webert Charles) Collection : Classique Parution :\u00a0 21 octobre 2014 ISBN : 978-9997080-46-2 Prix :\u00a0 \u00a0625 HTG ; 10 USD |\u00a0Commander ICI L\u2019\u00e9cole de 1836, cr\u00e9\u00e9e par les fr\u00e8res Nau...\" \/>\n<meta property=\"og:url\" content=\"https:\/\/legsedition.net\/public\/poesies\/\" \/>\n<meta property=\"og:site_name\" content=\"LEGS &Eacute;DITION\" \/>\n<meta property=\"article:publisher\" content=\"https:\/\/web.facebook.com\/LegsEtLitterature\/\" \/>\n<meta property=\"article:modified_time\" content=\"2026-02-01T07:08:14+00:00\" \/>\n<meta property=\"og:image\" content=\"https:\/\/legsedition.net\/public\/wp-content\/uploads\/2021\/07\/Cover_Poesies.png\" \/>\n\t<meta property=\"og:image:width\" content=\"303\" \/>\n\t<meta property=\"og:image:height\" content=\"454\" \/>\n\t<meta property=\"og:image:type\" content=\"image\/png\" \/>\n<meta name=\"twitter:card\" content=\"summary_large_image\" \/>\n<meta name=\"twitter:label1\" content=\"Dur\u00e9e de lecture estim\u00e9e\" \/>\n\t<meta name=\"twitter:data1\" content=\"2 minutes\" \/>\n<script type=\"application\/ld+json\" class=\"yoast-schema-graph\">{\"@context\":\"https:\\\/\\\/schema.org\",\"@graph\":[{\"@type\":\"WebPage\",\"@id\":\"https:\\\/\\\/legsedition.net\\\/public\\\/poesies\\\/\",\"url\":\"https:\\\/\\\/legsedition.net\\\/public\\\/poesies\\\/\",\"name\":\"Po\u00e9sies | LEGS &Eacute;DITION\",\"isPartOf\":{\"@id\":\"https:\\\/\\\/legsedition.net\\\/public\\\/#website\"},\"primaryImageOfPage\":{\"@id\":\"https:\\\/\\\/legsedition.net\\\/public\\\/poesies\\\/#primaryimage\"},\"image\":{\"@id\":\"https:\\\/\\\/legsedition.net\\\/public\\\/poesies\\\/#primaryimage\"},\"thumbnailUrl\":\"https:\\\/\\\/legsedition.net\\\/public\\\/wp-content\\\/uploads\\\/2021\\\/07\\\/Cover_Poesies.png\",\"datePublished\":\"2018-05-13T21:33:46+00:00\",\"dateModified\":\"2026-02-01T07:08:14+00:00\",\"breadcrumb\":{\"@id\":\"https:\\\/\\\/legsedition.net\\\/public\\\/poesies\\\/#breadcrumb\"},\"inLanguage\":\"fr-FR\",\"potentialAction\":[{\"@type\":\"ReadAction\",\"target\":[\"https:\\\/\\\/legsedition.net\\\/public\\\/poesies\\\/\"]}]},{\"@type\":\"ImageObject\",\"inLanguage\":\"fr-FR\",\"@id\":\"https:\\\/\\\/legsedition.net\\\/public\\\/poesies\\\/#primaryimage\",\"url\":\"https:\\\/\\\/legsedition.net\\\/public\\\/wp-content\\\/uploads\\\/2021\\\/07\\\/Cover_Poesies.png\",\"contentUrl\":\"https:\\\/\\\/legsedition.net\\\/public\\\/wp-content\\\/uploads\\\/2021\\\/07\\\/Cover_Poesies.png\",\"width\":303,\"height\":454},{\"@type\":\"BreadcrumbList\",\"@id\":\"https:\\\/\\\/legsedition.net\\\/public\\\/poesies\\\/#breadcrumb\",\"itemListElement\":[{\"@type\":\"ListItem\",\"position\":1,\"name\":\"Home\",\"item\":\"https:\\\/\\\/legsedition.net\\\/public\\\/\"},{\"@type\":\"ListItem\",\"position\":2,\"name\":\"Po\u00e9sies\"}]},{\"@type\":\"WebSite\",\"@id\":\"https:\\\/\\\/legsedition.net\\\/public\\\/#website\",\"url\":\"https:\\\/\\\/legsedition.net\\\/public\\\/\",\"name\":\"LEGS &Eacute;DITION\",\"description\":\"\",\"potentialAction\":[{\"@type\":\"SearchAction\",\"target\":{\"@type\":\"EntryPoint\",\"urlTemplate\":\"https:\\\/\\\/legsedition.net\\\/public\\\/?s={search_term_string}\"},\"query-input\":{\"@type\":\"PropertyValueSpecification\",\"valueRequired\":true,\"valueName\":\"search_term_string\"}}],\"inLanguage\":\"fr-FR\"}]}<\/script>\n<!-- \/ Yoast SEO plugin. -->","yoast_head_json":{"title":"Po\u00e9sies | LEGS &Eacute;DITION","robots":{"index":"index","follow":"follow","max-snippet":"max-snippet:-1","max-image-preview":"max-image-preview:large","max-video-preview":"max-video-preview:-1"},"canonical":"https:\/\/legsedition.net\/public\/poesies\/","og_locale":"fr_FR","og_type":"article","og_title":"Po\u00e9sies | LEGS &Eacute;DITION","og_description":"Auteur: Ignace Nau Titre : Po\u00e9sies (notes et commentaires de Webert Charles) Collection : Classique Parution :\u00a0 21 octobre 2014 ISBN : 978-9997080-46-2 Prix :\u00a0 \u00a0625 HTG ; 10 USD |\u00a0Commander ICI L\u2019\u00e9cole de 1836, cr\u00e9\u00e9e par les fr\u00e8res Nau...","og_url":"https:\/\/legsedition.net\/public\/poesies\/","og_site_name":"LEGS &Eacute;DITION","article_publisher":"https:\/\/web.facebook.com\/LegsEtLitterature\/","article_modified_time":"2026-02-01T07:08:14+00:00","og_image":[{"width":303,"height":454,"url":"https:\/\/legsedition.net\/public\/wp-content\/uploads\/2021\/07\/Cover_Poesies.png","type":"image\/png"}],"twitter_card":"summary_large_image","twitter_misc":{"Dur\u00e9e de lecture estim\u00e9e":"2 minutes"},"schema":{"@context":"https:\/\/schema.org","@graph":[{"@type":"WebPage","@id":"https:\/\/legsedition.net\/public\/poesies\/","url":"https:\/\/legsedition.net\/public\/poesies\/","name":"Po\u00e9sies | LEGS &Eacute;DITION","isPartOf":{"@id":"https:\/\/legsedition.net\/public\/#website"},"primaryImageOfPage":{"@id":"https:\/\/legsedition.net\/public\/poesies\/#primaryimage"},"image":{"@id":"https:\/\/legsedition.net\/public\/poesies\/#primaryimage"},"thumbnailUrl":"https:\/\/legsedition.net\/public\/wp-content\/uploads\/2021\/07\/Cover_Poesies.png","datePublished":"2018-05-13T21:33:46+00:00","dateModified":"2026-02-01T07:08:14+00:00","breadcrumb":{"@id":"https:\/\/legsedition.net\/public\/poesies\/#breadcrumb"},"inLanguage":"fr-FR","potentialAction":[{"@type":"ReadAction","target":["https:\/\/legsedition.net\/public\/poesies\/"]}]},{"@type":"ImageObject","inLanguage":"fr-FR","@id":"https:\/\/legsedition.net\/public\/poesies\/#primaryimage","url":"https:\/\/legsedition.net\/public\/wp-content\/uploads\/2021\/07\/Cover_Poesies.png","contentUrl":"https:\/\/legsedition.net\/public\/wp-content\/uploads\/2021\/07\/Cover_Poesies.png","width":303,"height":454},{"@type":"BreadcrumbList","@id":"https:\/\/legsedition.net\/public\/poesies\/#breadcrumb","itemListElement":[{"@type":"ListItem","position":1,"name":"Home","item":"https:\/\/legsedition.net\/public\/"},{"@type":"ListItem","position":2,"name":"Po\u00e9sies"}]},{"@type":"WebSite","@id":"https:\/\/legsedition.net\/public\/#website","url":"https:\/\/legsedition.net\/public\/","name":"LEGS &Eacute;DITION","description":"","potentialAction":[{"@type":"SearchAction","target":{"@type":"EntryPoint","urlTemplate":"https:\/\/legsedition.net\/public\/?s={search_term_string}"},"query-input":{"@type":"PropertyValueSpecification","valueRequired":true,"valueName":"search_term_string"}}],"inLanguage":"fr-FR"}]}},"_links":{"self":[{"href":"https:\/\/legsedition.net\/public\/wp-json\/wp\/v2\/pages\/1580","targetHints":{"allow":["GET"]}}],"collection":[{"href":"https:\/\/legsedition.net\/public\/wp-json\/wp\/v2\/pages"}],"about":[{"href":"https:\/\/legsedition.net\/public\/wp-json\/wp\/v2\/types\/page"}],"author":[{"embeddable":true,"href":"https:\/\/legsedition.net\/public\/wp-json\/wp\/v2\/users\/2"}],"replies":[{"embeddable":true,"href":"https:\/\/legsedition.net\/public\/wp-json\/wp\/v2\/comments?post=1580"}],"version-history":[{"count":8,"href":"https:\/\/legsedition.net\/public\/wp-json\/wp\/v2\/pages\/1580\/revisions"}],"predecessor-version":[{"id":9200,"href":"https:\/\/legsedition.net\/public\/wp-json\/wp\/v2\/pages\/1580\/revisions\/9200"}],"wp:attachment":[{"href":"https:\/\/legsedition.net\/public\/wp-json\/wp\/v2\/media?parent=1580"}],"curies":[{"name":"wp","href":"https:\/\/api.w.org\/{rel}","templated":true}]}}