{"id":1594,"date":"2018-05-13T21:59:29","date_gmt":"2018-05-13T21:59:29","guid":{"rendered":"http:\/\/legsedition.net\/public\/?page_id=1594"},"modified":"2026-04-05T11:18:13","modified_gmt":"2026-04-05T11:18:13","slug":"la-petite-corruption","status":"publish","type":"page","link":"https:\/\/legsedition.net\/public\/la-petite-corruption\/","title":{"rendered":"La petite corruption"},"content":{"rendered":"<p><strong><a href=\"http:\/\/legsedition.net\/public\/wp-content\/uploads\/2017\/12\/yanick-jpeg.jpg\"><img fetchpriority=\"high\" decoding=\"async\" class=\" wp-image-155 alignleft\" src=\"http:\/\/legsedition.net\/public\/wp-content\/uploads\/2017\/12\/yanick-jpeg-189x300.jpg\" alt=\"\" width=\"206\" height=\"327\" srcset=\"https:\/\/legsedition.net\/public\/wp-content\/uploads\/2017\/12\/yanick-jpeg-189x300.jpg 189w, https:\/\/legsedition.net\/public\/wp-content\/uploads\/2017\/12\/yanick-jpeg-416x661.jpg 416w, https:\/\/legsedition.net\/public\/wp-content\/uploads\/2017\/12\/yanick-jpeg-400x635.jpg 400w, https:\/\/legsedition.net\/public\/wp-content\/uploads\/2017\/12\/yanick-jpeg.jpg 476w\" sizes=\"(max-width: 206px) 100vw, 206px\" \/><\/a>Auteur : <\/strong>Yanick Lahens<\/p>\n<p><strong>Titre<\/strong> : La petite corruption<\/p>\n<p><strong>Collection<\/strong> : <a href=\"https:\/\/legsedition.net\/public\/collection-voix-feminines\/\" target=\"_blank\" rel=\"noopener\">Voix F\u00e9minines<\/a><\/p>\n<p><strong>Couverture : <\/strong>Francesca Andr\u00e9<\/p>\n<p><strong>Date de parution : <\/strong>16 Mars 2014<\/p>\n<p><strong>ISBN : <\/strong>978\u00ad-14973-67-81-4 | <a href=\"https:\/\/www.amazon.com\/petite-corruption-Nouvelles-French\/dp\/1497367816\/ref=sr_1_1?crid=3J6NYSG6IDBOK&amp;dib=eyJ2IjoiMSJ9.uJhZR6ikiVRVx8yxzc-vl1WO1YcX9ghT84xAx-7JzleqyS5tEwBHIFvNcrnTMLiHUpO44KA74Xtm6iFwRF2GcxdGINheucC8Un07kUU_wEdhAjrakcuvrhvBO1HILEMI.XJrZhpv042RINijrUrFo0Kflc38I0QW1rcgYnJoVAmc&amp;dib_tag=se&amp;keywords=La+petite+corruption&amp;qid=1775387791&amp;sprefix=la+petite+corruption%2Caps%2C203&amp;sr=8-1\" target=\"_blank\" rel=\"noopener\">Commander ICI<\/a><\/p>\n<p><strong>Prix :\u00a0 \u00a0<\/strong>12.25 USD<\/p>\n<p>Voix dou\u00e9e d\u2019une singularit\u00e9 et d\u2019une spontan\u00e9it\u00e9 toute particuli\u00e8re, Yanick Lahens a su produire une \u0153uvre remarquable toute impr\u00e9gn\u00e9e de tendresse, d\u2019amour et d\u2019amiti\u00e9. Une \u0153uvre tr\u00e8s proche du quotidien ha\u00eftien. Avec ses \u00e9motions et ses trag\u00e9dies. Ses violences (rurales et urbaines) et ses croyances s\u00e9culaires. Son \u0153uvre occupe, pour r\u00e9p\u00e9ter Jo\u00eblle Vitiello, une place privil\u00e9gi\u00e9e \u2013\u00e0 c\u00f4t\u00e9 de celles de Marie Vieux-Chauvet, Jan J. Dominique, Yanick Jean et Paulette Poujol-Oriol\u2013 dans la litt\u00e9rature au f\u00e9minin en Ha\u00efti. Une \u0153uvre qui dit le <em>d\u00e9sastre banal <\/em>de la vie de tous les jours, les risques et les p\u00e9rils de chacun de nos pas dans l\u2019univers sombre et fragile du temps \u00e0 vivre<\/p>\n<p>Avec une \u00e9criture assez douce, po\u00e9tique, sobre, bien cisel\u00e9e et teint\u00e9e de sensualit\u00e9, elle est porteuse d\u2019un message d\u2019amour, de sagesse et de sympathie qui met l\u2019autre au centre de sa cr\u00e9ation. Publi\u00e9 pour la premi\u00e8re fois en 1999, son second recueil de nouvelles \u2013<em>La petite corruption<\/em>\u2013 dit toute la saveur du v\u00e9cu social, politique et culturel ha\u00eftien. Le d\u00e9clin de la classe moyenne, le d\u00e9part massif et croissant des cadres vers d\u2019autres cieux en qu\u00eate de mieux-\u00eatre. Une \u0153uvre qui esquisse un v\u00e9ritable tableau de la dure r\u00e9alit\u00e9 carib\u00e9enne toute empreinte de modernit\u00e9 et d\u2019originalit\u00e9. Le recueil nous plonge dans un univers f\u00e9minin et met sous nos yeux des personnages ordinaires aux prises \u00e0 des situations extraordinaires. Des femmes courageuses, victimes dans leur chair et dans leur \u00e2me.<\/p>\n<p style=\"text-align: right;\"><strong>Dieulermesson Petit Fr\u00e8re, <\/strong>[<em>Extrait de la note de l&rsquo;\u00e9diteur<\/em>]<\/p>\n<p style=\"text-align: left;\"><strong>\u00c0 propos de l\u2019auteure:<\/strong><\/p>\n<p style=\"text-align: justify;\">Yanick Lahens est n\u00e9e \u00e0 Port-au-Prince en 1953. D\u00e9tentrice d\u2019un Dipl\u00f4me d\u2019\u00c9tudes Approfondies (DEA) en Lettres de l\u2019Universit\u00e9 Paris-Sorbonne, \u00e0 son retour en Ha\u00efti, elle a enseign\u00e9 les lettres \u00e0 l\u2019\u00c9cole normale sup\u00e9rieure jusqu\u2019en 1995. Auteure de nombreux articles parus dans des revues dont\u00a0<em>Chemins<\/em>\u00a0<em>critiques<\/em>,\u00a0<em>Cultura<\/em>,\u00a0<em>Boutures<\/em>,\u00a0<em>Conjonction<\/em>\u00a0et\u00a0<em>Legs et Litt\u00e9rature<\/em>, elle a publi\u00e9 son premier livre, un essai,\u00a0<em>L\u2019exil : entre l\u2019ancrage et la fuite, l\u2019\u00e9crivain ha\u00eftien<\/em>\u00a0en 1990. Son premier roman,\u00a0<em>Dans la maison du p\u00e8re<\/em>, paru en 2000, a re\u00e7u en 2002, le Prix du salon du livre de Leipzig. Laur\u00e9ate du prix Millepages en 2008 et du Prix du Livre RFO 2009 pour\u00a0<em>La Couleur de l\u2019aube<\/em>, elle a obtenu le prix Femina pour son roman\u00a0<em>Bain de lune<\/em>\u00a0en 2014 paru chez Sabine Wespieser. En 2020, le prix Carbet de la Cara\u00efbe lui est d\u00e9cern\u00e9 pour l\u2019ensemble de son \u0153uvre.<\/p>\n<hr \/>\n<p><strong>Dans la Presse :<\/strong><\/p>\n<p>Dieulermesson Petit-Fr\u00e8re, <a href=\"https:\/\/legsedition.net\/alel\/des-auteurs-et-des-oeuvres\/a-decouverte-de-yanick-lahens\/\" target=\"_blank\" rel=\"noopener\">\u00c0\u00a0la decouverte de Yanick Lahens, Fiche p\u00e9dagogique<\/a>, ALEL, 29 mars 2023.<\/p>\n<p>Dieulermesson Petit-Fr\u00e8re, <a href=\"https:\/\/lenouvelliste.com\/article\/138885\/les-livres-du-mois-6\" target=\"_blank\" rel=\"noopener\">Les livres du mois # 6<\/a>,\u00a0<em>Le Nouvelliste,\u00a0<\/em>8 d\u00e9cembre 2014.<\/p>\n<p>Stanley Pean, <a href=\"https:\/\/africultures.com\/livres\/?no=14792\" target=\"_blank\" rel=\"noopener\">Pr\u00e9sentation<\/a>,\u00a0<em>Africultures, <\/em>avril\u00a02014.<\/p>\n","protected":false},"excerpt":{"rendered":"<p>Auteur : Yanick Lahens Titre : La petite corruption Collection : Voix F\u00e9minines Couverture : Francesca Andr\u00e9 Date de parution : 16 Mars 2014 ISBN : 978\u00ad-14973-67-81-4 | Commander ICI Prix :\u00a0 \u00a012.25 USD Voix dou\u00e9e d\u2019une singularit\u00e9 et d\u2019une&#8230;<\/p>\n","protected":false},"author":2,"featured_media":155,"parent":0,"menu_order":0,"comment_status":"closed","ping_status":"closed","template":"","meta":{"footnotes":""},"class_list":["post-1594","page","type-page","status-publish","has-post-thumbnail","hentry"],"yoast_head":"<!-- This site is optimized with the Yoast SEO plugin v27.3 - https:\/\/yoast.com\/product\/yoast-seo-wordpress\/ -->\n<title>La petite corruption | LEGS &Eacute;DITION<\/title>\n<meta name=\"robots\" content=\"index, follow, max-snippet:-1, max-image-preview:large, max-video-preview:-1\" \/>\n<link rel=\"canonical\" href=\"https:\/\/legsedition.net\/public\/la-petite-corruption\/\" \/>\n<meta property=\"og:locale\" content=\"fr_FR\" \/>\n<meta property=\"og:type\" content=\"article\" \/>\n<meta property=\"og:title\" content=\"La petite corruption | LEGS &Eacute;DITION\" \/>\n<meta property=\"og:description\" content=\"Auteur : Yanick Lahens Titre : La petite corruption Collection : Voix F\u00e9minines Couverture : Francesca Andr\u00e9 Date de parution : 16 Mars 2014 ISBN : 978\u00ad-14973-67-81-4 | Commander ICI Prix :\u00a0 \u00a012.25 USD Voix dou\u00e9e d\u2019une singularit\u00e9 et d\u2019une...\" \/>\n<meta property=\"og:url\" content=\"https:\/\/legsedition.net\/public\/la-petite-corruption\/\" \/>\n<meta property=\"og:site_name\" content=\"LEGS &Eacute;DITION\" \/>\n<meta property=\"article:publisher\" content=\"https:\/\/web.facebook.com\/LegsEtLitterature\/\" \/>\n<meta property=\"article:modified_time\" content=\"2026-04-05T11:18:13+00:00\" \/>\n<meta property=\"og:image\" content=\"https:\/\/legsedition.net\/public\/wp-content\/uploads\/2017\/12\/yanick-jpeg.jpg\" \/>\n\t<meta property=\"og:image:width\" content=\"476\" \/>\n\t<meta property=\"og:image:height\" content=\"756\" \/>\n\t<meta property=\"og:image:type\" content=\"image\/jpeg\" \/>\n<meta name=\"twitter:card\" content=\"summary_large_image\" \/>\n<meta name=\"twitter:label1\" content=\"Dur\u00e9e de lecture estim\u00e9e\" \/>\n\t<meta name=\"twitter:data1\" content=\"3 minutes\" \/>\n<script type=\"application\/ld+json\" class=\"yoast-schema-graph\">{\"@context\":\"https:\\\/\\\/schema.org\",\"@graph\":[{\"@type\":\"WebPage\",\"@id\":\"https:\\\/\\\/legsedition.net\\\/public\\\/la-petite-corruption\\\/\",\"url\":\"https:\\\/\\\/legsedition.net\\\/public\\\/la-petite-corruption\\\/\",\"name\":\"La petite corruption | LEGS &Eacute;DITION\",\"isPartOf\":{\"@id\":\"https:\\\/\\\/legsedition.net\\\/public\\\/#website\"},\"primaryImageOfPage\":{\"@id\":\"https:\\\/\\\/legsedition.net\\\/public\\\/la-petite-corruption\\\/#primaryimage\"},\"image\":{\"@id\":\"https:\\\/\\\/legsedition.net\\\/public\\\/la-petite-corruption\\\/#primaryimage\"},\"thumbnailUrl\":\"https:\\\/\\\/legsedition.net\\\/public\\\/wp-content\\\/uploads\\\/2017\\\/12\\\/yanick-jpeg.jpg\",\"datePublished\":\"2018-05-13T21:59:29+00:00\",\"dateModified\":\"2026-04-05T11:18:13+00:00\",\"breadcrumb\":{\"@id\":\"https:\\\/\\\/legsedition.net\\\/public\\\/la-petite-corruption\\\/#breadcrumb\"},\"inLanguage\":\"fr-FR\",\"potentialAction\":[{\"@type\":\"ReadAction\",\"target\":[\"https:\\\/\\\/legsedition.net\\\/public\\\/la-petite-corruption\\\/\"]}]},{\"@type\":\"ImageObject\",\"inLanguage\":\"fr-FR\",\"@id\":\"https:\\\/\\\/legsedition.net\\\/public\\\/la-petite-corruption\\\/#primaryimage\",\"url\":\"https:\\\/\\\/legsedition.net\\\/public\\\/wp-content\\\/uploads\\\/2017\\\/12\\\/yanick-jpeg.jpg\",\"contentUrl\":\"https:\\\/\\\/legsedition.net\\\/public\\\/wp-content\\\/uploads\\\/2017\\\/12\\\/yanick-jpeg.jpg\",\"width\":476,\"height\":756},{\"@type\":\"BreadcrumbList\",\"@id\":\"https:\\\/\\\/legsedition.net\\\/public\\\/la-petite-corruption\\\/#breadcrumb\",\"itemListElement\":[{\"@type\":\"ListItem\",\"position\":1,\"name\":\"Home\",\"item\":\"https:\\\/\\\/legsedition.net\\\/public\\\/\"},{\"@type\":\"ListItem\",\"position\":2,\"name\":\"La petite corruption\"}]},{\"@type\":\"WebSite\",\"@id\":\"https:\\\/\\\/legsedition.net\\\/public\\\/#website\",\"url\":\"https:\\\/\\\/legsedition.net\\\/public\\\/\",\"name\":\"LEGS &Eacute;DITION\",\"description\":\"\",\"potentialAction\":[{\"@type\":\"SearchAction\",\"target\":{\"@type\":\"EntryPoint\",\"urlTemplate\":\"https:\\\/\\\/legsedition.net\\\/public\\\/?s={search_term_string}\"},\"query-input\":{\"@type\":\"PropertyValueSpecification\",\"valueRequired\":true,\"valueName\":\"search_term_string\"}}],\"inLanguage\":\"fr-FR\"}]}<\/script>\n<!-- \/ Yoast SEO plugin. -->","yoast_head_json":{"title":"La petite corruption | LEGS &Eacute;DITION","robots":{"index":"index","follow":"follow","max-snippet":"max-snippet:-1","max-image-preview":"max-image-preview:large","max-video-preview":"max-video-preview:-1"},"canonical":"https:\/\/legsedition.net\/public\/la-petite-corruption\/","og_locale":"fr_FR","og_type":"article","og_title":"La petite corruption | LEGS &Eacute;DITION","og_description":"Auteur : Yanick Lahens Titre : La petite corruption Collection : Voix F\u00e9minines Couverture : Francesca Andr\u00e9 Date de parution : 16 Mars 2014 ISBN : 978\u00ad-14973-67-81-4 | Commander ICI Prix :\u00a0 \u00a012.25 USD Voix dou\u00e9e d\u2019une singularit\u00e9 et d\u2019une...","og_url":"https:\/\/legsedition.net\/public\/la-petite-corruption\/","og_site_name":"LEGS &Eacute;DITION","article_publisher":"https:\/\/web.facebook.com\/LegsEtLitterature\/","article_modified_time":"2026-04-05T11:18:13+00:00","og_image":[{"width":476,"height":756,"url":"https:\/\/legsedition.net\/public\/wp-content\/uploads\/2017\/12\/yanick-jpeg.jpg","type":"image\/jpeg"}],"twitter_card":"summary_large_image","twitter_misc":{"Dur\u00e9e de lecture estim\u00e9e":"3 minutes"},"schema":{"@context":"https:\/\/schema.org","@graph":[{"@type":"WebPage","@id":"https:\/\/legsedition.net\/public\/la-petite-corruption\/","url":"https:\/\/legsedition.net\/public\/la-petite-corruption\/","name":"La petite corruption | LEGS &Eacute;DITION","isPartOf":{"@id":"https:\/\/legsedition.net\/public\/#website"},"primaryImageOfPage":{"@id":"https:\/\/legsedition.net\/public\/la-petite-corruption\/#primaryimage"},"image":{"@id":"https:\/\/legsedition.net\/public\/la-petite-corruption\/#primaryimage"},"thumbnailUrl":"https:\/\/legsedition.net\/public\/wp-content\/uploads\/2017\/12\/yanick-jpeg.jpg","datePublished":"2018-05-13T21:59:29+00:00","dateModified":"2026-04-05T11:18:13+00:00","breadcrumb":{"@id":"https:\/\/legsedition.net\/public\/la-petite-corruption\/#breadcrumb"},"inLanguage":"fr-FR","potentialAction":[{"@type":"ReadAction","target":["https:\/\/legsedition.net\/public\/la-petite-corruption\/"]}]},{"@type":"ImageObject","inLanguage":"fr-FR","@id":"https:\/\/legsedition.net\/public\/la-petite-corruption\/#primaryimage","url":"https:\/\/legsedition.net\/public\/wp-content\/uploads\/2017\/12\/yanick-jpeg.jpg","contentUrl":"https:\/\/legsedition.net\/public\/wp-content\/uploads\/2017\/12\/yanick-jpeg.jpg","width":476,"height":756},{"@type":"BreadcrumbList","@id":"https:\/\/legsedition.net\/public\/la-petite-corruption\/#breadcrumb","itemListElement":[{"@type":"ListItem","position":1,"name":"Home","item":"https:\/\/legsedition.net\/public\/"},{"@type":"ListItem","position":2,"name":"La petite corruption"}]},{"@type":"WebSite","@id":"https:\/\/legsedition.net\/public\/#website","url":"https:\/\/legsedition.net\/public\/","name":"LEGS &Eacute;DITION","description":"","potentialAction":[{"@type":"SearchAction","target":{"@type":"EntryPoint","urlTemplate":"https:\/\/legsedition.net\/public\/?s={search_term_string}"},"query-input":{"@type":"PropertyValueSpecification","valueRequired":true,"valueName":"search_term_string"}}],"inLanguage":"fr-FR"}]}},"_links":{"self":[{"href":"https:\/\/legsedition.net\/public\/wp-json\/wp\/v2\/pages\/1594","targetHints":{"allow":["GET"]}}],"collection":[{"href":"https:\/\/legsedition.net\/public\/wp-json\/wp\/v2\/pages"}],"about":[{"href":"https:\/\/legsedition.net\/public\/wp-json\/wp\/v2\/types\/page"}],"author":[{"embeddable":true,"href":"https:\/\/legsedition.net\/public\/wp-json\/wp\/v2\/users\/2"}],"replies":[{"embeddable":true,"href":"https:\/\/legsedition.net\/public\/wp-json\/wp\/v2\/comments?post=1594"}],"version-history":[{"count":11,"href":"https:\/\/legsedition.net\/public\/wp-json\/wp\/v2\/pages\/1594\/revisions"}],"predecessor-version":[{"id":9440,"href":"https:\/\/legsedition.net\/public\/wp-json\/wp\/v2\/pages\/1594\/revisions\/9440"}],"wp:featuredmedia":[{"embeddable":true,"href":"https:\/\/legsedition.net\/public\/wp-json\/wp\/v2\/media\/155"}],"wp:attachment":[{"href":"https:\/\/legsedition.net\/public\/wp-json\/wp\/v2\/media?parent=1594"}],"curies":[{"name":"wp","href":"https:\/\/api.w.org\/{rel}","templated":true}]}}