{"id":1597,"date":"2018-05-13T22:04:15","date_gmt":"2018-05-13T22:04:15","guid":{"rendered":"http:\/\/legsedition.net\/public\/?page_id=1597"},"modified":"2026-04-05T11:34:52","modified_gmt":"2026-04-05T11:34:52","slug":"le-sexe-mythique","status":"publish","type":"page","link":"https:\/\/legsedition.net\/public\/le-sexe-mythique\/","title":{"rendered":"Le sexe mythique"},"content":{"rendered":"<p><strong><a href=\"http:\/\/legsedition.net\/public\/wp-content\/uploads\/2017\/12\/Nadine-unique.jpg\"><img fetchpriority=\"high\" decoding=\"async\" class=\"alignleft wp-image-132 \" src=\"https:\/\/legsedition.net\/public\/wp-content\/uploads\/2017\/12\/Nadine-unique.jpg\" alt=\"\" width=\"213\" height=\"355\" srcset=\"https:\/\/legsedition.net\/public\/wp-content\/uploads\/2017\/12\/Nadine-unique.jpg 584w, https:\/\/legsedition.net\/public\/wp-content\/uploads\/2017\/12\/Nadine-unique-416x694.jpg 416w, https:\/\/legsedition.net\/public\/wp-content\/uploads\/2017\/12\/Nadine-unique-180x300.jpg 180w, https:\/\/legsedition.net\/public\/wp-content\/uploads\/2017\/12\/Nadine-unique-400x667.jpg 400w\" sizes=\"(max-width: 213px) 100vw, 213px\" \/><\/a>Auteur : <\/strong><a href=\"https:\/\/legsedition.net\/public\/nadine-magloire\/\" target=\"_blank\" rel=\"noopener\">Nadine Magloire<\/a><\/p>\n<p><strong>Collection : <\/strong><a href=\"https:\/\/legsedition.net\/public\/collection-voix-feminines\/\" target=\"_blank\" rel=\"noopener\">Voix F\u00e9minines<\/a><\/p>\n<p><strong>Couverture : <\/strong>Fr\u00e9d\u00e9rique Francillette<\/p>\n<p><strong>Parution : <\/strong>09 F\u00e9vrier 2014<\/p>\n<p><strong>ISBN : <\/strong>978-14953-20-87-3<\/p>\n<p><strong>Prix :\u00a0<\/strong>12.<sup>25<\/sup> USD | <a href=\"https:\/\/www.amazon.com\/Sexe-Mythique-R%C3%A9%C3%A9dition-French\/dp\/1495320871\/ref=sr_1_1?crid=28WTW5J7O2TSO&amp;dib=eyJ2IjoiMSJ9.6jDVZxl8hGsC1tZnTi1WtCJqIs5IY75PjrUxwEdgl-s._2kw_m4ACCxCAoFy5ac-HL6nMuz2BYUAmQ45jGlgVh4&amp;dib_tag=se&amp;keywords=le+sexe+mythique&amp;qid=1775295515&amp;sprefix=le+sexe+mythiqu%2Caps%2C188&amp;sr=8-1\" target=\"_blank\" rel=\"noopener\">Commander ICI<\/a><\/p>\n<p><em>Le sexe mythique<\/em> est un court roman de <a href=\"https:\/\/legsedition.net\/public\/nadine-magloire\/\" target=\"_blank\" rel=\"noopener\">Nadine Magloire<\/a> paru pour la premi\u00e8re en 1975 en Ha\u00efti.\u00a0 L\u2019auteure avait d\u00e9j\u00e0 publi\u00e9 huit ans plus t\u00f4t, <em>Le mal de vivre<\/em>, un roman qui sera qualifi\u00e9 plus tard de premier livre f\u00e9ministe publi\u00e9 en Ha\u00efti par Jo\u00eblle Vitiello. Nadine Magloire d\u00e9veloppera un bref \u00e9change avec Simone de Beauvoir qui avait lu le manuscrit de <em>Le mal de vivre<\/em>.\u00a0 Si \u00e9crire un roman f\u00e9ministe vers la seconde moiti\u00e9 du XX<sup>e <\/sup>si\u00e8cle en Ha\u00efti, sous le r\u00e9gime de Baby doc en plus, a fait scandale, le destin du second roman de l\u2019auteure, <em>Le sexe mythique<\/em>, n\u2019avait pas \u00e9chapp\u00e9 \u00e0 ce sort.<\/p>\n<p>En effet, ce livre est le premier roman ha\u00eftien \u00e9crit par une femme qui va aussi loin dans la description \u00e9rotique. On \u00e9tait toujours \u00e0 ce qu\u2019on pourrait appeler la pudeur romanesque, la description voil\u00e9e des sc\u00e8nes de sexe, la peur ou le refus de son corps par une femme ou un personnage f\u00e9minin.\u00a0En 1975, un petit livre est venu chambarder cet ordre.<\/p>\n<p>L&rsquo;h\u00e9ro\u00efne du roman, Annie, est une femme libre et ind\u00e9pendante qui ne vit que pour elle-m\u00eame sans se soucier des pr\u00e9jug\u00e9s et contraintes sociales. Professeure de math\u00e9matique, esprit libre, sa relation avec Yves, intellectuel tr\u00e8s s\u00fbr de lui et machiste par-dessus tout, perd de l\u2019aile car ce dernier, en plus de lui accorder tr\u00e8s peu d\u2019attention, est incapable de la faire jouir. Elle se jette dans les bras de Frantz, l\u2019\u00e9poux de son amie Denise, attentif et attachant avec qui elle se sent femme, aim\u00e9e et \u00e9panouie.<\/p>\n<p><strong>\u00c0<span class=\"a-text-bold\">\u00a0propos de l&rsquo;auteure<\/span><\/strong><\/p>\n<p>N\u00e9e en 1932, Nadine Magloire vit \u00e0 Montr\u00e9al depuis 1979. La majeure partie de son \u0153uvre est indisponible en Ha\u00efti. Elle n\u2019a pas \u00e9t\u00e9 reprise par des \u00e9ditions ha\u00eftiennes, et c\u2019est pour la premi\u00e8re fois que\u00a0<em><span class=\"a-text-italic\">Le sexe mythique<\/span><\/em>, publi\u00e9 sous le titre original\u00a0<em><span class=\"a-text-italic\">Autopsie In Vivo-Le Sexe Mythique<\/span><\/em>, est r\u00e9\u00e9dit\u00e9 pour grand public en Ha\u00efti. Elle meurt \u00e0 Montr\u00e9al dans la nuit du 24 au 25 d\u00e9cembre 2021.<\/p>\n<h6>\u00a0<\/h6>\n<hr \/>\n<p><strong>Dans la presse :\u00a0<\/strong><\/p>\n<p>Myl\u00e8ne Dorc\u00e9, <a href=\"https:\/\/www.erudit.org\/fr\/revues\/etudfr\/2024-v60-n2-etudfr010056\/1118195ar\/resume\/\" target=\"_blank\" rel=\"noopener\">Nadine Magloire. Romanci\u00e8re s\u00e9ditieuse mal-aim\u00e9e de la critique litt\u00e9raire<\/a>, <em>\u00c9tudes fran\u00e7aises<\/em>, v<span class=\"volumaison\">ol. 60, n<sup>o<\/sup>2, 2024<\/span>, pp. 81\u201394.<\/p>\n<p class=\"lnv-article-title text-4xl leading-tight lg:text-5xl lg:leading-snug\"><a href=\"https:\/\/lenouvelliste.com\/article\/233360\/nadine-magloire-sen-est-allee\" target=\"_blank\" rel=\"noopener\">Nadine Magloire s&rsquo;en est all\u00e9e<\/a>, Marc Sony Ricot,\u00a0<em>Le Nouvelliste,\u00a0<\/em>27 d\u00e9cembre 2021.<\/p>\n<p><a href=\"https:\/\/www.lenational.org\/post_article.php?cul=169\" target=\"_blank\" rel=\"noopener\">Un hommage \u00e0 Nadine Magloire<\/a>, Yves Chemla,\u00a0<em>Le National,\u00a0<\/em>12 d\u00e9cembre 2021. <a href=\"https:\/\/legsedition.net\/public\/wp-content\/uploads\/2021\/12\/Un-hommage-\u00e0-Nadine-Magloire_Le-National_article.pdf\" target=\"_blank\" rel=\"noopener\">[Lire l&rsquo;article en PDF<\/a>]<\/p>\n<p><a href=\"https:\/\/lenouvelliste.com\/article\/131753\/nadine-magloire-repond-a-rachel-vorbe\" target=\"_blank\" rel=\"noopener\">Nadine Magloire r\u00e9pond \u00e0 Rachel Vorbe<\/a>,\u00a0Nadine Magloire,\u00a0<em>Le Nouvelliste,\u00a0<\/em>lundi 02 juin 2014.<\/p>\n<p><a href=\"https:\/\/lenouvelliste.com\/article\/131550\/le-sexe-mythique\" target=\"_blank\" rel=\"noopener\">\u00ab Le sexe mythique \u00bb<\/a>, Rachel Vorbe,\u00a0<em>Le Nouvelliste,\u00a0<\/em>28 mai 2014<\/p>\n<p><a href=\"https:\/\/lenouvelliste.com\/article\/128631\/pour-saluer-le-retour-de-nadine-magloire\" target=\"_blank\" rel=\"noopener\">Pour saluer le retour de Nadine Magloire<\/a>,\u00a0<em>Le Nouvelliste,\u00a0<\/em>17 mars 2014.<\/p>\n<p><a href=\"https:\/\/lenouvelliste.com\/article\/126182\/kettly-mars-billet-a-webert-charles\" target=\"_blank\" rel=\"noopener\">Kettly Mars : billet \u00e0 W\u00e9bert Charles<\/a>, Kettly Mars, 11 janvier 2014<\/p>\n<p><a href=\"https:\/\/lenouvelliste.com\/article\/126014\/nadine-magloire-une-ecrivaine-contestee\" target=\"_blank\" rel=\"noopener\">Nadine Magloire, une \u00e9crivaine contest\u00e9e<\/a>,\u00a0W\u00e9bert Charles,\u00a0<em>Le Nouvelliste,\u00a0<\/em>jeudi 09 janvier 2014.<\/p>\n\n\n<p><\/p>\n","protected":false},"excerpt":{"rendered":"<p>Auteur : Nadine Magloire Collection : Voix F\u00e9minines Couverture : Fr\u00e9d\u00e9rique Francillette Parution : 09 F\u00e9vrier 2014 ISBN : 978-14953-20-87-3 Prix :\u00a012.25 USD | Commander ICI Le sexe mythique est un court roman de Nadine Magloire paru pour la premi\u00e8re&#8230;<\/p>\n","protected":false},"author":2,"featured_media":6867,"parent":0,"menu_order":0,"comment_status":"closed","ping_status":"closed","template":"","meta":{"footnotes":""},"class_list":["post-1597","page","type-page","status-publish","has-post-thumbnail","hentry"],"yoast_head":"<!-- This site is optimized with the Yoast SEO plugin v27.3 - https:\/\/yoast.com\/product\/yoast-seo-wordpress\/ -->\n<title>Le sexe mythique | LEGS &Eacute;DITION<\/title>\n<meta name=\"robots\" content=\"index, follow, max-snippet:-1, max-image-preview:large, max-video-preview:-1\" \/>\n<link rel=\"canonical\" href=\"https:\/\/legsedition.net\/public\/le-sexe-mythique\/\" \/>\n<meta property=\"og:locale\" content=\"fr_FR\" \/>\n<meta property=\"og:type\" content=\"article\" \/>\n<meta property=\"og:title\" content=\"Le sexe mythique | LEGS &Eacute;DITION\" \/>\n<meta property=\"og:description\" content=\"Auteur : Nadine Magloire Collection : Voix F\u00e9minines Couverture : Fr\u00e9d\u00e9rique Francillette Parution : 09 F\u00e9vrier 2014 ISBN : 978-14953-20-87-3 Prix :\u00a012.25 USD | Commander ICI Le sexe mythique est un court roman de Nadine Magloire paru pour la premi\u00e8re...\" \/>\n<meta property=\"og:url\" content=\"https:\/\/legsedition.net\/public\/le-sexe-mythique\/\" \/>\n<meta property=\"og:site_name\" content=\"LEGS &Eacute;DITION\" \/>\n<meta property=\"article:publisher\" content=\"https:\/\/web.facebook.com\/LegsEtLitterature\/\" \/>\n<meta property=\"article:modified_time\" content=\"2026-04-05T11:34:52+00:00\" \/>\n<meta property=\"og:image\" content=\"https:\/\/legsedition.net\/public\/wp-content\/uploads\/2024\/10\/le_sexe_mythique.jpg\" \/>\n\t<meta property=\"og:image:width\" content=\"584\" \/>\n\t<meta property=\"og:image:height\" content=\"974\" \/>\n\t<meta property=\"og:image:type\" content=\"image\/jpeg\" \/>\n<meta name=\"twitter:card\" content=\"summary_large_image\" \/>\n<meta name=\"twitter:label1\" content=\"Dur\u00e9e de lecture estim\u00e9e\" \/>\n\t<meta name=\"twitter:data1\" content=\"3 minutes\" \/>\n<script type=\"application\/ld+json\" class=\"yoast-schema-graph\">{\"@context\":\"https:\\\/\\\/schema.org\",\"@graph\":[{\"@type\":\"WebPage\",\"@id\":\"https:\\\/\\\/legsedition.net\\\/public\\\/le-sexe-mythique\\\/\",\"url\":\"https:\\\/\\\/legsedition.net\\\/public\\\/le-sexe-mythique\\\/\",\"name\":\"Le sexe mythique | LEGS &Eacute;DITION\",\"isPartOf\":{\"@id\":\"https:\\\/\\\/legsedition.net\\\/public\\\/#website\"},\"primaryImageOfPage\":{\"@id\":\"https:\\\/\\\/legsedition.net\\\/public\\\/le-sexe-mythique\\\/#primaryimage\"},\"image\":{\"@id\":\"https:\\\/\\\/legsedition.net\\\/public\\\/le-sexe-mythique\\\/#primaryimage\"},\"thumbnailUrl\":\"https:\\\/\\\/legsedition.net\\\/public\\\/wp-content\\\/uploads\\\/2024\\\/10\\\/le_sexe_mythique.jpg\",\"datePublished\":\"2018-05-13T22:04:15+00:00\",\"dateModified\":\"2026-04-05T11:34:52+00:00\",\"breadcrumb\":{\"@id\":\"https:\\\/\\\/legsedition.net\\\/public\\\/le-sexe-mythique\\\/#breadcrumb\"},\"inLanguage\":\"fr-FR\",\"potentialAction\":[{\"@type\":\"ReadAction\",\"target\":[\"https:\\\/\\\/legsedition.net\\\/public\\\/le-sexe-mythique\\\/\"]}]},{\"@type\":\"ImageObject\",\"inLanguage\":\"fr-FR\",\"@id\":\"https:\\\/\\\/legsedition.net\\\/public\\\/le-sexe-mythique\\\/#primaryimage\",\"url\":\"https:\\\/\\\/legsedition.net\\\/public\\\/wp-content\\\/uploads\\\/2024\\\/10\\\/le_sexe_mythique.jpg\",\"contentUrl\":\"https:\\\/\\\/legsedition.net\\\/public\\\/wp-content\\\/uploads\\\/2024\\\/10\\\/le_sexe_mythique.jpg\",\"width\":584,\"height\":974},{\"@type\":\"BreadcrumbList\",\"@id\":\"https:\\\/\\\/legsedition.net\\\/public\\\/le-sexe-mythique\\\/#breadcrumb\",\"itemListElement\":[{\"@type\":\"ListItem\",\"position\":1,\"name\":\"Home\",\"item\":\"https:\\\/\\\/legsedition.net\\\/public\\\/\"},{\"@type\":\"ListItem\",\"position\":2,\"name\":\"Le sexe mythique\"}]},{\"@type\":\"WebSite\",\"@id\":\"https:\\\/\\\/legsedition.net\\\/public\\\/#website\",\"url\":\"https:\\\/\\\/legsedition.net\\\/public\\\/\",\"name\":\"LEGS &Eacute;DITION\",\"description\":\"\",\"potentialAction\":[{\"@type\":\"SearchAction\",\"target\":{\"@type\":\"EntryPoint\",\"urlTemplate\":\"https:\\\/\\\/legsedition.net\\\/public\\\/?s={search_term_string}\"},\"query-input\":{\"@type\":\"PropertyValueSpecification\",\"valueRequired\":true,\"valueName\":\"search_term_string\"}}],\"inLanguage\":\"fr-FR\"}]}<\/script>\n<!-- \/ Yoast SEO plugin. -->","yoast_head_json":{"title":"Le sexe mythique | LEGS &Eacute;DITION","robots":{"index":"index","follow":"follow","max-snippet":"max-snippet:-1","max-image-preview":"max-image-preview:large","max-video-preview":"max-video-preview:-1"},"canonical":"https:\/\/legsedition.net\/public\/le-sexe-mythique\/","og_locale":"fr_FR","og_type":"article","og_title":"Le sexe mythique | LEGS &Eacute;DITION","og_description":"Auteur : Nadine Magloire Collection : Voix F\u00e9minines Couverture : Fr\u00e9d\u00e9rique Francillette Parution : 09 F\u00e9vrier 2014 ISBN : 978-14953-20-87-3 Prix :\u00a012.25 USD | Commander ICI Le sexe mythique est un court roman de Nadine Magloire paru pour la premi\u00e8re...","og_url":"https:\/\/legsedition.net\/public\/le-sexe-mythique\/","og_site_name":"LEGS &Eacute;DITION","article_publisher":"https:\/\/web.facebook.com\/LegsEtLitterature\/","article_modified_time":"2026-04-05T11:34:52+00:00","og_image":[{"width":584,"height":974,"url":"https:\/\/legsedition.net\/public\/wp-content\/uploads\/2024\/10\/le_sexe_mythique.jpg","type":"image\/jpeg"}],"twitter_card":"summary_large_image","twitter_misc":{"Dur\u00e9e de lecture estim\u00e9e":"3 minutes"},"schema":{"@context":"https:\/\/schema.org","@graph":[{"@type":"WebPage","@id":"https:\/\/legsedition.net\/public\/le-sexe-mythique\/","url":"https:\/\/legsedition.net\/public\/le-sexe-mythique\/","name":"Le sexe mythique | LEGS &Eacute;DITION","isPartOf":{"@id":"https:\/\/legsedition.net\/public\/#website"},"primaryImageOfPage":{"@id":"https:\/\/legsedition.net\/public\/le-sexe-mythique\/#primaryimage"},"image":{"@id":"https:\/\/legsedition.net\/public\/le-sexe-mythique\/#primaryimage"},"thumbnailUrl":"https:\/\/legsedition.net\/public\/wp-content\/uploads\/2024\/10\/le_sexe_mythique.jpg","datePublished":"2018-05-13T22:04:15+00:00","dateModified":"2026-04-05T11:34:52+00:00","breadcrumb":{"@id":"https:\/\/legsedition.net\/public\/le-sexe-mythique\/#breadcrumb"},"inLanguage":"fr-FR","potentialAction":[{"@type":"ReadAction","target":["https:\/\/legsedition.net\/public\/le-sexe-mythique\/"]}]},{"@type":"ImageObject","inLanguage":"fr-FR","@id":"https:\/\/legsedition.net\/public\/le-sexe-mythique\/#primaryimage","url":"https:\/\/legsedition.net\/public\/wp-content\/uploads\/2024\/10\/le_sexe_mythique.jpg","contentUrl":"https:\/\/legsedition.net\/public\/wp-content\/uploads\/2024\/10\/le_sexe_mythique.jpg","width":584,"height":974},{"@type":"BreadcrumbList","@id":"https:\/\/legsedition.net\/public\/le-sexe-mythique\/#breadcrumb","itemListElement":[{"@type":"ListItem","position":1,"name":"Home","item":"https:\/\/legsedition.net\/public\/"},{"@type":"ListItem","position":2,"name":"Le sexe mythique"}]},{"@type":"WebSite","@id":"https:\/\/legsedition.net\/public\/#website","url":"https:\/\/legsedition.net\/public\/","name":"LEGS &Eacute;DITION","description":"","potentialAction":[{"@type":"SearchAction","target":{"@type":"EntryPoint","urlTemplate":"https:\/\/legsedition.net\/public\/?s={search_term_string}"},"query-input":{"@type":"PropertyValueSpecification","valueRequired":true,"valueName":"search_term_string"}}],"inLanguage":"fr-FR"}]}},"_links":{"self":[{"href":"https:\/\/legsedition.net\/public\/wp-json\/wp\/v2\/pages\/1597","targetHints":{"allow":["GET"]}}],"collection":[{"href":"https:\/\/legsedition.net\/public\/wp-json\/wp\/v2\/pages"}],"about":[{"href":"https:\/\/legsedition.net\/public\/wp-json\/wp\/v2\/types\/page"}],"author":[{"embeddable":true,"href":"https:\/\/legsedition.net\/public\/wp-json\/wp\/v2\/users\/2"}],"replies":[{"embeddable":true,"href":"https:\/\/legsedition.net\/public\/wp-json\/wp\/v2\/comments?post=1597"}],"version-history":[{"count":18,"href":"https:\/\/legsedition.net\/public\/wp-json\/wp\/v2\/pages\/1597\/revisions"}],"predecessor-version":[{"id":9442,"href":"https:\/\/legsedition.net\/public\/wp-json\/wp\/v2\/pages\/1597\/revisions\/9442"}],"wp:featuredmedia":[{"embeddable":true,"href":"https:\/\/legsedition.net\/public\/wp-json\/wp\/v2\/media\/6867"}],"wp:attachment":[{"href":"https:\/\/legsedition.net\/public\/wp-json\/wp\/v2\/media?parent=1597"}],"curies":[{"name":"wp","href":"https:\/\/api.w.org\/{rel}","templated":true}]}}