{"id":2015,"date":"2018-10-05T11:35:09","date_gmt":"2018-10-05T11:35:09","guid":{"rendered":"http:\/\/legsedition.net\/public\/?page_id=2015"},"modified":"2023-04-07T20:03:24","modified_gmt":"2023-04-07T20:03:24","slug":"gary-victor","status":"publish","type":"page","link":"https:\/\/legsedition.net\/public\/gary-victor\/","title":{"rendered":"Gary Victor"},"content":{"rendered":"<p><a href=\"http:\/\/legsedition.net\/public\/wp-content\/uploads\/2018\/10\/Gary-Victor_5288.jpeg\"><img fetchpriority=\"high\" decoding=\"async\" class=\"alignleft wp-image-2016 size-full\" src=\"https:\/\/legsedition.net\/public\/wp-content\/uploads\/2018\/10\/Gary-Victor_5288.jpeg\" alt=\"\" width=\"183\" height=\"275\" srcset=\"https:\/\/legsedition.net\/public\/wp-content\/uploads\/2018\/10\/Gary-Victor_5288.jpeg 183w, https:\/\/legsedition.net\/public\/wp-content\/uploads\/2018\/10\/Gary-Victor_5288-106x160.jpeg 106w\" sizes=\"(max-width: 183px) 100vw, 183px\" \/><\/a>Gary Victor est n\u00e9 \u00e0 Port-au-Prince en 1958. Agronome de formation, il est romancier, journaliste, nouvelliste et animateur d\u2019ateliers d\u2019\u00e9criture \u00e0 Port-au-Prince et dans les villes de provinces. \u00c9ditorialiste au quotidien <em>Le National,\u00a0<\/em>Gary Victor est l&rsquo;un des \u00e9crivains ha\u00eftiens le plus lu et qui porte un regard en profondeur sur la soci\u00e9t\u00e9 ha\u00eftienne.\u00a0Auteur prolifique, son roman J<em>e sais quand Dieu vient se\u00a0promener dans mon jardin<\/em>\u00a0a re\u00e7u en 2004 le prix RFO, le\u00a0Prix Fetkann! de la\u00a0M\u00e9moire en 2017, pour\u00a0<em>Les temps de la cruaut\u00e9\u00a0<\/em>et le prix\u00a0du Rayonnement de la langue et de la litt\u00e9rature fran\u00e7aise, de l\u2019Acad\u00e9mie fran\u00e7aise en 2018.\u00a0[<a href=\"http:\/\/ile-en-ile.org\/victor_gary\/\" target=\"_blank\" rel=\"noopener\">Voir la page de pr\u00e9sentation de Gary Victor sur \u00cele en \u00cele<\/a>]<\/p>\n<p>&nbsp;<\/p>\n<p><strong>Publications chez LEGS \u00c9DITION<\/strong><\/p>\n<p><a href=\"http:\/\/legsedition.net\/public\/des-hommes-et-des-ombres\/\" target=\"_blank\" rel=\"noopener\">&#8230;des hommes et des ombres<\/a>, 2018<\/p>\n<p><a href=\"http:\/\/legsedition.net\/public\/wp-content\/uploads\/2018\/08\/cover_1_le_pere.png\"><img decoding=\"async\" class=\"alignnone size-medium wp-image-1967\" src=\"http:\/\/legsedition.net\/public\/wp-content\/uploads\/2018\/08\/cover_1_le_pere-154x300.png\" alt=\"\" width=\"154\" height=\"300\" srcset=\"https:\/\/legsedition.net\/public\/wp-content\/uploads\/2018\/08\/cover_1_le_pere-154x300.png 154w, https:\/\/legsedition.net\/public\/wp-content\/uploads\/2018\/08\/cover_1_le_pere-82x160.png 82w, https:\/\/legsedition.net\/public\/wp-content\/uploads\/2018\/08\/cover_1_le_pere.png 249w\" sizes=\"(max-width: 154px) 100vw, 154px\" \/><\/a><\/p>\n<p><a href=\"http:\/\/legsedition.net\/public\/des-maux-et-des-rues-2\/\" target=\"_blank\" rel=\"noopener\">&#8230;des maux et des rues<\/a>, 2014<\/p>\n<p><a href=\"http:\/\/legsedition.net\/public\/wp-content\/uploads\/2017\/12\/Des-maux-et-des-rues-Unique.jpg\"><img decoding=\"async\" class=\"alignnone size-medium wp-image-118\" src=\"http:\/\/legsedition.net\/public\/wp-content\/uploads\/2017\/12\/Des-maux-et-des-rues-Unique-159x300.jpg\" alt=\"\" width=\"159\" height=\"300\" srcset=\"https:\/\/legsedition.net\/public\/wp-content\/uploads\/2017\/12\/Des-maux-et-des-rues-Unique-159x300.jpg 159w, https:\/\/legsedition.net\/public\/wp-content\/uploads\/2017\/12\/Des-maux-et-des-rues-Unique.jpg 393w\" sizes=\"(max-width: 159px) 100vw, 159px\" \/><\/a><\/p>\n","protected":false},"excerpt":{"rendered":"<p>Gary Victor est n\u00e9 \u00e0 Port-au-Prince en 1958. Agronome de formation, il est romancier, journaliste, nouvelliste et animateur d\u2019ateliers d\u2019\u00e9criture \u00e0 Port-au-Prince et dans les villes de provinces. \u00c9ditorialiste au quotidien Le National,\u00a0Gary Victor est l&rsquo;un des \u00e9crivains ha\u00eftiens le&#8230;<\/p>\n","protected":false},"author":2,"featured_media":0,"parent":0,"menu_order":0,"comment_status":"closed","ping_status":"closed","template":"","meta":{"footnotes":""},"class_list":["post-2015","page","type-page","status-publish","hentry","no-post-thumbnail"],"yoast_head":"<!-- This site is optimized with the Yoast SEO plugin v27.3 - https:\/\/yoast.com\/product\/yoast-seo-wordpress\/ -->\n<title>Gary Victor | LEGS &Eacute;DITION<\/title>\n<meta name=\"robots\" content=\"index, follow, max-snippet:-1, max-image-preview:large, max-video-preview:-1\" \/>\n<link rel=\"canonical\" href=\"https:\/\/legsedition.net\/public\/gary-victor\/\" \/>\n<meta property=\"og:locale\" content=\"fr_FR\" \/>\n<meta property=\"og:type\" content=\"article\" \/>\n<meta property=\"og:title\" content=\"Gary Victor | LEGS &Eacute;DITION\" \/>\n<meta property=\"og:description\" content=\"Gary Victor est n\u00e9 \u00e0 Port-au-Prince en 1958. Agronome de formation, il est romancier, journaliste, nouvelliste et animateur d\u2019ateliers d\u2019\u00e9criture \u00e0 Port-au-Prince et dans les villes de provinces. \u00c9ditorialiste au quotidien Le National,\u00a0Gary Victor est l&rsquo;un des \u00e9crivains ha\u00eftiens le...\" \/>\n<meta property=\"og:url\" content=\"https:\/\/legsedition.net\/public\/gary-victor\/\" \/>\n<meta property=\"og:site_name\" content=\"LEGS &Eacute;DITION\" \/>\n<meta property=\"article:publisher\" content=\"https:\/\/web.facebook.com\/LegsEtLitterature\/\" \/>\n<meta property=\"article:modified_time\" content=\"2023-04-07T20:03:24+00:00\" \/>\n<meta property=\"og:image\" content=\"https:\/\/legsedition.net\/public\/wp-content\/uploads\/2018\/10\/Gary-Victor_5288.jpeg\" \/>\n<meta name=\"twitter:card\" content=\"summary_large_image\" \/>\n<meta name=\"twitter:label1\" content=\"Dur\u00e9e de lecture estim\u00e9e\" \/>\n\t<meta name=\"twitter:data1\" content=\"1 minute\" \/>\n<script type=\"application\/ld+json\" class=\"yoast-schema-graph\">{\"@context\":\"https:\\\/\\\/schema.org\",\"@graph\":[{\"@type\":\"WebPage\",\"@id\":\"https:\\\/\\\/legsedition.net\\\/public\\\/gary-victor\\\/\",\"url\":\"https:\\\/\\\/legsedition.net\\\/public\\\/gary-victor\\\/\",\"name\":\"Gary Victor | LEGS &Eacute;DITION\",\"isPartOf\":{\"@id\":\"https:\\\/\\\/legsedition.net\\\/public\\\/#website\"},\"primaryImageOfPage\":{\"@id\":\"https:\\\/\\\/legsedition.net\\\/public\\\/gary-victor\\\/#primaryimage\"},\"image\":{\"@id\":\"https:\\\/\\\/legsedition.net\\\/public\\\/gary-victor\\\/#primaryimage\"},\"thumbnailUrl\":\"https:\\\/\\\/legsedition.net\\\/public\\\/wp-content\\\/uploads\\\/2018\\\/10\\\/Gary-Victor_5288.jpeg\",\"datePublished\":\"2018-10-05T11:35:09+00:00\",\"dateModified\":\"2023-04-07T20:03:24+00:00\",\"breadcrumb\":{\"@id\":\"https:\\\/\\\/legsedition.net\\\/public\\\/gary-victor\\\/#breadcrumb\"},\"inLanguage\":\"fr-FR\",\"potentialAction\":[{\"@type\":\"ReadAction\",\"target\":[\"https:\\\/\\\/legsedition.net\\\/public\\\/gary-victor\\\/\"]}]},{\"@type\":\"ImageObject\",\"inLanguage\":\"fr-FR\",\"@id\":\"https:\\\/\\\/legsedition.net\\\/public\\\/gary-victor\\\/#primaryimage\",\"url\":\"https:\\\/\\\/legsedition.net\\\/public\\\/wp-content\\\/uploads\\\/2018\\\/10\\\/Gary-Victor_5288.jpeg\",\"contentUrl\":\"https:\\\/\\\/legsedition.net\\\/public\\\/wp-content\\\/uploads\\\/2018\\\/10\\\/Gary-Victor_5288.jpeg\",\"width\":183,\"height\":275},{\"@type\":\"BreadcrumbList\",\"@id\":\"https:\\\/\\\/legsedition.net\\\/public\\\/gary-victor\\\/#breadcrumb\",\"itemListElement\":[{\"@type\":\"ListItem\",\"position\":1,\"name\":\"Home\",\"item\":\"https:\\\/\\\/legsedition.net\\\/public\\\/\"},{\"@type\":\"ListItem\",\"position\":2,\"name\":\"Gary Victor\"}]},{\"@type\":\"WebSite\",\"@id\":\"https:\\\/\\\/legsedition.net\\\/public\\\/#website\",\"url\":\"https:\\\/\\\/legsedition.net\\\/public\\\/\",\"name\":\"LEGS &Eacute;DITION\",\"description\":\"\",\"potentialAction\":[{\"@type\":\"SearchAction\",\"target\":{\"@type\":\"EntryPoint\",\"urlTemplate\":\"https:\\\/\\\/legsedition.net\\\/public\\\/?s={search_term_string}\"},\"query-input\":{\"@type\":\"PropertyValueSpecification\",\"valueRequired\":true,\"valueName\":\"search_term_string\"}}],\"inLanguage\":\"fr-FR\"}]}<\/script>\n<!-- \/ Yoast SEO plugin. -->","yoast_head_json":{"title":"Gary Victor | LEGS &Eacute;DITION","robots":{"index":"index","follow":"follow","max-snippet":"max-snippet:-1","max-image-preview":"max-image-preview:large","max-video-preview":"max-video-preview:-1"},"canonical":"https:\/\/legsedition.net\/public\/gary-victor\/","og_locale":"fr_FR","og_type":"article","og_title":"Gary Victor | LEGS &Eacute;DITION","og_description":"Gary Victor est n\u00e9 \u00e0 Port-au-Prince en 1958. Agronome de formation, il est romancier, journaliste, nouvelliste et animateur d\u2019ateliers d\u2019\u00e9criture \u00e0 Port-au-Prince et dans les villes de provinces. \u00c9ditorialiste au quotidien Le National,\u00a0Gary Victor est l&rsquo;un des \u00e9crivains ha\u00eftiens le...","og_url":"https:\/\/legsedition.net\/public\/gary-victor\/","og_site_name":"LEGS &Eacute;DITION","article_publisher":"https:\/\/web.facebook.com\/LegsEtLitterature\/","article_modified_time":"2023-04-07T20:03:24+00:00","og_image":[{"url":"https:\/\/legsedition.net\/public\/wp-content\/uploads\/2018\/10\/Gary-Victor_5288.jpeg","type":"","width":"","height":""}],"twitter_card":"summary_large_image","twitter_misc":{"Dur\u00e9e de lecture estim\u00e9e":"1 minute"},"schema":{"@context":"https:\/\/schema.org","@graph":[{"@type":"WebPage","@id":"https:\/\/legsedition.net\/public\/gary-victor\/","url":"https:\/\/legsedition.net\/public\/gary-victor\/","name":"Gary Victor | LEGS &Eacute;DITION","isPartOf":{"@id":"https:\/\/legsedition.net\/public\/#website"},"primaryImageOfPage":{"@id":"https:\/\/legsedition.net\/public\/gary-victor\/#primaryimage"},"image":{"@id":"https:\/\/legsedition.net\/public\/gary-victor\/#primaryimage"},"thumbnailUrl":"https:\/\/legsedition.net\/public\/wp-content\/uploads\/2018\/10\/Gary-Victor_5288.jpeg","datePublished":"2018-10-05T11:35:09+00:00","dateModified":"2023-04-07T20:03:24+00:00","breadcrumb":{"@id":"https:\/\/legsedition.net\/public\/gary-victor\/#breadcrumb"},"inLanguage":"fr-FR","potentialAction":[{"@type":"ReadAction","target":["https:\/\/legsedition.net\/public\/gary-victor\/"]}]},{"@type":"ImageObject","inLanguage":"fr-FR","@id":"https:\/\/legsedition.net\/public\/gary-victor\/#primaryimage","url":"https:\/\/legsedition.net\/public\/wp-content\/uploads\/2018\/10\/Gary-Victor_5288.jpeg","contentUrl":"https:\/\/legsedition.net\/public\/wp-content\/uploads\/2018\/10\/Gary-Victor_5288.jpeg","width":183,"height":275},{"@type":"BreadcrumbList","@id":"https:\/\/legsedition.net\/public\/gary-victor\/#breadcrumb","itemListElement":[{"@type":"ListItem","position":1,"name":"Home","item":"https:\/\/legsedition.net\/public\/"},{"@type":"ListItem","position":2,"name":"Gary Victor"}]},{"@type":"WebSite","@id":"https:\/\/legsedition.net\/public\/#website","url":"https:\/\/legsedition.net\/public\/","name":"LEGS &Eacute;DITION","description":"","potentialAction":[{"@type":"SearchAction","target":{"@type":"EntryPoint","urlTemplate":"https:\/\/legsedition.net\/public\/?s={search_term_string}"},"query-input":{"@type":"PropertyValueSpecification","valueRequired":true,"valueName":"search_term_string"}}],"inLanguage":"fr-FR"}]}},"_links":{"self":[{"href":"https:\/\/legsedition.net\/public\/wp-json\/wp\/v2\/pages\/2015","targetHints":{"allow":["GET"]}}],"collection":[{"href":"https:\/\/legsedition.net\/public\/wp-json\/wp\/v2\/pages"}],"about":[{"href":"https:\/\/legsedition.net\/public\/wp-json\/wp\/v2\/types\/page"}],"author":[{"embeddable":true,"href":"https:\/\/legsedition.net\/public\/wp-json\/wp\/v2\/users\/2"}],"replies":[{"embeddable":true,"href":"https:\/\/legsedition.net\/public\/wp-json\/wp\/v2\/comments?post=2015"}],"version-history":[{"count":4,"href":"https:\/\/legsedition.net\/public\/wp-json\/wp\/v2\/pages\/2015\/revisions"}],"predecessor-version":[{"id":5473,"href":"https:\/\/legsedition.net\/public\/wp-json\/wp\/v2\/pages\/2015\/revisions\/5473"}],"wp:attachment":[{"href":"https:\/\/legsedition.net\/public\/wp-json\/wp\/v2\/media?parent=2015"}],"curies":[{"name":"wp","href":"https:\/\/api.w.org\/{rel}","templated":true}]}}