{"id":2069,"date":"2018-11-08T15:26:12","date_gmt":"2018-11-08T15:26:12","guid":{"rendered":"http:\/\/legsedition.net\/public\/?page_id=2069"},"modified":"2023-04-07T20:01:28","modified_gmt":"2023-04-07T20:01:28","slug":"evelyne-trouillot","status":"publish","type":"page","link":"https:\/\/legsedition.net\/public\/evelyne-trouillot\/","title":{"rendered":"\u00c9velyne Trouillot"},"content":{"rendered":"<figure id=\"attachment_287\" aria-describedby=\"caption-attachment-287\" style=\"width: 236px\" class=\"wp-caption alignleft\"><a href=\"http:\/\/legsedition.net\/public\/wp-content\/uploads\/2017\/12\/014841_13d9fd8c26024a4e8cc5832e5e6b6cc0.jpg\"><img fetchpriority=\"high\" decoding=\"async\" class=\"wp-image-287 \" src=\"https:\/\/legsedition.net\/public\/wp-content\/uploads\/2017\/12\/014841_13d9fd8c26024a4e8cc5832e5e6b6cc0.jpg\" alt=\"\" width=\"236\" height=\"297\" srcset=\"https:\/\/legsedition.net\/public\/wp-content\/uploads\/2017\/12\/014841_13d9fd8c26024a4e8cc5832e5e6b6cc0.jpg 254w, https:\/\/legsedition.net\/public\/wp-content\/uploads\/2017\/12\/014841_13d9fd8c26024a4e8cc5832e5e6b6cc0-238x300.jpg 238w\" sizes=\"(max-width: 236px) 100vw, 236px\" \/><\/a><figcaption id=\"caption-attachment-287\" class=\"wp-caption-text\">\u00a9<a href=\"http:\/\/ile-en-ile.org\/trouillot_evelyne\/\" target=\"_blank\" rel=\"noopener\">ile-en-ile.org<\/a><\/figcaption><\/figure>\n<p>N\u00e9e le\u00a02\u00a0janvier\u00a01954\u00a0\u00e0\u00a0Port-au-Prince, \u00c9velyne Trouillot est romanci\u00e8re,\u00a0essayiste\u00a0et\u00a0po\u00e8te. Elle a v\u00e9cu aux \u00c9tats-Unis d\u2019Am\u00e9rique o\u00f9 elle fait des \u00e9tudes universitaires en langues et en \u00e9ducation. Professeure d&rsquo;universit\u00e9, auteure de contes et de pi\u00e8ces de th\u00e9\u00e2tre et est tr\u00e8s impliqu\u00e9e dans des activit\u00e9s sociales \u00e0 travers du <a href=\"http:\/\/www.santkiltirel.org\/\" target=\"_blank\" rel=\"noopener\">Centre culturel Anne-Marie Morisset<\/a>. En 2010, elle a re\u00e7u le prix\u00a0Prix Carbet de la Cara\u00efbe et du Tout-Monde, pour\u00a0<em>La m\u00e9moire aux abois <\/em>et la bourse Barbancourt en 2014 pour\u00a0<em>Le Rond-Point.<\/em>\u00a0[<a href=\"http:\/\/ile-en-ile.org\/trouillot_evelyne\/\" target=\"_blank\" rel=\"noopener\">Voir la page de pr\u00e9sentation de \u00c9velyne Trouillot sur \u00cele en \u00cele<\/a>]<\/p>\n<p>&nbsp;<\/p>\n<p>&nbsp;<\/p>\n<p><strong>Publication chez LEGS \u00c9DITION<\/strong><\/p>\n<p><a href=\"http:\/\/legsedition.net\/public\/des-hommes-et-des-ombres\/\" target=\"_blank\" rel=\"noopener\"><em>&#8230;des hommes et des ombres\u00a0\u00a0<\/em><\/a> ,\u00a02018<\/p>\n<p><em><a href=\"http:\/\/legsedition.net\/public\/wp-content\/uploads\/2018\/08\/cover_1_le_pere.png\"><img decoding=\"async\" class=\"alignnone size-medium wp-image-1967\" src=\"http:\/\/legsedition.net\/public\/wp-content\/uploads\/2018\/08\/cover_1_le_pere-154x300.png\" alt=\"\" width=\"154\" height=\"300\" srcset=\"https:\/\/legsedition.net\/public\/wp-content\/uploads\/2018\/08\/cover_1_le_pere-154x300.png 154w, https:\/\/legsedition.net\/public\/wp-content\/uploads\/2018\/08\/cover_1_le_pere-82x160.png 82w, https:\/\/legsedition.net\/public\/wp-content\/uploads\/2018\/08\/cover_1_le_pere.png 249w\" sizes=\"(max-width: 154px) 100vw, 154px\" \/><\/a><\/em><\/p>\n<p>&nbsp;<\/p>\n","protected":false},"excerpt":{"rendered":"<p>N\u00e9e le\u00a02\u00a0janvier\u00a01954\u00a0\u00e0\u00a0Port-au-Prince, \u00c9velyne Trouillot est romanci\u00e8re,\u00a0essayiste\u00a0et\u00a0po\u00e8te. Elle a v\u00e9cu aux \u00c9tats-Unis d\u2019Am\u00e9rique o\u00f9 elle fait des \u00e9tudes universitaires en langues et en \u00e9ducation. Professeure d&rsquo;universit\u00e9, auteure de contes et de pi\u00e8ces de th\u00e9\u00e2tre et est tr\u00e8s impliqu\u00e9e dans des activit\u00e9s&#8230;<\/p>\n","protected":false},"author":2,"featured_media":0,"parent":0,"menu_order":0,"comment_status":"closed","ping_status":"closed","template":"","meta":{"footnotes":""},"class_list":["post-2069","page","type-page","status-publish","hentry","no-post-thumbnail"],"yoast_head":"<!-- This site is optimized with the Yoast SEO plugin v27.3 - https:\/\/yoast.com\/product\/yoast-seo-wordpress\/ -->\n<title>\u00c9velyne Trouillot | LEGS &Eacute;DITION<\/title>\n<meta name=\"robots\" content=\"index, follow, max-snippet:-1, max-image-preview:large, max-video-preview:-1\" \/>\n<link rel=\"canonical\" href=\"https:\/\/legsedition.net\/public\/evelyne-trouillot\/\" \/>\n<meta property=\"og:locale\" content=\"fr_FR\" \/>\n<meta property=\"og:type\" content=\"article\" \/>\n<meta property=\"og:title\" content=\"\u00c9velyne Trouillot | LEGS &Eacute;DITION\" \/>\n<meta property=\"og:description\" content=\"N\u00e9e le\u00a02\u00a0janvier\u00a01954\u00a0\u00e0\u00a0Port-au-Prince, \u00c9velyne Trouillot est romanci\u00e8re,\u00a0essayiste\u00a0et\u00a0po\u00e8te. Elle a v\u00e9cu aux \u00c9tats-Unis d\u2019Am\u00e9rique o\u00f9 elle fait des \u00e9tudes universitaires en langues et en \u00e9ducation. Professeure d&rsquo;universit\u00e9, auteure de contes et de pi\u00e8ces de th\u00e9\u00e2tre et est tr\u00e8s impliqu\u00e9e dans des activit\u00e9s...\" \/>\n<meta property=\"og:url\" content=\"https:\/\/legsedition.net\/public\/evelyne-trouillot\/\" \/>\n<meta property=\"og:site_name\" content=\"LEGS &Eacute;DITION\" \/>\n<meta property=\"article:publisher\" content=\"https:\/\/web.facebook.com\/LegsEtLitterature\/\" \/>\n<meta property=\"article:modified_time\" content=\"2023-04-07T20:01:28+00:00\" \/>\n<meta property=\"og:image\" content=\"https:\/\/legsedition.net\/public\/wp-content\/uploads\/2017\/12\/014841_13d9fd8c26024a4e8cc5832e5e6b6cc0.jpg\" \/>\n<meta name=\"twitter:card\" content=\"summary_large_image\" \/>\n<meta name=\"twitter:label1\" content=\"Dur\u00e9e de lecture estim\u00e9e\" \/>\n\t<meta name=\"twitter:data1\" content=\"1 minute\" \/>\n<script type=\"application\/ld+json\" class=\"yoast-schema-graph\">{\"@context\":\"https:\\\/\\\/schema.org\",\"@graph\":[{\"@type\":\"WebPage\",\"@id\":\"https:\\\/\\\/legsedition.net\\\/public\\\/evelyne-trouillot\\\/\",\"url\":\"https:\\\/\\\/legsedition.net\\\/public\\\/evelyne-trouillot\\\/\",\"name\":\"\u00c9velyne Trouillot | LEGS &Eacute;DITION\",\"isPartOf\":{\"@id\":\"https:\\\/\\\/legsedition.net\\\/public\\\/#website\"},\"primaryImageOfPage\":{\"@id\":\"https:\\\/\\\/legsedition.net\\\/public\\\/evelyne-trouillot\\\/#primaryimage\"},\"image\":{\"@id\":\"https:\\\/\\\/legsedition.net\\\/public\\\/evelyne-trouillot\\\/#primaryimage\"},\"thumbnailUrl\":\"https:\\\/\\\/legsedition.net\\\/public\\\/wp-content\\\/uploads\\\/2017\\\/12\\\/014841_13d9fd8c26024a4e8cc5832e5e6b6cc0.jpg\",\"datePublished\":\"2018-11-08T15:26:12+00:00\",\"dateModified\":\"2023-04-07T20:01:28+00:00\",\"breadcrumb\":{\"@id\":\"https:\\\/\\\/legsedition.net\\\/public\\\/evelyne-trouillot\\\/#breadcrumb\"},\"inLanguage\":\"fr-FR\",\"potentialAction\":[{\"@type\":\"ReadAction\",\"target\":[\"https:\\\/\\\/legsedition.net\\\/public\\\/evelyne-trouillot\\\/\"]}]},{\"@type\":\"ImageObject\",\"inLanguage\":\"fr-FR\",\"@id\":\"https:\\\/\\\/legsedition.net\\\/public\\\/evelyne-trouillot\\\/#primaryimage\",\"url\":\"https:\\\/\\\/legsedition.net\\\/public\\\/wp-content\\\/uploads\\\/2017\\\/12\\\/014841_13d9fd8c26024a4e8cc5832e5e6b6cc0.jpg\",\"contentUrl\":\"https:\\\/\\\/legsedition.net\\\/public\\\/wp-content\\\/uploads\\\/2017\\\/12\\\/014841_13d9fd8c26024a4e8cc5832e5e6b6cc0.jpg\",\"width\":254,\"height\":320},{\"@type\":\"BreadcrumbList\",\"@id\":\"https:\\\/\\\/legsedition.net\\\/public\\\/evelyne-trouillot\\\/#breadcrumb\",\"itemListElement\":[{\"@type\":\"ListItem\",\"position\":1,\"name\":\"Home\",\"item\":\"https:\\\/\\\/legsedition.net\\\/public\\\/\"},{\"@type\":\"ListItem\",\"position\":2,\"name\":\"\u00c9velyne Trouillot\"}]},{\"@type\":\"WebSite\",\"@id\":\"https:\\\/\\\/legsedition.net\\\/public\\\/#website\",\"url\":\"https:\\\/\\\/legsedition.net\\\/public\\\/\",\"name\":\"LEGS &Eacute;DITION\",\"description\":\"\",\"potentialAction\":[{\"@type\":\"SearchAction\",\"target\":{\"@type\":\"EntryPoint\",\"urlTemplate\":\"https:\\\/\\\/legsedition.net\\\/public\\\/?s={search_term_string}\"},\"query-input\":{\"@type\":\"PropertyValueSpecification\",\"valueRequired\":true,\"valueName\":\"search_term_string\"}}],\"inLanguage\":\"fr-FR\"}]}<\/script>\n<!-- \/ Yoast SEO plugin. -->","yoast_head_json":{"title":"\u00c9velyne Trouillot | LEGS &Eacute;DITION","robots":{"index":"index","follow":"follow","max-snippet":"max-snippet:-1","max-image-preview":"max-image-preview:large","max-video-preview":"max-video-preview:-1"},"canonical":"https:\/\/legsedition.net\/public\/evelyne-trouillot\/","og_locale":"fr_FR","og_type":"article","og_title":"\u00c9velyne Trouillot | LEGS &Eacute;DITION","og_description":"N\u00e9e le\u00a02\u00a0janvier\u00a01954\u00a0\u00e0\u00a0Port-au-Prince, \u00c9velyne Trouillot est romanci\u00e8re,\u00a0essayiste\u00a0et\u00a0po\u00e8te. Elle a v\u00e9cu aux \u00c9tats-Unis d\u2019Am\u00e9rique o\u00f9 elle fait des \u00e9tudes universitaires en langues et en \u00e9ducation. Professeure d&rsquo;universit\u00e9, auteure de contes et de pi\u00e8ces de th\u00e9\u00e2tre et est tr\u00e8s impliqu\u00e9e dans des activit\u00e9s...","og_url":"https:\/\/legsedition.net\/public\/evelyne-trouillot\/","og_site_name":"LEGS &Eacute;DITION","article_publisher":"https:\/\/web.facebook.com\/LegsEtLitterature\/","article_modified_time":"2023-04-07T20:01:28+00:00","og_image":[{"url":"https:\/\/legsedition.net\/public\/wp-content\/uploads\/2017\/12\/014841_13d9fd8c26024a4e8cc5832e5e6b6cc0.jpg","type":"","width":"","height":""}],"twitter_card":"summary_large_image","twitter_misc":{"Dur\u00e9e de lecture estim\u00e9e":"1 minute"},"schema":{"@context":"https:\/\/schema.org","@graph":[{"@type":"WebPage","@id":"https:\/\/legsedition.net\/public\/evelyne-trouillot\/","url":"https:\/\/legsedition.net\/public\/evelyne-trouillot\/","name":"\u00c9velyne Trouillot | LEGS &Eacute;DITION","isPartOf":{"@id":"https:\/\/legsedition.net\/public\/#website"},"primaryImageOfPage":{"@id":"https:\/\/legsedition.net\/public\/evelyne-trouillot\/#primaryimage"},"image":{"@id":"https:\/\/legsedition.net\/public\/evelyne-trouillot\/#primaryimage"},"thumbnailUrl":"https:\/\/legsedition.net\/public\/wp-content\/uploads\/2017\/12\/014841_13d9fd8c26024a4e8cc5832e5e6b6cc0.jpg","datePublished":"2018-11-08T15:26:12+00:00","dateModified":"2023-04-07T20:01:28+00:00","breadcrumb":{"@id":"https:\/\/legsedition.net\/public\/evelyne-trouillot\/#breadcrumb"},"inLanguage":"fr-FR","potentialAction":[{"@type":"ReadAction","target":["https:\/\/legsedition.net\/public\/evelyne-trouillot\/"]}]},{"@type":"ImageObject","inLanguage":"fr-FR","@id":"https:\/\/legsedition.net\/public\/evelyne-trouillot\/#primaryimage","url":"https:\/\/legsedition.net\/public\/wp-content\/uploads\/2017\/12\/014841_13d9fd8c26024a4e8cc5832e5e6b6cc0.jpg","contentUrl":"https:\/\/legsedition.net\/public\/wp-content\/uploads\/2017\/12\/014841_13d9fd8c26024a4e8cc5832e5e6b6cc0.jpg","width":254,"height":320},{"@type":"BreadcrumbList","@id":"https:\/\/legsedition.net\/public\/evelyne-trouillot\/#breadcrumb","itemListElement":[{"@type":"ListItem","position":1,"name":"Home","item":"https:\/\/legsedition.net\/public\/"},{"@type":"ListItem","position":2,"name":"\u00c9velyne Trouillot"}]},{"@type":"WebSite","@id":"https:\/\/legsedition.net\/public\/#website","url":"https:\/\/legsedition.net\/public\/","name":"LEGS &Eacute;DITION","description":"","potentialAction":[{"@type":"SearchAction","target":{"@type":"EntryPoint","urlTemplate":"https:\/\/legsedition.net\/public\/?s={search_term_string}"},"query-input":{"@type":"PropertyValueSpecification","valueRequired":true,"valueName":"search_term_string"}}],"inLanguage":"fr-FR"}]}},"_links":{"self":[{"href":"https:\/\/legsedition.net\/public\/wp-json\/wp\/v2\/pages\/2069","targetHints":{"allow":["GET"]}}],"collection":[{"href":"https:\/\/legsedition.net\/public\/wp-json\/wp\/v2\/pages"}],"about":[{"href":"https:\/\/legsedition.net\/public\/wp-json\/wp\/v2\/types\/page"}],"author":[{"embeddable":true,"href":"https:\/\/legsedition.net\/public\/wp-json\/wp\/v2\/users\/2"}],"replies":[{"embeddable":true,"href":"https:\/\/legsedition.net\/public\/wp-json\/wp\/v2\/comments?post=2069"}],"version-history":[{"count":6,"href":"https:\/\/legsedition.net\/public\/wp-json\/wp\/v2\/pages\/2069\/revisions"}],"predecessor-version":[{"id":5471,"href":"https:\/\/legsedition.net\/public\/wp-json\/wp\/v2\/pages\/2069\/revisions\/5471"}],"wp:attachment":[{"href":"https:\/\/legsedition.net\/public\/wp-json\/wp\/v2\/media?parent=2069"}],"curies":[{"name":"wp","href":"https:\/\/api.w.org\/{rel}","templated":true}]}}