{"id":2220,"date":"2018-12-08T20:49:00","date_gmt":"2018-12-08T20:49:00","guid":{"rendered":"http:\/\/legsedition.net\/public\/?page_id=2220"},"modified":"2025-02-07T15:37:27","modified_gmt":"2025-02-07T15:37:27","slug":"litteratures-et-francophonies","status":"publish","type":"page","link":"https:\/\/legsedition.net\/public\/litteratures-et-francophonies\/","title":{"rendered":"Litt\u00e9ratures et Francophonies"},"content":{"rendered":"<p><strong><a href=\"https:\/\/legsedition.net\/public\/wp-content\/uploads\/2018\/06\/cover_legs_12_1.png\"><img fetchpriority=\"high\" decoding=\"async\" class=\"alignleft wp-image-2154 \" src=\"https:\/\/legsedition.net\/public\/wp-content\/uploads\/2018\/06\/cover_legs_12_1.png\" alt=\"\" width=\"197\" height=\"307\" srcset=\"https:\/\/legsedition.net\/public\/wp-content\/uploads\/2018\/06\/cover_legs_12_1.png 325w, https:\/\/legsedition.net\/public\/wp-content\/uploads\/2018\/06\/cover_legs_12_1-193x300.png 193w, https:\/\/legsedition.net\/public\/wp-content\/uploads\/2018\/06\/cover_legs_12_1-103x160.png 103w\" sizes=\"(max-width: 197px) 100vw, 197px\" \/><\/a><\/strong><\/p>\n<p><strong>Auteur<\/strong> : Collectif (Sous la direction de Marie-Jos\u00e9e Desvignes, Mirline Pierre et Dieulermesson Petit Fr\u00e8re)<\/p>\n<p><strong>Titre<\/strong> : <em>Litt\u00e9ratures et Francophonies. Legs et Litt\u00e9rature<\/em> no 12<\/p>\n<p><strong>Illustration<\/strong> : Mafalda M.M (Festival Arts Galerie)<\/p>\n<p><strong>ISBN<\/strong> : 978-99970-86-38-9<\/p>\n<p><strong>Parution<\/strong>\u00a0: 05 d\u00e9cembre 2018<\/p>\n<p><strong>Prix<\/strong>\u00a0: 1 150 HTG ; 18 USD<\/p>\n<p>Que recouvre la notion de \u00a0\u00bb\u00a0litt\u00e9ratures francophones\u00a0\u00a0\u00bb\u00a0? Il n\u2019est pas si facile de le dire. Et qu\u2019est-ce r\u00e9ellement qu\u2019un \u00e9crivain francophone\u00a0? Les \u00e9crivains dits francophones sont-ils eux-m\u00eames tr\u00e8s \u00e0 l\u2019aise avec cette d\u00e9nomination\u00a0? De fait, depuis la seconde moiti\u00e9 du 20<sup>\u00e8me<\/sup> si\u00e8cle, on d\u00e9signe par \u00ab\u00a0litt\u00e9rature d\u2019expression francophone\u00a0\u00bb tous textes \u00e9crits en fran\u00e7ais hors territoire m\u00e9tropolitain.\u00a0Le terme de francophonie au niveau linguistique est d\u00e9j\u00e0 complexe, qu\u2019en est-il de sa litt\u00e9rature ? Quelle d\u00e9finition acceptable \u00e9galement pour ce terme ? Comment \u00e9crit-on \u00e0 Bruxelles, Montr\u00e9al, Casablanca ou Port-au-Prince ? Compte-tenu de ces diversit\u00e9s, il convient de parler de francophonie plurielle. Si l&rsquo;expression \u00ab\u00a0litt\u00e9rature francophone\u00a0\u00bb se rapporte au fait de \u00ab parler fran\u00e7ais \u00bb, quelle valeur, quel sens rev\u00eat cet adjectif dans l\u2019appellation litt\u00e9ratures francophones ? \u00c0 quel cadre spatio-temporel renvoient ces litt\u00e9ratures ?<\/p>\n<p>Les francophonies coloniales (ou postcoloniales) sont le r\u00e9sultat \u010fune \u00ab\u00a0dispersion\u00a0\u00bb du fran\u00e7ais vers les Antilles, l\u2019Afrique, le Proche-Orient, l\u2019oc\u00e9an Indien, le Pacifique, elles se distinguent des francophonies \u00ab\u00a0ataviques\u00a0\u00bb (selon Glissant) qui correspondent aux lieux de la naissance et du d\u00e9veloppement de la langue fran\u00e7aise en Europe\u00a0: France, Wallonie-Bruxelles et Luxembourg, Suisse romande, Val \u010fAoste. Pour exemple, les litt\u00e9ratures francophones des Antilles, du Maghreb et d\u2019Afrique subsaharienne portent la marque \u00e9vidente d\u2019une interaction des langues et des cultures mais une grande diff\u00e9rence s\u00e9pare la francophonie des pays colonis\u00e9s (comme l&rsquo;Alg\u00e9rie) de celle o\u00f9 le fran\u00e7ais a toujours \u00e9t\u00e9 pr\u00e9sent (Suisse par exemple ou Wallonie). Sur quel crit\u00e8re est fond\u00e9e alors l&rsquo;id\u00e9e de francophonie lorsque l&rsquo;identit\u00e9 ne se r\u00e9duit pas \u00e0 la langue ?\u00a0 Quelle est la sp\u00e9cificit\u00e9 de ces \u00e9critures postcoloniales\u00a0?<\/p>\n<p>Aborder ces litt\u00e9ratures, c\u2019est s\u2019ouvrir au monde, acc\u00e9der au dialogue parfois difficile mais n\u00e9cessaire des cultures, et accepter un possible Tout-monde de la litt\u00e9rature dans un h\u00e9t\u00e9rolinguisme qui rassemble cette richesse plurilangagi\u00e8re. Certes\u00a0 le langage est l\u2019objet central de la litt\u00e9rature et tout se joue autour de lui, comme l&rsquo;\u00e9nonce Tzvetan Todorov \u00e0 la suite de Benveniste mais quid de l&rsquo;histoire jalonn\u00e9e de nombreuses cicatrices, de ces peuples ayant \u00e9t\u00e9 sous le joug imp\u00e9rialiste\u00a0? Le crit\u00e8re seul de la langue\u00a0 fonde-t-il une identit\u00e9 litt\u00e9raire\u00a0 quand\u00a0 les cultures sont par ailleurs si \u00e9loign\u00e9es,\u00a0 si diff\u00e9rentes\u00a0? La sp\u00e9cificit\u00e9 de ces \u00e9critures post-coloniales demeure-t-elle uniquement dans l&rsquo;\u00e9nonciation, le champ lexical qui la transporte ou les mod\u00e8les qu&rsquo;elle a re\u00e7us\u00a0?<\/p>\n<p style=\"text-align: justify;\">Ce num\u00e9ro 12 de\u00a0<em>Legs et Litt\u00e9rature<\/em>\u00a0vous invite \u00e0 r\u00e9fl\u00e9chir sur cette notion si difficile \u00e0 d\u00e9finir et \u00e0 d\u00e9limiter encore. Il s\u2019agit aussi et surtout d\u2019offrir des pistes de recherche pour (re)penser la\/les francophonie (s), la d\u00e9territorialisation litt\u00e9raire et les nouveaux lieux de cr\u00e9ation et de puissances politiques et litt\u00e9raires, d\u2019imaginaires, de narrations et d\u2019identit\u00e9s.<\/p>\n<p><strong><span class=\"a-text-bold\">\u00c0\u00a0<\/span><span class=\"a-text-bold\">propos des directeurs du num\u00e9ro :<\/span><\/strong><\/p>\n<p>D\u00e9tentrice d\u2019un DEA en Lettres modernes de l&rsquo;universit\u00e9 d&rsquo;Aix-en-Provence, Marie-Jos\u00e9e Desvignes est professeure de lettres modernes, formatrice\/animatrice d\u2019ateliers d\u2019\u00e9criture en milieu scolaire. E<span style=\"font-size: revert; color: initial;\">lle est l\u2019auteure de nombre d\u2019articles parus dans des journaux et revues, d\u2019un essai <\/span><em style=\"font-size: revert; color: initial;\">La litt\u00e9rature \u00e0 la port\u00e9e des enfants<\/em><span style=\"font-size: revert; color: initial;\">\u00a0(2000), d\u2019un r\u00e9cit po\u00e9tique :\u00a0<\/span><em style=\"font-size: revert; color: initial;\">Requiem<\/em><span style=\"font-size: revert; color: initial;\"> (2013). <\/span><\/p>\n<p>Certifi\u00e9e \u00e8s Lettres Modernes de l\u2019\u00c9cole Normale Sup\u00e9rieure, Mirline Pierre d\u00e9tient une ma\u00eetrise en didactique des langues de l\u2019Universit\u00e9 des Antilles. Elle enseigne la litt\u00e9rature au secondaire et est formatrice \u00e0 l\u2019Institut fran\u00e7ais en Ha\u00efti.<\/p>\n<p>Ancien \u00e9l\u00e8ve de l\u2019\u00c9cole Normale Sup\u00e9rieure, Dieulermesson Petit Fr\u00e8re d\u00e9tient un master 2 en litt\u00e9ratures de l\u2019Universit\u00e9 Clermont Auvergne et une ma\u00eetrise \u00e8s lettres de l\u2019Universit\u00e9 des Antilles et de la Guyane. Po\u00e8te et critique litt\u00e9raire, il a d\u00e9j\u00e0 publi\u00e9 deux recueils de po\u00e8mes et enseigne l\u2019Analyse du discours \u00e0 l\u2019universit\u00e9 de Port-au-Prince.<\/p>\n<hr \/>\n<p><strong>Dans la presse :<\/strong><\/p>\n<p>Guilioh Merlain Vokeng Ngnintedem,\u00a0\u00ab\u00a0<a href=\"https:\/\/www.erudit.org\/fr\/revues\/ela\/2020-n49-ela05730\/\" target=\"_blank\" rel=\"noopener\"><em>Legs et litt\u00e9rature : revue de litt\u00e9rature contemporaine<\/em>, (Delmas : Legs \u00c9ditions), n\u00b0 12 (Litt\u00e9ratures et francophonies), juillet 2018, 293 p. \u2013 ISBN 9789997086389<\/a>,\u00a0 in C\u00e9cile Van Den Avenne\u00a0 (sld), <em>Tierno Mon\u00e9nembo : \u00e9crire par \u00ab exc\u00e8s d\u2019exil<\/em> <em>,<\/em>\u00a0<em>\u00c9tudes litt\u00e9raires africaines\u00a0<\/em>No 49, 2020, pp. 285-288.<\/p>\n<p>Schultz Laurent Junior, <a href=\"https:\/\/legsedition.net\/public\/wp-content\/uploads\/2024\/02\/Legs-et-Litterature-no-12.pdf\" target=\"_blank\" rel=\"noopener\">Lire \u00ab\u00a0Litt\u00e9ratures et Francophonies\u00a0\u00bb, le douzi\u00e8me num\u00e9ro de\u00a0<em>Legs et Litt\u00e9rature<\/em><\/a>, <em>Le National,\u00a0<\/em>jeudi<em>\u00a02<\/em>8 mars 2019.<\/p>\n","protected":false},"excerpt":{"rendered":"<p>Auteur : Collectif (Sous la direction de Marie-Jos\u00e9e Desvignes, Mirline Pierre et Dieulermesson Petit Fr\u00e8re) Titre : Litt\u00e9ratures et Francophonies. Legs et Litt\u00e9rature no 12 Illustration : Mafalda M.M (Festival Arts Galerie) ISBN : 978-99970-86-38-9 Parution\u00a0: 05 d\u00e9cembre 2018 Prix\u00a0:&#8230;<\/p>\n","protected":false},"author":2,"featured_media":2154,"parent":0,"menu_order":0,"comment_status":"closed","ping_status":"closed","template":"","meta":{"footnotes":""},"class_list":["post-2220","page","type-page","status-publish","has-post-thumbnail","hentry"],"yoast_head":"<!-- This site is optimized with the Yoast SEO plugin v27.3 - https:\/\/yoast.com\/product\/yoast-seo-wordpress\/ -->\n<title>Litt\u00e9ratures et Francophonies | LEGS &Eacute;DITION<\/title>\n<meta name=\"robots\" content=\"index, follow, max-snippet:-1, max-image-preview:large, max-video-preview:-1\" \/>\n<link rel=\"canonical\" href=\"https:\/\/legsedition.net\/public\/litteratures-et-francophonies\/\" \/>\n<meta property=\"og:locale\" content=\"fr_FR\" \/>\n<meta property=\"og:type\" content=\"article\" \/>\n<meta property=\"og:title\" content=\"Litt\u00e9ratures et Francophonies | LEGS &Eacute;DITION\" \/>\n<meta property=\"og:description\" content=\"Auteur : Collectif (Sous la direction de Marie-Jos\u00e9e Desvignes, Mirline Pierre et Dieulermesson Petit Fr\u00e8re) Titre : Litt\u00e9ratures et Francophonies. Legs et Litt\u00e9rature no 12 Illustration : Mafalda M.M (Festival Arts Galerie) ISBN : 978-99970-86-38-9 Parution\u00a0: 05 d\u00e9cembre 2018 Prix\u00a0:...\" \/>\n<meta property=\"og:url\" content=\"https:\/\/legsedition.net\/public\/litteratures-et-francophonies\/\" \/>\n<meta property=\"og:site_name\" content=\"LEGS &Eacute;DITION\" \/>\n<meta property=\"article:publisher\" content=\"https:\/\/web.facebook.com\/LegsEtLitterature\/\" \/>\n<meta property=\"article:modified_time\" content=\"2025-02-07T15:37:27+00:00\" \/>\n<meta property=\"og:image\" content=\"https:\/\/legsedition.net\/public\/wp-content\/uploads\/2018\/06\/cover_legs_12_1.png\" \/>\n\t<meta property=\"og:image:width\" content=\"325\" \/>\n\t<meta property=\"og:image:height\" content=\"505\" \/>\n\t<meta property=\"og:image:type\" content=\"image\/png\" \/>\n<meta name=\"twitter:card\" content=\"summary_large_image\" \/>\n<meta name=\"twitter:label1\" content=\"Dur\u00e9e de lecture estim\u00e9e\" \/>\n\t<meta name=\"twitter:data1\" content=\"4 minutes\" \/>\n<script type=\"application\/ld+json\" class=\"yoast-schema-graph\">{\"@context\":\"https:\\\/\\\/schema.org\",\"@graph\":[{\"@type\":\"WebPage\",\"@id\":\"https:\\\/\\\/legsedition.net\\\/public\\\/litteratures-et-francophonies\\\/\",\"url\":\"https:\\\/\\\/legsedition.net\\\/public\\\/litteratures-et-francophonies\\\/\",\"name\":\"Litt\u00e9ratures et Francophonies | LEGS &Eacute;DITION\",\"isPartOf\":{\"@id\":\"https:\\\/\\\/legsedition.net\\\/public\\\/#website\"},\"primaryImageOfPage\":{\"@id\":\"https:\\\/\\\/legsedition.net\\\/public\\\/litteratures-et-francophonies\\\/#primaryimage\"},\"image\":{\"@id\":\"https:\\\/\\\/legsedition.net\\\/public\\\/litteratures-et-francophonies\\\/#primaryimage\"},\"thumbnailUrl\":\"https:\\\/\\\/legsedition.net\\\/public\\\/wp-content\\\/uploads\\\/2018\\\/06\\\/cover_legs_12_1.png\",\"datePublished\":\"2018-12-08T20:49:00+00:00\",\"dateModified\":\"2025-02-07T15:37:27+00:00\",\"breadcrumb\":{\"@id\":\"https:\\\/\\\/legsedition.net\\\/public\\\/litteratures-et-francophonies\\\/#breadcrumb\"},\"inLanguage\":\"fr-FR\",\"potentialAction\":[{\"@type\":\"ReadAction\",\"target\":[\"https:\\\/\\\/legsedition.net\\\/public\\\/litteratures-et-francophonies\\\/\"]}]},{\"@type\":\"ImageObject\",\"inLanguage\":\"fr-FR\",\"@id\":\"https:\\\/\\\/legsedition.net\\\/public\\\/litteratures-et-francophonies\\\/#primaryimage\",\"url\":\"https:\\\/\\\/legsedition.net\\\/public\\\/wp-content\\\/uploads\\\/2018\\\/06\\\/cover_legs_12_1.png\",\"contentUrl\":\"https:\\\/\\\/legsedition.net\\\/public\\\/wp-content\\\/uploads\\\/2018\\\/06\\\/cover_legs_12_1.png\",\"width\":325,\"height\":505},{\"@type\":\"BreadcrumbList\",\"@id\":\"https:\\\/\\\/legsedition.net\\\/public\\\/litteratures-et-francophonies\\\/#breadcrumb\",\"itemListElement\":[{\"@type\":\"ListItem\",\"position\":1,\"name\":\"Home\",\"item\":\"https:\\\/\\\/legsedition.net\\\/public\\\/\"},{\"@type\":\"ListItem\",\"position\":2,\"name\":\"Litt\u00e9ratures et Francophonies\"}]},{\"@type\":\"WebSite\",\"@id\":\"https:\\\/\\\/legsedition.net\\\/public\\\/#website\",\"url\":\"https:\\\/\\\/legsedition.net\\\/public\\\/\",\"name\":\"LEGS &Eacute;DITION\",\"description\":\"\",\"potentialAction\":[{\"@type\":\"SearchAction\",\"target\":{\"@type\":\"EntryPoint\",\"urlTemplate\":\"https:\\\/\\\/legsedition.net\\\/public\\\/?s={search_term_string}\"},\"query-input\":{\"@type\":\"PropertyValueSpecification\",\"valueRequired\":true,\"valueName\":\"search_term_string\"}}],\"inLanguage\":\"fr-FR\"}]}<\/script>\n<!-- \/ Yoast SEO plugin. -->","yoast_head_json":{"title":"Litt\u00e9ratures et Francophonies | LEGS &Eacute;DITION","robots":{"index":"index","follow":"follow","max-snippet":"max-snippet:-1","max-image-preview":"max-image-preview:large","max-video-preview":"max-video-preview:-1"},"canonical":"https:\/\/legsedition.net\/public\/litteratures-et-francophonies\/","og_locale":"fr_FR","og_type":"article","og_title":"Litt\u00e9ratures et Francophonies | LEGS &Eacute;DITION","og_description":"Auteur : Collectif (Sous la direction de Marie-Jos\u00e9e Desvignes, Mirline Pierre et Dieulermesson Petit Fr\u00e8re) Titre : Litt\u00e9ratures et Francophonies. Legs et Litt\u00e9rature no 12 Illustration : Mafalda M.M (Festival Arts Galerie) ISBN : 978-99970-86-38-9 Parution\u00a0: 05 d\u00e9cembre 2018 Prix\u00a0:...","og_url":"https:\/\/legsedition.net\/public\/litteratures-et-francophonies\/","og_site_name":"LEGS &Eacute;DITION","article_publisher":"https:\/\/web.facebook.com\/LegsEtLitterature\/","article_modified_time":"2025-02-07T15:37:27+00:00","og_image":[{"width":325,"height":505,"url":"https:\/\/legsedition.net\/public\/wp-content\/uploads\/2018\/06\/cover_legs_12_1.png","type":"image\/png"}],"twitter_card":"summary_large_image","twitter_misc":{"Dur\u00e9e de lecture estim\u00e9e":"4 minutes"},"schema":{"@context":"https:\/\/schema.org","@graph":[{"@type":"WebPage","@id":"https:\/\/legsedition.net\/public\/litteratures-et-francophonies\/","url":"https:\/\/legsedition.net\/public\/litteratures-et-francophonies\/","name":"Litt\u00e9ratures et Francophonies | LEGS &Eacute;DITION","isPartOf":{"@id":"https:\/\/legsedition.net\/public\/#website"},"primaryImageOfPage":{"@id":"https:\/\/legsedition.net\/public\/litteratures-et-francophonies\/#primaryimage"},"image":{"@id":"https:\/\/legsedition.net\/public\/litteratures-et-francophonies\/#primaryimage"},"thumbnailUrl":"https:\/\/legsedition.net\/public\/wp-content\/uploads\/2018\/06\/cover_legs_12_1.png","datePublished":"2018-12-08T20:49:00+00:00","dateModified":"2025-02-07T15:37:27+00:00","breadcrumb":{"@id":"https:\/\/legsedition.net\/public\/litteratures-et-francophonies\/#breadcrumb"},"inLanguage":"fr-FR","potentialAction":[{"@type":"ReadAction","target":["https:\/\/legsedition.net\/public\/litteratures-et-francophonies\/"]}]},{"@type":"ImageObject","inLanguage":"fr-FR","@id":"https:\/\/legsedition.net\/public\/litteratures-et-francophonies\/#primaryimage","url":"https:\/\/legsedition.net\/public\/wp-content\/uploads\/2018\/06\/cover_legs_12_1.png","contentUrl":"https:\/\/legsedition.net\/public\/wp-content\/uploads\/2018\/06\/cover_legs_12_1.png","width":325,"height":505},{"@type":"BreadcrumbList","@id":"https:\/\/legsedition.net\/public\/litteratures-et-francophonies\/#breadcrumb","itemListElement":[{"@type":"ListItem","position":1,"name":"Home","item":"https:\/\/legsedition.net\/public\/"},{"@type":"ListItem","position":2,"name":"Litt\u00e9ratures et Francophonies"}]},{"@type":"WebSite","@id":"https:\/\/legsedition.net\/public\/#website","url":"https:\/\/legsedition.net\/public\/","name":"LEGS &Eacute;DITION","description":"","potentialAction":[{"@type":"SearchAction","target":{"@type":"EntryPoint","urlTemplate":"https:\/\/legsedition.net\/public\/?s={search_term_string}"},"query-input":{"@type":"PropertyValueSpecification","valueRequired":true,"valueName":"search_term_string"}}],"inLanguage":"fr-FR"}]}},"_links":{"self":[{"href":"https:\/\/legsedition.net\/public\/wp-json\/wp\/v2\/pages\/2220","targetHints":{"allow":["GET"]}}],"collection":[{"href":"https:\/\/legsedition.net\/public\/wp-json\/wp\/v2\/pages"}],"about":[{"href":"https:\/\/legsedition.net\/public\/wp-json\/wp\/v2\/types\/page"}],"author":[{"embeddable":true,"href":"https:\/\/legsedition.net\/public\/wp-json\/wp\/v2\/users\/2"}],"replies":[{"embeddable":true,"href":"https:\/\/legsedition.net\/public\/wp-json\/wp\/v2\/comments?post=2220"}],"version-history":[{"count":9,"href":"https:\/\/legsedition.net\/public\/wp-json\/wp\/v2\/pages\/2220\/revisions"}],"predecessor-version":[{"id":8219,"href":"https:\/\/legsedition.net\/public\/wp-json\/wp\/v2\/pages\/2220\/revisions\/8219"}],"wp:featuredmedia":[{"embeddable":true,"href":"https:\/\/legsedition.net\/public\/wp-json\/wp\/v2\/media\/2154"}],"wp:attachment":[{"href":"https:\/\/legsedition.net\/public\/wp-json\/wp\/v2\/media?parent=2220"}],"curies":[{"name":"wp","href":"https:\/\/api.w.org\/{rel}","templated":true}]}}