{"id":2835,"date":"2019-06-01T19:49:50","date_gmt":"2019-06-01T19:49:50","guid":{"rendered":"https:\/\/legsedition.net\/public\/?page_id=2835"},"modified":"2024-11-07T11:16:33","modified_gmt":"2024-11-07T11:16:33","slug":"rodney-saint-eloi","status":"publish","type":"page","link":"https:\/\/legsedition.net\/public\/rodney-saint-eloi\/","title":{"rendered":"Rodney Saint-\u00c9loi"},"content":{"rendered":"<figure id=\"attachment_2836\" aria-describedby=\"caption-attachment-2836\" style=\"width: 341px\" class=\"wp-caption alignleft\"><a href=\"https:\/\/legsedition.net\/public\/wp-content\/uploads\/2019\/06\/rodney_fini.png\"><img fetchpriority=\"high\" decoding=\"async\" class=\"wp-image-2836 \" src=\"https:\/\/legsedition.net\/public\/wp-content\/uploads\/2019\/06\/rodney_fini.png\" alt=\"\" width=\"341\" height=\"240\" srcset=\"https:\/\/legsedition.net\/public\/wp-content\/uploads\/2019\/06\/rodney_fini.png 1024w, https:\/\/legsedition.net\/public\/wp-content\/uploads\/2019\/06\/rodney_fini-600x421.png 600w, https:\/\/legsedition.net\/public\/wp-content\/uploads\/2019\/06\/rodney_fini-300x211.png 300w, https:\/\/legsedition.net\/public\/wp-content\/uploads\/2019\/06\/rodney_fini-768x539.png 768w, https:\/\/legsedition.net\/public\/wp-content\/uploads\/2019\/06\/rodney_fini-228x160.png 228w\" sizes=\"(max-width: 341px) 100vw, 341px\" \/><\/a><figcaption id=\"caption-attachment-2836\" class=\"wp-caption-text\">\u00a9 Sylvain Lewis<\/figcaption><\/figure>\n<p>Rodney Saint-\u00c9loi est n\u00e9 \u00e0 Cavaillon, dans le Sud d&rsquo;Ha\u00efti, en 1963. Po\u00e8te, \u00e9diteur et essayiste, il d\u00e9tient une ma\u00eetrise en litt\u00e9rature francophone de l&rsquo;Universit\u00e9 Laval. Auteur de plus d&rsquo;une dizaine de recueils de po\u00e8mes, de r\u00e9cits et d&rsquo;anthologies, il a re\u00e7u en 2001 en Ha\u00efti le prix Gouverneur de la Ros\u00e9e du Livre et de la Litt\u00e9rature du minist\u00e8re de la Culture pour les \u00c9ditions M\u00e9moire. En Ha\u00efti, il a dirig\u00e9 les \u00e9ditions M\u00e9moire qui a publi\u00e9 dans les ann\u00e9es 1990-2000 l&rsquo;\u0153uvre de grandes figures de la litt\u00e9rature ha\u00eftienne contemporaine dont Yanick Lahens, Lyonel Trouillot, Ren\u00e9 Philoct\u00e8te, Davertige. Il a aussi fond\u00e9 la revue avec Georges Castera la revue semestrielle d\u2019art et de litt\u00e9rature\u00a0<em>Boutures<\/em>. \u00c9tabli \u00e0 Montr\u00e9al depuis 2001, il y fonde les \u00c9ditions M\u00e9moire d&rsquo;Encrier \u00e0 Montr\u00e9al qui publient l&rsquo;\u0153uvre de diverses communaut\u00e9s culturelles et contr\u00e9es g\u00e9ographiques. Depuis 2015, il si\u00e8ge \u00e0 l&rsquo;Acad\u00e9mie des lettres du Qu\u00e9bec.\u00a0[<a href=\"http:\/\/ile-en-ile.org\/saint-eloi\/\" target=\"_blank\" rel=\"noopener\">Voir la page de pr\u00e9sentation de Rodney Saint-\u00c9loi sur \u00cele en \u00cele<\/a>]<\/p>\n<p><strong>Publication chez LEGS \u00c9DITION<\/strong><\/p>\n<p><a href=\"https:\/\/legsedition.net\/public\/2019\/05\/19\/javais-une-ville-deau-de-terre-et-darcs-en-ciel-heureux-et-autres-poemes\/\" target=\"_blank\" rel=\"noopener\"><em>j&rsquo;avais une ville d&rsquo;eau de terre et d&rsquo;arcs-en-ciel heureux<\/em><\/a>, 2019<\/p>\n<p><a href=\"https:\/\/legsedition.net\/public\/wp-content\/uploads\/2019\/02\/rodney_cover.png\"><img decoding=\"async\" class=\"alignnone size-medium wp-image-2753\" src=\"https:\/\/legsedition.net\/public\/wp-content\/uploads\/2019\/02\/rodney_cover-188x300.png\" alt=\"\" width=\"188\" height=\"300\" srcset=\"https:\/\/legsedition.net\/public\/wp-content\/uploads\/2019\/02\/rodney_cover-188x300.png 188w, https:\/\/legsedition.net\/public\/wp-content\/uploads\/2019\/02\/rodney_cover-100x160.png 100w, https:\/\/legsedition.net\/public\/wp-content\/uploads\/2019\/02\/rodney_cover.png 310w\" sizes=\"(max-width: 188px) 100vw, 188px\" \/><\/a><\/p>\n","protected":false},"excerpt":{"rendered":"<p>Rodney Saint-\u00c9loi est n\u00e9 \u00e0 Cavaillon, dans le Sud d&rsquo;Ha\u00efti, en 1963. Po\u00e8te, \u00e9diteur et essayiste, il d\u00e9tient une ma\u00eetrise en litt\u00e9rature francophone de l&rsquo;Universit\u00e9 Laval. Auteur de plus d&rsquo;une dizaine de recueils de po\u00e8mes, de r\u00e9cits et d&rsquo;anthologies, il&#8230;<\/p>\n","protected":false},"author":2,"featured_media":0,"parent":0,"menu_order":0,"comment_status":"closed","ping_status":"closed","template":"","meta":{"footnotes":""},"class_list":["post-2835","page","type-page","status-publish","hentry","no-post-thumbnail"],"yoast_head":"<!-- This site is optimized with the Yoast SEO plugin v27.3 - https:\/\/yoast.com\/product\/yoast-seo-wordpress\/ -->\n<title>Rodney Saint-\u00c9loi | LEGS &Eacute;DITION<\/title>\n<meta name=\"robots\" content=\"index, follow, max-snippet:-1, max-image-preview:large, max-video-preview:-1\" \/>\n<link rel=\"canonical\" href=\"https:\/\/legsedition.net\/public\/rodney-saint-eloi\/\" \/>\n<meta property=\"og:locale\" content=\"fr_FR\" \/>\n<meta property=\"og:type\" content=\"article\" \/>\n<meta property=\"og:title\" content=\"Rodney Saint-\u00c9loi | LEGS &Eacute;DITION\" \/>\n<meta property=\"og:description\" content=\"Rodney Saint-\u00c9loi est n\u00e9 \u00e0 Cavaillon, dans le Sud d&rsquo;Ha\u00efti, en 1963. Po\u00e8te, \u00e9diteur et essayiste, il d\u00e9tient une ma\u00eetrise en litt\u00e9rature francophone de l&rsquo;Universit\u00e9 Laval. Auteur de plus d&rsquo;une dizaine de recueils de po\u00e8mes, de r\u00e9cits et d&rsquo;anthologies, il...\" \/>\n<meta property=\"og:url\" content=\"https:\/\/legsedition.net\/public\/rodney-saint-eloi\/\" \/>\n<meta property=\"og:site_name\" content=\"LEGS &Eacute;DITION\" \/>\n<meta property=\"article:publisher\" content=\"https:\/\/web.facebook.com\/LegsEtLitterature\/\" \/>\n<meta property=\"article:modified_time\" content=\"2024-11-07T11:16:33+00:00\" \/>\n<meta property=\"og:image\" content=\"https:\/\/legsedition.net\/public\/wp-content\/uploads\/2019\/06\/rodney_fini.png\" \/>\n\t<meta property=\"og:image:width\" content=\"1024\" \/>\n\t<meta property=\"og:image:height\" content=\"719\" \/>\n\t<meta property=\"og:image:type\" content=\"image\/png\" \/>\n<meta name=\"twitter:card\" content=\"summary_large_image\" \/>\n<meta name=\"twitter:label1\" content=\"Dur\u00e9e de lecture estim\u00e9e\" \/>\n\t<meta name=\"twitter:data1\" content=\"2 minutes\" \/>\n<script type=\"application\/ld+json\" class=\"yoast-schema-graph\">{\"@context\":\"https:\\\/\\\/schema.org\",\"@graph\":[{\"@type\":\"WebPage\",\"@id\":\"https:\\\/\\\/legsedition.net\\\/public\\\/rodney-saint-eloi\\\/\",\"url\":\"https:\\\/\\\/legsedition.net\\\/public\\\/rodney-saint-eloi\\\/\",\"name\":\"Rodney Saint-\u00c9loi | LEGS &Eacute;DITION\",\"isPartOf\":{\"@id\":\"https:\\\/\\\/legsedition.net\\\/public\\\/#website\"},\"primaryImageOfPage\":{\"@id\":\"https:\\\/\\\/legsedition.net\\\/public\\\/rodney-saint-eloi\\\/#primaryimage\"},\"image\":{\"@id\":\"https:\\\/\\\/legsedition.net\\\/public\\\/rodney-saint-eloi\\\/#primaryimage\"},\"thumbnailUrl\":\"https:\\\/\\\/legsedition.net\\\/public\\\/wp-content\\\/uploads\\\/2019\\\/06\\\/rodney_fini.png\",\"datePublished\":\"2019-06-01T19:49:50+00:00\",\"dateModified\":\"2024-11-07T11:16:33+00:00\",\"breadcrumb\":{\"@id\":\"https:\\\/\\\/legsedition.net\\\/public\\\/rodney-saint-eloi\\\/#breadcrumb\"},\"inLanguage\":\"fr-FR\",\"potentialAction\":[{\"@type\":\"ReadAction\",\"target\":[\"https:\\\/\\\/legsedition.net\\\/public\\\/rodney-saint-eloi\\\/\"]}]},{\"@type\":\"ImageObject\",\"inLanguage\":\"fr-FR\",\"@id\":\"https:\\\/\\\/legsedition.net\\\/public\\\/rodney-saint-eloi\\\/#primaryimage\",\"url\":\"https:\\\/\\\/legsedition.net\\\/public\\\/wp-content\\\/uploads\\\/2019\\\/06\\\/rodney_fini.png\",\"contentUrl\":\"https:\\\/\\\/legsedition.net\\\/public\\\/wp-content\\\/uploads\\\/2019\\\/06\\\/rodney_fini.png\",\"width\":1024,\"height\":719,\"caption\":\"\u00a9 Sylvain Lewis\"},{\"@type\":\"BreadcrumbList\",\"@id\":\"https:\\\/\\\/legsedition.net\\\/public\\\/rodney-saint-eloi\\\/#breadcrumb\",\"itemListElement\":[{\"@type\":\"ListItem\",\"position\":1,\"name\":\"Home\",\"item\":\"https:\\\/\\\/legsedition.net\\\/public\\\/\"},{\"@type\":\"ListItem\",\"position\":2,\"name\":\"Rodney Saint-\u00c9loi\"}]},{\"@type\":\"WebSite\",\"@id\":\"https:\\\/\\\/legsedition.net\\\/public\\\/#website\",\"url\":\"https:\\\/\\\/legsedition.net\\\/public\\\/\",\"name\":\"LEGS &Eacute;DITION\",\"description\":\"\",\"potentialAction\":[{\"@type\":\"SearchAction\",\"target\":{\"@type\":\"EntryPoint\",\"urlTemplate\":\"https:\\\/\\\/legsedition.net\\\/public\\\/?s={search_term_string}\"},\"query-input\":{\"@type\":\"PropertyValueSpecification\",\"valueRequired\":true,\"valueName\":\"search_term_string\"}}],\"inLanguage\":\"fr-FR\"}]}<\/script>\n<!-- \/ Yoast SEO plugin. -->","yoast_head_json":{"title":"Rodney Saint-\u00c9loi | LEGS &Eacute;DITION","robots":{"index":"index","follow":"follow","max-snippet":"max-snippet:-1","max-image-preview":"max-image-preview:large","max-video-preview":"max-video-preview:-1"},"canonical":"https:\/\/legsedition.net\/public\/rodney-saint-eloi\/","og_locale":"fr_FR","og_type":"article","og_title":"Rodney Saint-\u00c9loi | LEGS &Eacute;DITION","og_description":"Rodney Saint-\u00c9loi est n\u00e9 \u00e0 Cavaillon, dans le Sud d&rsquo;Ha\u00efti, en 1963. Po\u00e8te, \u00e9diteur et essayiste, il d\u00e9tient une ma\u00eetrise en litt\u00e9rature francophone de l&rsquo;Universit\u00e9 Laval. Auteur de plus d&rsquo;une dizaine de recueils de po\u00e8mes, de r\u00e9cits et d&rsquo;anthologies, il...","og_url":"https:\/\/legsedition.net\/public\/rodney-saint-eloi\/","og_site_name":"LEGS &Eacute;DITION","article_publisher":"https:\/\/web.facebook.com\/LegsEtLitterature\/","article_modified_time":"2024-11-07T11:16:33+00:00","og_image":[{"width":1024,"height":719,"url":"https:\/\/legsedition.net\/public\/wp-content\/uploads\/2019\/06\/rodney_fini.png","type":"image\/png"}],"twitter_card":"summary_large_image","twitter_misc":{"Dur\u00e9e de lecture estim\u00e9e":"2 minutes"},"schema":{"@context":"https:\/\/schema.org","@graph":[{"@type":"WebPage","@id":"https:\/\/legsedition.net\/public\/rodney-saint-eloi\/","url":"https:\/\/legsedition.net\/public\/rodney-saint-eloi\/","name":"Rodney Saint-\u00c9loi | LEGS &Eacute;DITION","isPartOf":{"@id":"https:\/\/legsedition.net\/public\/#website"},"primaryImageOfPage":{"@id":"https:\/\/legsedition.net\/public\/rodney-saint-eloi\/#primaryimage"},"image":{"@id":"https:\/\/legsedition.net\/public\/rodney-saint-eloi\/#primaryimage"},"thumbnailUrl":"https:\/\/legsedition.net\/public\/wp-content\/uploads\/2019\/06\/rodney_fini.png","datePublished":"2019-06-01T19:49:50+00:00","dateModified":"2024-11-07T11:16:33+00:00","breadcrumb":{"@id":"https:\/\/legsedition.net\/public\/rodney-saint-eloi\/#breadcrumb"},"inLanguage":"fr-FR","potentialAction":[{"@type":"ReadAction","target":["https:\/\/legsedition.net\/public\/rodney-saint-eloi\/"]}]},{"@type":"ImageObject","inLanguage":"fr-FR","@id":"https:\/\/legsedition.net\/public\/rodney-saint-eloi\/#primaryimage","url":"https:\/\/legsedition.net\/public\/wp-content\/uploads\/2019\/06\/rodney_fini.png","contentUrl":"https:\/\/legsedition.net\/public\/wp-content\/uploads\/2019\/06\/rodney_fini.png","width":1024,"height":719,"caption":"\u00a9 Sylvain Lewis"},{"@type":"BreadcrumbList","@id":"https:\/\/legsedition.net\/public\/rodney-saint-eloi\/#breadcrumb","itemListElement":[{"@type":"ListItem","position":1,"name":"Home","item":"https:\/\/legsedition.net\/public\/"},{"@type":"ListItem","position":2,"name":"Rodney Saint-\u00c9loi"}]},{"@type":"WebSite","@id":"https:\/\/legsedition.net\/public\/#website","url":"https:\/\/legsedition.net\/public\/","name":"LEGS &Eacute;DITION","description":"","potentialAction":[{"@type":"SearchAction","target":{"@type":"EntryPoint","urlTemplate":"https:\/\/legsedition.net\/public\/?s={search_term_string}"},"query-input":{"@type":"PropertyValueSpecification","valueRequired":true,"valueName":"search_term_string"}}],"inLanguage":"fr-FR"}]}},"_links":{"self":[{"href":"https:\/\/legsedition.net\/public\/wp-json\/wp\/v2\/pages\/2835","targetHints":{"allow":["GET"]}}],"collection":[{"href":"https:\/\/legsedition.net\/public\/wp-json\/wp\/v2\/pages"}],"about":[{"href":"https:\/\/legsedition.net\/public\/wp-json\/wp\/v2\/types\/page"}],"author":[{"embeddable":true,"href":"https:\/\/legsedition.net\/public\/wp-json\/wp\/v2\/users\/2"}],"replies":[{"embeddable":true,"href":"https:\/\/legsedition.net\/public\/wp-json\/wp\/v2\/comments?post=2835"}],"version-history":[{"count":5,"href":"https:\/\/legsedition.net\/public\/wp-json\/wp\/v2\/pages\/2835\/revisions"}],"predecessor-version":[{"id":7138,"href":"https:\/\/legsedition.net\/public\/wp-json\/wp\/v2\/pages\/2835\/revisions\/7138"}],"wp:attachment":[{"href":"https:\/\/legsedition.net\/public\/wp-json\/wp\/v2\/media?parent=2835"}],"curies":[{"name":"wp","href":"https:\/\/api.w.org\/{rel}","templated":true}]}}