{"id":2908,"date":"2019-06-14T17:50:50","date_gmt":"2019-06-14T17:50:50","guid":{"rendered":"https:\/\/legsedition.net\/public\/?page_id=2908"},"modified":"2026-02-04T18:59:45","modified_gmt":"2026-02-04T18:59:45","slug":"poetique-de-la-sexualite-legs-et-litterature-no-13","status":"publish","type":"page","link":"https:\/\/legsedition.net\/public\/poetique-de-la-sexualite-legs-et-litterature-no-13\/","title":{"rendered":"Po\u00e9tique de la Sexualit\u00e9. Legs et Litt\u00e9rature no 13"},"content":{"rendered":"<p><strong><a href=\"https:\/\/legsedition.net\/public\/wp-content\/uploads\/2019\/01\/cover_legs_13.png\"><img fetchpriority=\"high\" decoding=\"async\" class=\"size-medium wp-image-2702 alignleft\" src=\"https:\/\/legsedition.net\/public\/wp-content\/uploads\/2019\/01\/cover_legs_13-201x300.png\" alt=\"\" width=\"201\" height=\"300\" srcset=\"https:\/\/legsedition.net\/public\/wp-content\/uploads\/2019\/01\/cover_legs_13-201x300.png 201w, https:\/\/legsedition.net\/public\/wp-content\/uploads\/2019\/01\/cover_legs_13-107x160.png 107w, https:\/\/legsedition.net\/public\/wp-content\/uploads\/2019\/01\/cover_legs_13.png 334w\" sizes=\"(max-width: 201px) 100vw, 201px\" \/><\/a>Auteur : <\/strong>Collectif (Sous la direction de Mourad Loudiyi et Ulysse Mentor)<\/p>\n<p><strong>Illustration de couverture : <\/strong>\u00c9lo\u00efse Philippon (Collection Festival Arts)<\/p>\n<p><strong>Date de parution : <\/strong>31 mai 2019<\/p>\n<p>Avec le pr\u00e9cieux soutien de la Fondation connaissance et libert\u00e9 (Fokal)<\/p>\n<p><strong>ISBN :\u00a0<\/strong>978-99970-86-43-3<\/p>\n<p><strong>Prix : <\/strong>1 150 Gdes; UDS 18.00<\/p>\n<p>Autrefois tabouis\u00e9, le th\u00e8me de la sexualit\u00e9, dans la litt\u00e9rature, devient banal pour ne pas dire anodin. Le sens de la repr\u00e9sentation de la sexualit\u00e9 diff\u00e8re d\u2019un genre litt\u00e9raire \u00e0 un autre, suivant le mode d\u2019expression d\u00e9ploy\u00e9 et la modalit\u00e9 de fonctionnement propre \u00e0 chaque domaine. La litt\u00e9rature francophone t\u00e9moigne d\u2019un nouvel ordre esth\u00e9tico-litt\u00e9raire caract\u00e9ris\u00e9 par des licences th\u00e9matiques et des \u00e9carts structuraux. Lieu o\u00f9 se r\u00e9inventent de nouvelles formes de la po\u00e9tique et de l\u2019esth\u00e9tique, le roman d\u2019expression fran\u00e7aise cherche \u00e0 mettre en \u0153uvre, dans sa n\u00e9gociation fictionnelle, une nouvelle di\u00e9g\u00e8se romanesque. Le sexe est devenu un motif majeur d\u2019\u00e9criture qui ne cesse de repr\u00e9senter des sc\u00e8nes \u00e0 caract\u00e8re grivois ou \u00e9rotique. Si dans certaines sph\u00e8res g\u00e9ographiques, la repr\u00e9sentation de la sexualit\u00e9 reste, dans l\u2019imaginaire collectif, annex\u00e9e \u00e0 la pudeur, \u00e0 la discr\u00e9tion, voire \u00e0 l\u2019asc\u00e9tisme, \u00e0 l\u2019oppos\u00e9 dans les pays g\u00e9n\u00e9ralement occidentaux, la sexualit\u00e9 s\u2019exprime loin de toute d\u00e9sinhibition, s\u2019inscrivant dans la lign\u00e9e d\u2019un libertinage du Moyen-\u00c2ge avec Louise Lab\u00e9, la philosophie du corps de Friedrich Nietzsche, les utopies de Charles Fourier, les th\u00e9ories sexuelles de Sigmund Freud, les mouvements de contre-culture de divers ordres et les adeptes de l\u2019id\u00e9ologie h\u00e9doniste. Or, d\u2019un c\u00f4t\u00e9 comme de l\u2019autre, il s\u2019ensuit, suite \u00e0 la r\u00e9volution sexuelle, la production \u00e0 profusion d\u2019une litt\u00e9rature dite blanche devenue <em>sexualis\u00e9e<\/em>. Le motif sexuel y est pr\u00e9sent de mani\u00e8re implicite.<\/p>\n<p>Ce num\u00e9ro de <em>Legs et litt\u00e9rature<\/em> s\u2019int\u00e9resse \u00e0 la po\u00e9tique de la sexualit\u00e9 dans diff\u00e9rents contextes socio-culturels et diff\u00e9rentes sph\u00e8res g\u00e9ographiques. Il aura comme objectif majeur les repr\u00e9sentations litt\u00e9raires de la sexualit\u00e9,\u00a0con\u00e7ues selon ses manifestations imp\u00e9tueuses et alarmantes (le viol, harc\u00e8lement sexuel, etc.), ses manifestations \u00e9poustouflantes (le plaisir charnel) et les postulats id\u00e9ologiques qui les ont construites \u00e0 travers l\u2019histoire et la culture. Il s\u2019agit de traiter les enjeux, les probl\u00e8mes, les tensions et contradictions qui se d\u00e9ploient sur la repr\u00e9sentation de la sexualit\u00e9 normative ou d\u00e9viante au sein de la litt\u00e9rature francophone, avec comme lieu commun la sexualit\u00e9 sujette \u00e0 une conception occidentale du sexe, du corps, du genre, du plaisir charnel, de la pratique sexuelle, de la normalisation sexuelle&#8230;<\/p>\n<p><strong>Dans la presse :<\/strong><\/p>\n<p>Mirline Pierre, <a href=\"https:\/\/lenouvelliste.com\/article\/222247\/poetique-de-la-sexualite-legs-et-litterature-no-13\" target=\"_blank\" rel=\"noopener\"><span style=\"text-decoration: underline;\">\u00a0<\/span>Po\u00e9tique de la Sexualit\u00e9.\u00a0<em>Legs et Litt\u00e9rature<\/em>\u00a0no 13,<\/a>\u00a0\u00a0<em>Le Nouvelliste,\u00a0<\/em>21 octobre 2020.<\/p>\n","protected":false},"excerpt":{"rendered":"<p>Auteur : Collectif (Sous la direction de Mourad Loudiyi et Ulysse Mentor) Illustration de couverture : \u00c9lo\u00efse Philippon (Collection Festival Arts) Date de parution : 31 mai 2019 Avec le pr\u00e9cieux soutien de la Fondation connaissance et libert\u00e9 (Fokal) ISBN&#8230;<\/p>\n","protected":false},"author":2,"featured_media":2702,"parent":0,"menu_order":0,"comment_status":"closed","ping_status":"closed","template":"","meta":{"footnotes":""},"class_list":["post-2908","page","type-page","status-publish","has-post-thumbnail","hentry"],"yoast_head":"<!-- This site is optimized with the Yoast SEO plugin v27.3 - https:\/\/yoast.com\/product\/yoast-seo-wordpress\/ -->\n<title>Po\u00e9tique de la Sexualit\u00e9. Legs et Litt\u00e9rature no 13 | LEGS &Eacute;DITION<\/title>\n<meta name=\"robots\" content=\"index, follow, max-snippet:-1, max-image-preview:large, max-video-preview:-1\" \/>\n<link rel=\"canonical\" href=\"https:\/\/legsedition.net\/public\/poetique-de-la-sexualite-legs-et-litterature-no-13\/\" \/>\n<meta property=\"og:locale\" content=\"fr_FR\" \/>\n<meta property=\"og:type\" content=\"article\" \/>\n<meta property=\"og:title\" content=\"Po\u00e9tique de la Sexualit\u00e9. Legs et Litt\u00e9rature no 13 | LEGS &Eacute;DITION\" \/>\n<meta property=\"og:description\" content=\"Auteur : Collectif (Sous la direction de Mourad Loudiyi et Ulysse Mentor) Illustration de couverture : \u00c9lo\u00efse Philippon (Collection Festival Arts) Date de parution : 31 mai 2019 Avec le pr\u00e9cieux soutien de la Fondation connaissance et libert\u00e9 (Fokal) ISBN...\" \/>\n<meta property=\"og:url\" content=\"https:\/\/legsedition.net\/public\/poetique-de-la-sexualite-legs-et-litterature-no-13\/\" \/>\n<meta property=\"og:site_name\" content=\"LEGS &Eacute;DITION\" \/>\n<meta property=\"article:publisher\" content=\"https:\/\/web.facebook.com\/LegsEtLitterature\/\" \/>\n<meta property=\"article:modified_time\" content=\"2026-02-04T18:59:45+00:00\" \/>\n<meta property=\"og:image\" content=\"https:\/\/legsedition.net\/public\/wp-content\/uploads\/2019\/01\/cover_legs_13.png\" \/>\n\t<meta property=\"og:image:width\" content=\"334\" \/>\n\t<meta property=\"og:image:height\" content=\"498\" \/>\n\t<meta property=\"og:image:type\" content=\"image\/png\" \/>\n<meta name=\"twitter:card\" content=\"summary_large_image\" \/>\n<meta name=\"twitter:label1\" content=\"Dur\u00e9e de lecture estim\u00e9e\" \/>\n\t<meta name=\"twitter:data1\" content=\"3 minutes\" \/>\n<script type=\"application\/ld+json\" class=\"yoast-schema-graph\">{\"@context\":\"https:\\\/\\\/schema.org\",\"@graph\":[{\"@type\":\"WebPage\",\"@id\":\"https:\\\/\\\/legsedition.net\\\/public\\\/poetique-de-la-sexualite-legs-et-litterature-no-13\\\/\",\"url\":\"https:\\\/\\\/legsedition.net\\\/public\\\/poetique-de-la-sexualite-legs-et-litterature-no-13\\\/\",\"name\":\"Po\u00e9tique de la Sexualit\u00e9. Legs et Litt\u00e9rature no 13 | LEGS &Eacute;DITION\",\"isPartOf\":{\"@id\":\"https:\\\/\\\/legsedition.net\\\/public\\\/#website\"},\"primaryImageOfPage\":{\"@id\":\"https:\\\/\\\/legsedition.net\\\/public\\\/poetique-de-la-sexualite-legs-et-litterature-no-13\\\/#primaryimage\"},\"image\":{\"@id\":\"https:\\\/\\\/legsedition.net\\\/public\\\/poetique-de-la-sexualite-legs-et-litterature-no-13\\\/#primaryimage\"},\"thumbnailUrl\":\"https:\\\/\\\/legsedition.net\\\/public\\\/wp-content\\\/uploads\\\/2019\\\/01\\\/cover_legs_13.png\",\"datePublished\":\"2019-06-14T17:50:50+00:00\",\"dateModified\":\"2026-02-04T18:59:45+00:00\",\"breadcrumb\":{\"@id\":\"https:\\\/\\\/legsedition.net\\\/public\\\/poetique-de-la-sexualite-legs-et-litterature-no-13\\\/#breadcrumb\"},\"inLanguage\":\"fr-FR\",\"potentialAction\":[{\"@type\":\"ReadAction\",\"target\":[\"https:\\\/\\\/legsedition.net\\\/public\\\/poetique-de-la-sexualite-legs-et-litterature-no-13\\\/\"]}]},{\"@type\":\"ImageObject\",\"inLanguage\":\"fr-FR\",\"@id\":\"https:\\\/\\\/legsedition.net\\\/public\\\/poetique-de-la-sexualite-legs-et-litterature-no-13\\\/#primaryimage\",\"url\":\"https:\\\/\\\/legsedition.net\\\/public\\\/wp-content\\\/uploads\\\/2019\\\/01\\\/cover_legs_13.png\",\"contentUrl\":\"https:\\\/\\\/legsedition.net\\\/public\\\/wp-content\\\/uploads\\\/2019\\\/01\\\/cover_legs_13.png\",\"width\":334,\"height\":498},{\"@type\":\"BreadcrumbList\",\"@id\":\"https:\\\/\\\/legsedition.net\\\/public\\\/poetique-de-la-sexualite-legs-et-litterature-no-13\\\/#breadcrumb\",\"itemListElement\":[{\"@type\":\"ListItem\",\"position\":1,\"name\":\"Home\",\"item\":\"https:\\\/\\\/legsedition.net\\\/public\\\/\"},{\"@type\":\"ListItem\",\"position\":2,\"name\":\"Po\u00e9tique de la Sexualit\u00e9. Legs et Litt\u00e9rature no 13\"}]},{\"@type\":\"WebSite\",\"@id\":\"https:\\\/\\\/legsedition.net\\\/public\\\/#website\",\"url\":\"https:\\\/\\\/legsedition.net\\\/public\\\/\",\"name\":\"LEGS &Eacute;DITION\",\"description\":\"\",\"potentialAction\":[{\"@type\":\"SearchAction\",\"target\":{\"@type\":\"EntryPoint\",\"urlTemplate\":\"https:\\\/\\\/legsedition.net\\\/public\\\/?s={search_term_string}\"},\"query-input\":{\"@type\":\"PropertyValueSpecification\",\"valueRequired\":true,\"valueName\":\"search_term_string\"}}],\"inLanguage\":\"fr-FR\"}]}<\/script>\n<!-- \/ Yoast SEO plugin. -->","yoast_head_json":{"title":"Po\u00e9tique de la Sexualit\u00e9. Legs et Litt\u00e9rature no 13 | LEGS &Eacute;DITION","robots":{"index":"index","follow":"follow","max-snippet":"max-snippet:-1","max-image-preview":"max-image-preview:large","max-video-preview":"max-video-preview:-1"},"canonical":"https:\/\/legsedition.net\/public\/poetique-de-la-sexualite-legs-et-litterature-no-13\/","og_locale":"fr_FR","og_type":"article","og_title":"Po\u00e9tique de la Sexualit\u00e9. Legs et Litt\u00e9rature no 13 | LEGS &Eacute;DITION","og_description":"Auteur : Collectif (Sous la direction de Mourad Loudiyi et Ulysse Mentor) Illustration de couverture : \u00c9lo\u00efse Philippon (Collection Festival Arts) Date de parution : 31 mai 2019 Avec le pr\u00e9cieux soutien de la Fondation connaissance et libert\u00e9 (Fokal) ISBN...","og_url":"https:\/\/legsedition.net\/public\/poetique-de-la-sexualite-legs-et-litterature-no-13\/","og_site_name":"LEGS &Eacute;DITION","article_publisher":"https:\/\/web.facebook.com\/LegsEtLitterature\/","article_modified_time":"2026-02-04T18:59:45+00:00","og_image":[{"width":334,"height":498,"url":"https:\/\/legsedition.net\/public\/wp-content\/uploads\/2019\/01\/cover_legs_13.png","type":"image\/png"}],"twitter_card":"summary_large_image","twitter_misc":{"Dur\u00e9e de lecture estim\u00e9e":"3 minutes"},"schema":{"@context":"https:\/\/schema.org","@graph":[{"@type":"WebPage","@id":"https:\/\/legsedition.net\/public\/poetique-de-la-sexualite-legs-et-litterature-no-13\/","url":"https:\/\/legsedition.net\/public\/poetique-de-la-sexualite-legs-et-litterature-no-13\/","name":"Po\u00e9tique de la Sexualit\u00e9. Legs et Litt\u00e9rature no 13 | LEGS &Eacute;DITION","isPartOf":{"@id":"https:\/\/legsedition.net\/public\/#website"},"primaryImageOfPage":{"@id":"https:\/\/legsedition.net\/public\/poetique-de-la-sexualite-legs-et-litterature-no-13\/#primaryimage"},"image":{"@id":"https:\/\/legsedition.net\/public\/poetique-de-la-sexualite-legs-et-litterature-no-13\/#primaryimage"},"thumbnailUrl":"https:\/\/legsedition.net\/public\/wp-content\/uploads\/2019\/01\/cover_legs_13.png","datePublished":"2019-06-14T17:50:50+00:00","dateModified":"2026-02-04T18:59:45+00:00","breadcrumb":{"@id":"https:\/\/legsedition.net\/public\/poetique-de-la-sexualite-legs-et-litterature-no-13\/#breadcrumb"},"inLanguage":"fr-FR","potentialAction":[{"@type":"ReadAction","target":["https:\/\/legsedition.net\/public\/poetique-de-la-sexualite-legs-et-litterature-no-13\/"]}]},{"@type":"ImageObject","inLanguage":"fr-FR","@id":"https:\/\/legsedition.net\/public\/poetique-de-la-sexualite-legs-et-litterature-no-13\/#primaryimage","url":"https:\/\/legsedition.net\/public\/wp-content\/uploads\/2019\/01\/cover_legs_13.png","contentUrl":"https:\/\/legsedition.net\/public\/wp-content\/uploads\/2019\/01\/cover_legs_13.png","width":334,"height":498},{"@type":"BreadcrumbList","@id":"https:\/\/legsedition.net\/public\/poetique-de-la-sexualite-legs-et-litterature-no-13\/#breadcrumb","itemListElement":[{"@type":"ListItem","position":1,"name":"Home","item":"https:\/\/legsedition.net\/public\/"},{"@type":"ListItem","position":2,"name":"Po\u00e9tique de la Sexualit\u00e9. Legs et Litt\u00e9rature no 13"}]},{"@type":"WebSite","@id":"https:\/\/legsedition.net\/public\/#website","url":"https:\/\/legsedition.net\/public\/","name":"LEGS &Eacute;DITION","description":"","potentialAction":[{"@type":"SearchAction","target":{"@type":"EntryPoint","urlTemplate":"https:\/\/legsedition.net\/public\/?s={search_term_string}"},"query-input":{"@type":"PropertyValueSpecification","valueRequired":true,"valueName":"search_term_string"}}],"inLanguage":"fr-FR"}]}},"_links":{"self":[{"href":"https:\/\/legsedition.net\/public\/wp-json\/wp\/v2\/pages\/2908","targetHints":{"allow":["GET"]}}],"collection":[{"href":"https:\/\/legsedition.net\/public\/wp-json\/wp\/v2\/pages"}],"about":[{"href":"https:\/\/legsedition.net\/public\/wp-json\/wp\/v2\/types\/page"}],"author":[{"embeddable":true,"href":"https:\/\/legsedition.net\/public\/wp-json\/wp\/v2\/users\/2"}],"replies":[{"embeddable":true,"href":"https:\/\/legsedition.net\/public\/wp-json\/wp\/v2\/comments?post=2908"}],"version-history":[{"count":4,"href":"https:\/\/legsedition.net\/public\/wp-json\/wp\/v2\/pages\/2908\/revisions"}],"predecessor-version":[{"id":5098,"href":"https:\/\/legsedition.net\/public\/wp-json\/wp\/v2\/pages\/2908\/revisions\/5098"}],"wp:featuredmedia":[{"embeddable":true,"href":"https:\/\/legsedition.net\/public\/wp-json\/wp\/v2\/media\/2702"}],"wp:attachment":[{"href":"https:\/\/legsedition.net\/public\/wp-json\/wp\/v2\/media?parent=2908"}],"curies":[{"name":"wp","href":"https:\/\/api.w.org\/{rel}","templated":true}]}}