{"id":3032,"date":"2019-07-27T18:00:59","date_gmt":"2019-07-27T18:00:59","guid":{"rendered":"https:\/\/legsedition.net\/public\/?page_id=3032"},"modified":"2023-04-07T20:21:43","modified_gmt":"2023-04-07T20:21:43","slug":"niels-planel","status":"publish","type":"page","link":"https:\/\/legsedition.net\/public\/niels-planel\/","title":{"rendered":"Niels Planel"},"content":{"rendered":"<p><a href=\"https:\/\/legsedition.net\/public\/wp-content\/uploads\/2019\/07\/Niels-1.jpg\"><img fetchpriority=\"high\" decoding=\"async\" class=\"alignleft wp-image-3034 \" src=\"https:\/\/legsedition.net\/public\/wp-content\/uploads\/2019\/07\/Niels-1.jpg\" alt=\"\" width=\"213\" height=\"325\" srcset=\"https:\/\/legsedition.net\/public\/wp-content\/uploads\/2019\/07\/Niels-1.jpg 1073w, https:\/\/legsedition.net\/public\/wp-content\/uploads\/2019\/07\/Niels-1-600x915.jpg 600w, https:\/\/legsedition.net\/public\/wp-content\/uploads\/2019\/07\/Niels-1-197x300.jpg 197w, https:\/\/legsedition.net\/public\/wp-content\/uploads\/2019\/07\/Niels-1-768x1172.jpg 768w, https:\/\/legsedition.net\/public\/wp-content\/uploads\/2019\/07\/Niels-1-671x1024.jpg 671w, https:\/\/legsedition.net\/public\/wp-content\/uploads\/2019\/07\/Niels-1-393x600.jpg 393w, https:\/\/legsedition.net\/public\/wp-content\/uploads\/2019\/07\/Niels-1-105x160.jpg 105w\" sizes=\"(max-width: 213px) 100vw, 213px\" \/><\/a>Niels Planel est Fran\u00e7ais, n\u00e9 \u00e0 Helsinki. Auteur de cinq livres, publi\u00e9s entre 2007 et 2019, d&rsquo;articles et d&rsquo;essais parus dans les plus grands journaux et revues intellectuelles en France, il a fait des \u00e9tudes \u00e0 l&rsquo;Institut national des langues et des civilisations orientales (Inalco) et \u00e0 Sciences Po \u00e0 Paris. Globetrotteur, il a visit\u00e9 pr\u00e8s de 60 pays \u00e0 travers le monde. Dipl\u00f4m\u00e9 de la Harvard Kennedy School, il y a re\u00e7u le prix Lucius Littauer d&rsquo;excellence acad\u00e9mique. <em>Paris-Tokyo. Po\u00e8me eurasien de langue fran\u00e7aise<\/em> est son premier recueil de po\u00e8mes.<\/p>\n<p>&nbsp;<\/p>\n<p>&nbsp;<\/p>\n<p>&nbsp;<\/p>\n<p><strong>Publication chez LEGS \u00c9DITION<\/strong><\/p>\n<p><em>Paris-Tokyo. Po\u00e8me eurasien de langue fran\u00e7aise<\/em>, 2019<\/p>\n<p><a href=\"https:\/\/legsedition.net\/public\/wp-content\/uploads\/2019\/06\/paris_tokyo_cover-1.png\"><img decoding=\"async\" class=\"alignnone size-medium wp-image-2994\" src=\"https:\/\/legsedition.net\/public\/wp-content\/uploads\/2019\/06\/paris_tokyo_cover-1-199x300.png\" alt=\"\" width=\"199\" height=\"300\" srcset=\"https:\/\/legsedition.net\/public\/wp-content\/uploads\/2019\/06\/paris_tokyo_cover-1-199x300.png 199w, https:\/\/legsedition.net\/public\/wp-content\/uploads\/2019\/06\/paris_tokyo_cover-1-106x160.png 106w, https:\/\/legsedition.net\/public\/wp-content\/uploads\/2019\/06\/paris_tokyo_cover-1.png 326w\" sizes=\"(max-width: 199px) 100vw, 199px\" \/><\/a><\/p>\n","protected":false},"excerpt":{"rendered":"<p>Niels Planel est Fran\u00e7ais, n\u00e9 \u00e0 Helsinki. Auteur de cinq livres, publi\u00e9s entre 2007 et 2019, d&rsquo;articles et d&rsquo;essais parus dans les plus grands journaux et revues intellectuelles en France, il a fait des \u00e9tudes \u00e0 l&rsquo;Institut national des langues&#8230;<\/p>\n","protected":false},"author":2,"featured_media":0,"parent":0,"menu_order":0,"comment_status":"closed","ping_status":"closed","template":"","meta":{"footnotes":""},"class_list":["post-3032","page","type-page","status-publish","hentry","no-post-thumbnail"],"yoast_head":"<!-- This site is optimized with the Yoast SEO plugin v27.3 - https:\/\/yoast.com\/product\/yoast-seo-wordpress\/ -->\n<title>Niels Planel | LEGS &Eacute;DITION<\/title>\n<meta name=\"robots\" content=\"index, follow, max-snippet:-1, max-image-preview:large, max-video-preview:-1\" \/>\n<link rel=\"canonical\" href=\"https:\/\/legsedition.net\/public\/niels-planel\/\" \/>\n<meta property=\"og:locale\" content=\"fr_FR\" \/>\n<meta property=\"og:type\" content=\"article\" \/>\n<meta property=\"og:title\" content=\"Niels Planel | LEGS &Eacute;DITION\" \/>\n<meta property=\"og:description\" content=\"Niels Planel est Fran\u00e7ais, n\u00e9 \u00e0 Helsinki. Auteur de cinq livres, publi\u00e9s entre 2007 et 2019, d&rsquo;articles et d&rsquo;essais parus dans les plus grands journaux et revues intellectuelles en France, il a fait des \u00e9tudes \u00e0 l&rsquo;Institut national des langues...\" \/>\n<meta property=\"og:url\" content=\"https:\/\/legsedition.net\/public\/niels-planel\/\" \/>\n<meta property=\"og:site_name\" content=\"LEGS &Eacute;DITION\" \/>\n<meta property=\"article:publisher\" content=\"https:\/\/web.facebook.com\/LegsEtLitterature\/\" \/>\n<meta property=\"article:modified_time\" content=\"2023-04-07T20:21:43+00:00\" \/>\n<meta property=\"og:image\" content=\"https:\/\/legsedition.net\/public\/wp-content\/uploads\/2019\/07\/Niels-1.jpg\" \/>\n<meta name=\"twitter:card\" content=\"summary_large_image\" \/>\n<meta name=\"twitter:label1\" content=\"Dur\u00e9e de lecture estim\u00e9e\" \/>\n\t<meta name=\"twitter:data1\" content=\"1 minute\" \/>\n<script type=\"application\/ld+json\" class=\"yoast-schema-graph\">{\"@context\":\"https:\\\/\\\/schema.org\",\"@graph\":[{\"@type\":\"WebPage\",\"@id\":\"https:\\\/\\\/legsedition.net\\\/public\\\/niels-planel\\\/\",\"url\":\"https:\\\/\\\/legsedition.net\\\/public\\\/niels-planel\\\/\",\"name\":\"Niels Planel | LEGS &Eacute;DITION\",\"isPartOf\":{\"@id\":\"https:\\\/\\\/legsedition.net\\\/public\\\/#website\"},\"primaryImageOfPage\":{\"@id\":\"https:\\\/\\\/legsedition.net\\\/public\\\/niels-planel\\\/#primaryimage\"},\"image\":{\"@id\":\"https:\\\/\\\/legsedition.net\\\/public\\\/niels-planel\\\/#primaryimage\"},\"thumbnailUrl\":\"https:\\\/\\\/legsedition.net\\\/public\\\/wp-content\\\/uploads\\\/2019\\\/07\\\/Niels-1.jpg\",\"datePublished\":\"2019-07-27T18:00:59+00:00\",\"dateModified\":\"2023-04-07T20:21:43+00:00\",\"breadcrumb\":{\"@id\":\"https:\\\/\\\/legsedition.net\\\/public\\\/niels-planel\\\/#breadcrumb\"},\"inLanguage\":\"fr-FR\",\"potentialAction\":[{\"@type\":\"ReadAction\",\"target\":[\"https:\\\/\\\/legsedition.net\\\/public\\\/niels-planel\\\/\"]}]},{\"@type\":\"ImageObject\",\"inLanguage\":\"fr-FR\",\"@id\":\"https:\\\/\\\/legsedition.net\\\/public\\\/niels-planel\\\/#primaryimage\",\"url\":\"https:\\\/\\\/legsedition.net\\\/public\\\/wp-content\\\/uploads\\\/2019\\\/07\\\/Niels-1.jpg\",\"contentUrl\":\"https:\\\/\\\/legsedition.net\\\/public\\\/wp-content\\\/uploads\\\/2019\\\/07\\\/Niels-1.jpg\",\"width\":1073,\"height\":1637},{\"@type\":\"BreadcrumbList\",\"@id\":\"https:\\\/\\\/legsedition.net\\\/public\\\/niels-planel\\\/#breadcrumb\",\"itemListElement\":[{\"@type\":\"ListItem\",\"position\":1,\"name\":\"Home\",\"item\":\"https:\\\/\\\/legsedition.net\\\/public\\\/\"},{\"@type\":\"ListItem\",\"position\":2,\"name\":\"Niels Planel\"}]},{\"@type\":\"WebSite\",\"@id\":\"https:\\\/\\\/legsedition.net\\\/public\\\/#website\",\"url\":\"https:\\\/\\\/legsedition.net\\\/public\\\/\",\"name\":\"LEGS &Eacute;DITION\",\"description\":\"\",\"potentialAction\":[{\"@type\":\"SearchAction\",\"target\":{\"@type\":\"EntryPoint\",\"urlTemplate\":\"https:\\\/\\\/legsedition.net\\\/public\\\/?s={search_term_string}\"},\"query-input\":{\"@type\":\"PropertyValueSpecification\",\"valueRequired\":true,\"valueName\":\"search_term_string\"}}],\"inLanguage\":\"fr-FR\"}]}<\/script>\n<!-- \/ Yoast SEO plugin. -->","yoast_head_json":{"title":"Niels Planel | LEGS &Eacute;DITION","robots":{"index":"index","follow":"follow","max-snippet":"max-snippet:-1","max-image-preview":"max-image-preview:large","max-video-preview":"max-video-preview:-1"},"canonical":"https:\/\/legsedition.net\/public\/niels-planel\/","og_locale":"fr_FR","og_type":"article","og_title":"Niels Planel | LEGS &Eacute;DITION","og_description":"Niels Planel est Fran\u00e7ais, n\u00e9 \u00e0 Helsinki. Auteur de cinq livres, publi\u00e9s entre 2007 et 2019, d&rsquo;articles et d&rsquo;essais parus dans les plus grands journaux et revues intellectuelles en France, il a fait des \u00e9tudes \u00e0 l&rsquo;Institut national des langues...","og_url":"https:\/\/legsedition.net\/public\/niels-planel\/","og_site_name":"LEGS &Eacute;DITION","article_publisher":"https:\/\/web.facebook.com\/LegsEtLitterature\/","article_modified_time":"2023-04-07T20:21:43+00:00","og_image":[{"url":"https:\/\/legsedition.net\/public\/wp-content\/uploads\/2019\/07\/Niels-1.jpg","type":"","width":"","height":""}],"twitter_card":"summary_large_image","twitter_misc":{"Dur\u00e9e de lecture estim\u00e9e":"1 minute"},"schema":{"@context":"https:\/\/schema.org","@graph":[{"@type":"WebPage","@id":"https:\/\/legsedition.net\/public\/niels-planel\/","url":"https:\/\/legsedition.net\/public\/niels-planel\/","name":"Niels Planel | LEGS &Eacute;DITION","isPartOf":{"@id":"https:\/\/legsedition.net\/public\/#website"},"primaryImageOfPage":{"@id":"https:\/\/legsedition.net\/public\/niels-planel\/#primaryimage"},"image":{"@id":"https:\/\/legsedition.net\/public\/niels-planel\/#primaryimage"},"thumbnailUrl":"https:\/\/legsedition.net\/public\/wp-content\/uploads\/2019\/07\/Niels-1.jpg","datePublished":"2019-07-27T18:00:59+00:00","dateModified":"2023-04-07T20:21:43+00:00","breadcrumb":{"@id":"https:\/\/legsedition.net\/public\/niels-planel\/#breadcrumb"},"inLanguage":"fr-FR","potentialAction":[{"@type":"ReadAction","target":["https:\/\/legsedition.net\/public\/niels-planel\/"]}]},{"@type":"ImageObject","inLanguage":"fr-FR","@id":"https:\/\/legsedition.net\/public\/niels-planel\/#primaryimage","url":"https:\/\/legsedition.net\/public\/wp-content\/uploads\/2019\/07\/Niels-1.jpg","contentUrl":"https:\/\/legsedition.net\/public\/wp-content\/uploads\/2019\/07\/Niels-1.jpg","width":1073,"height":1637},{"@type":"BreadcrumbList","@id":"https:\/\/legsedition.net\/public\/niels-planel\/#breadcrumb","itemListElement":[{"@type":"ListItem","position":1,"name":"Home","item":"https:\/\/legsedition.net\/public\/"},{"@type":"ListItem","position":2,"name":"Niels Planel"}]},{"@type":"WebSite","@id":"https:\/\/legsedition.net\/public\/#website","url":"https:\/\/legsedition.net\/public\/","name":"LEGS &Eacute;DITION","description":"","potentialAction":[{"@type":"SearchAction","target":{"@type":"EntryPoint","urlTemplate":"https:\/\/legsedition.net\/public\/?s={search_term_string}"},"query-input":{"@type":"PropertyValueSpecification","valueRequired":true,"valueName":"search_term_string"}}],"inLanguage":"fr-FR"}]}},"_links":{"self":[{"href":"https:\/\/legsedition.net\/public\/wp-json\/wp\/v2\/pages\/3032","targetHints":{"allow":["GET"]}}],"collection":[{"href":"https:\/\/legsedition.net\/public\/wp-json\/wp\/v2\/pages"}],"about":[{"href":"https:\/\/legsedition.net\/public\/wp-json\/wp\/v2\/types\/page"}],"author":[{"embeddable":true,"href":"https:\/\/legsedition.net\/public\/wp-json\/wp\/v2\/users\/2"}],"replies":[{"embeddable":true,"href":"https:\/\/legsedition.net\/public\/wp-json\/wp\/v2\/comments?post=3032"}],"version-history":[{"count":3,"href":"https:\/\/legsedition.net\/public\/wp-json\/wp\/v2\/pages\/3032\/revisions"}],"predecessor-version":[{"id":5487,"href":"https:\/\/legsedition.net\/public\/wp-json\/wp\/v2\/pages\/3032\/revisions\/5487"}],"wp:attachment":[{"href":"https:\/\/legsedition.net\/public\/wp-json\/wp\/v2\/media?parent=3032"}],"curies":[{"name":"wp","href":"https:\/\/api.w.org\/{rel}","templated":true}]}}