{"id":3041,"date":"2019-07-27T18:21:24","date_gmt":"2019-07-27T18:21:24","guid":{"rendered":"https:\/\/legsedition.net\/public\/?page_id=3041"},"modified":"2024-11-08T20:56:16","modified_gmt":"2024-11-08T20:56:16","slug":"leonor-de-recondo","status":"publish","type":"page","link":"https:\/\/legsedition.net\/public\/leonor-de-recondo\/","title":{"rendered":"L\u00e9onor de R\u00e9condo"},"content":{"rendered":"<p style=\"text-align: left;\"><a href=\"https:\/\/legsedition.net\/public\/wp-content\/uploads\/2019\/07\/photo_leonor2.jpg\"><img decoding=\"async\" class=\"size-thumbnail wp-image-3022 alignleft\" src=\"https:\/\/legsedition.net\/public\/wp-content\/uploads\/2019\/07\/photo_leonor2-150x150.jpg\" alt=\"\" width=\"150\" height=\"150\" srcset=\"https:\/\/legsedition.net\/public\/wp-content\/uploads\/2019\/07\/photo_leonor2-150x150.jpg 150w, https:\/\/legsedition.net\/public\/wp-content\/uploads\/2019\/07\/photo_leonor2-300x300.jpg 300w, https:\/\/legsedition.net\/public\/wp-content\/uploads\/2019\/07\/photo_leonor2-100x100.jpg 100w\" sizes=\"(max-width: 150px) 100vw, 150px\" \/><\/a>N\u00e9e le 10 ao\u00fbt 1976, L\u00e9onor de R\u00e9condo est une romanci\u00e8re et violoniste fran\u00e7aise. Son premier roman, <em>La Gr\u00e2ce du cypr\u00e8s<\/em>,\u00a0a \u00e9t\u00e9 publi\u00e9 en 2010 aux \u00e9ditions Le Temps qu&rsquo;il fait. Elle est l&rsquo;auteur de cinq autres romans parus chez <a href=\"https:\/\/www.swediteur.com\/auteur\/leonor-de-recondo\/\" target=\"_blank\" rel=\"noopener\">Sabine Wespieser \u00e9diteur<\/a> dont <em>Amours <\/em>qui a re\u00e7u le\u00a0prix RTL\/Lire et du prix des Libraires en 2015, et <em>Point Cardinal\u00a0<\/em>(2017), couronn\u00e9 par le\u00a0prix du roman des \u00e9tudiants France Culture-T\u00e9l\u00e9rama. Elle vit \u00e0 Paris.<\/p>\n<hr \/>\n<p><strong>Publication chez LEGS \u00c9DITION<\/strong><\/p>\n<p><em><a href=\"https:\/\/legsedition.net\/public\/point-cardinal\/\" target=\"_blank\" rel=\"noopener\">Point Cardinal<\/a>,\u00a0<\/em>2019<\/p>\n<p><a href=\"https:\/\/legsedition.net\/public\/wp-content\/uploads\/2019\/07\/cover_leonor_de_recondo_dos.png\"><img fetchpriority=\"high\" decoding=\"async\" class=\"alignnone wp-image-2997 \" src=\"https:\/\/legsedition.net\/public\/wp-content\/uploads\/2019\/07\/cover_leonor_de_recondo_dos.png\" alt=\"\" width=\"216\" height=\"331\" srcset=\"https:\/\/legsedition.net\/public\/wp-content\/uploads\/2019\/07\/cover_leonor_de_recondo_dos.png 322w, https:\/\/legsedition.net\/public\/wp-content\/uploads\/2019\/07\/cover_leonor_de_recondo_dos-196x300.png 196w, https:\/\/legsedition.net\/public\/wp-content\/uploads\/2019\/07\/cover_leonor_de_recondo_dos-105x160.png 105w\" sizes=\"(max-width: 216px) 100vw, 216px\" \/><\/a><\/p>\n","protected":false},"excerpt":{"rendered":"<p>N\u00e9e le 10 ao\u00fbt 1976, L\u00e9onor de R\u00e9condo est une romanci\u00e8re et violoniste fran\u00e7aise. Son premier roman, La Gr\u00e2ce du cypr\u00e8s,\u00a0a \u00e9t\u00e9 publi\u00e9 en 2010 aux \u00e9ditions Le Temps qu&rsquo;il fait. Elle est l&rsquo;auteur de cinq autres romans parus chez&#8230;<\/p>\n","protected":false},"author":2,"featured_media":0,"parent":0,"menu_order":0,"comment_status":"closed","ping_status":"closed","template":"","meta":{"footnotes":""},"class_list":["post-3041","page","type-page","status-publish","hentry","no-post-thumbnail"],"yoast_head":"<!-- This site is optimized with the Yoast SEO plugin v27.3 - https:\/\/yoast.com\/product\/yoast-seo-wordpress\/ -->\n<title>L\u00e9onor de R\u00e9condo | LEGS &Eacute;DITION<\/title>\n<meta name=\"robots\" content=\"index, follow, max-snippet:-1, max-image-preview:large, max-video-preview:-1\" \/>\n<link rel=\"canonical\" href=\"https:\/\/legsedition.net\/public\/leonor-de-recondo\/\" \/>\n<meta property=\"og:locale\" content=\"fr_FR\" \/>\n<meta property=\"og:type\" content=\"article\" \/>\n<meta property=\"og:title\" content=\"L\u00e9onor de R\u00e9condo | LEGS &Eacute;DITION\" \/>\n<meta property=\"og:description\" content=\"N\u00e9e le 10 ao\u00fbt 1976, L\u00e9onor de R\u00e9condo est une romanci\u00e8re et violoniste fran\u00e7aise. Son premier roman, La Gr\u00e2ce du cypr\u00e8s,\u00a0a \u00e9t\u00e9 publi\u00e9 en 2010 aux \u00e9ditions Le Temps qu&rsquo;il fait. Elle est l&rsquo;auteur de cinq autres romans parus chez...\" \/>\n<meta property=\"og:url\" content=\"https:\/\/legsedition.net\/public\/leonor-de-recondo\/\" \/>\n<meta property=\"og:site_name\" content=\"LEGS &Eacute;DITION\" \/>\n<meta property=\"article:publisher\" content=\"https:\/\/web.facebook.com\/LegsEtLitterature\/\" \/>\n<meta property=\"article:modified_time\" content=\"2024-11-08T20:56:16+00:00\" \/>\n<meta property=\"og:image\" content=\"https:\/\/legsedition.net\/public\/wp-content\/uploads\/2019\/07\/photo_leonor2.jpg\" \/>\n\t<meta property=\"og:image:width\" content=\"1080\" \/>\n\t<meta property=\"og:image:height\" content=\"1536\" \/>\n\t<meta property=\"og:image:type\" content=\"image\/jpeg\" \/>\n<meta name=\"twitter:card\" content=\"summary_large_image\" \/>\n<meta name=\"twitter:label1\" content=\"Dur\u00e9e de lecture estim\u00e9e\" \/>\n\t<meta name=\"twitter:data1\" content=\"1 minute\" \/>\n<script type=\"application\/ld+json\" class=\"yoast-schema-graph\">{\"@context\":\"https:\\\/\\\/schema.org\",\"@graph\":[{\"@type\":\"WebPage\",\"@id\":\"https:\\\/\\\/legsedition.net\\\/public\\\/leonor-de-recondo\\\/\",\"url\":\"https:\\\/\\\/legsedition.net\\\/public\\\/leonor-de-recondo\\\/\",\"name\":\"L\u00e9onor de R\u00e9condo | LEGS &Eacute;DITION\",\"isPartOf\":{\"@id\":\"https:\\\/\\\/legsedition.net\\\/public\\\/#website\"},\"primaryImageOfPage\":{\"@id\":\"https:\\\/\\\/legsedition.net\\\/public\\\/leonor-de-recondo\\\/#primaryimage\"},\"image\":{\"@id\":\"https:\\\/\\\/legsedition.net\\\/public\\\/leonor-de-recondo\\\/#primaryimage\"},\"thumbnailUrl\":\"https:\\\/\\\/legsedition.net\\\/public\\\/wp-content\\\/uploads\\\/2019\\\/07\\\/photo_leonor2-150x150.jpg\",\"datePublished\":\"2019-07-27T18:21:24+00:00\",\"dateModified\":\"2024-11-08T20:56:16+00:00\",\"breadcrumb\":{\"@id\":\"https:\\\/\\\/legsedition.net\\\/public\\\/leonor-de-recondo\\\/#breadcrumb\"},\"inLanguage\":\"fr-FR\",\"potentialAction\":[{\"@type\":\"ReadAction\",\"target\":[\"https:\\\/\\\/legsedition.net\\\/public\\\/leonor-de-recondo\\\/\"]}]},{\"@type\":\"ImageObject\",\"inLanguage\":\"fr-FR\",\"@id\":\"https:\\\/\\\/legsedition.net\\\/public\\\/leonor-de-recondo\\\/#primaryimage\",\"url\":\"https:\\\/\\\/legsedition.net\\\/public\\\/wp-content\\\/uploads\\\/2019\\\/07\\\/photo_leonor2.jpg\",\"contentUrl\":\"https:\\\/\\\/legsedition.net\\\/public\\\/wp-content\\\/uploads\\\/2019\\\/07\\\/photo_leonor2.jpg\",\"width\":1080,\"height\":1536},{\"@type\":\"BreadcrumbList\",\"@id\":\"https:\\\/\\\/legsedition.net\\\/public\\\/leonor-de-recondo\\\/#breadcrumb\",\"itemListElement\":[{\"@type\":\"ListItem\",\"position\":1,\"name\":\"Home\",\"item\":\"https:\\\/\\\/legsedition.net\\\/public\\\/\"},{\"@type\":\"ListItem\",\"position\":2,\"name\":\"L\u00e9onor de R\u00e9condo\"}]},{\"@type\":\"WebSite\",\"@id\":\"https:\\\/\\\/legsedition.net\\\/public\\\/#website\",\"url\":\"https:\\\/\\\/legsedition.net\\\/public\\\/\",\"name\":\"LEGS &Eacute;DITION\",\"description\":\"\",\"potentialAction\":[{\"@type\":\"SearchAction\",\"target\":{\"@type\":\"EntryPoint\",\"urlTemplate\":\"https:\\\/\\\/legsedition.net\\\/public\\\/?s={search_term_string}\"},\"query-input\":{\"@type\":\"PropertyValueSpecification\",\"valueRequired\":true,\"valueName\":\"search_term_string\"}}],\"inLanguage\":\"fr-FR\"}]}<\/script>\n<!-- \/ Yoast SEO plugin. -->","yoast_head_json":{"title":"L\u00e9onor de R\u00e9condo | LEGS &Eacute;DITION","robots":{"index":"index","follow":"follow","max-snippet":"max-snippet:-1","max-image-preview":"max-image-preview:large","max-video-preview":"max-video-preview:-1"},"canonical":"https:\/\/legsedition.net\/public\/leonor-de-recondo\/","og_locale":"fr_FR","og_type":"article","og_title":"L\u00e9onor de R\u00e9condo | LEGS &Eacute;DITION","og_description":"N\u00e9e le 10 ao\u00fbt 1976, L\u00e9onor de R\u00e9condo est une romanci\u00e8re et violoniste fran\u00e7aise. Son premier roman, La Gr\u00e2ce du cypr\u00e8s,\u00a0a \u00e9t\u00e9 publi\u00e9 en 2010 aux \u00e9ditions Le Temps qu&rsquo;il fait. Elle est l&rsquo;auteur de cinq autres romans parus chez...","og_url":"https:\/\/legsedition.net\/public\/leonor-de-recondo\/","og_site_name":"LEGS &Eacute;DITION","article_publisher":"https:\/\/web.facebook.com\/LegsEtLitterature\/","article_modified_time":"2024-11-08T20:56:16+00:00","og_image":[{"width":1080,"height":1536,"url":"https:\/\/legsedition.net\/public\/wp-content\/uploads\/2019\/07\/photo_leonor2.jpg","type":"image\/jpeg"}],"twitter_card":"summary_large_image","twitter_misc":{"Dur\u00e9e de lecture estim\u00e9e":"1 minute"},"schema":{"@context":"https:\/\/schema.org","@graph":[{"@type":"WebPage","@id":"https:\/\/legsedition.net\/public\/leonor-de-recondo\/","url":"https:\/\/legsedition.net\/public\/leonor-de-recondo\/","name":"L\u00e9onor de R\u00e9condo | LEGS &Eacute;DITION","isPartOf":{"@id":"https:\/\/legsedition.net\/public\/#website"},"primaryImageOfPage":{"@id":"https:\/\/legsedition.net\/public\/leonor-de-recondo\/#primaryimage"},"image":{"@id":"https:\/\/legsedition.net\/public\/leonor-de-recondo\/#primaryimage"},"thumbnailUrl":"https:\/\/legsedition.net\/public\/wp-content\/uploads\/2019\/07\/photo_leonor2-150x150.jpg","datePublished":"2019-07-27T18:21:24+00:00","dateModified":"2024-11-08T20:56:16+00:00","breadcrumb":{"@id":"https:\/\/legsedition.net\/public\/leonor-de-recondo\/#breadcrumb"},"inLanguage":"fr-FR","potentialAction":[{"@type":"ReadAction","target":["https:\/\/legsedition.net\/public\/leonor-de-recondo\/"]}]},{"@type":"ImageObject","inLanguage":"fr-FR","@id":"https:\/\/legsedition.net\/public\/leonor-de-recondo\/#primaryimage","url":"https:\/\/legsedition.net\/public\/wp-content\/uploads\/2019\/07\/photo_leonor2.jpg","contentUrl":"https:\/\/legsedition.net\/public\/wp-content\/uploads\/2019\/07\/photo_leonor2.jpg","width":1080,"height":1536},{"@type":"BreadcrumbList","@id":"https:\/\/legsedition.net\/public\/leonor-de-recondo\/#breadcrumb","itemListElement":[{"@type":"ListItem","position":1,"name":"Home","item":"https:\/\/legsedition.net\/public\/"},{"@type":"ListItem","position":2,"name":"L\u00e9onor de R\u00e9condo"}]},{"@type":"WebSite","@id":"https:\/\/legsedition.net\/public\/#website","url":"https:\/\/legsedition.net\/public\/","name":"LEGS &Eacute;DITION","description":"","potentialAction":[{"@type":"SearchAction","target":{"@type":"EntryPoint","urlTemplate":"https:\/\/legsedition.net\/public\/?s={search_term_string}"},"query-input":{"@type":"PropertyValueSpecification","valueRequired":true,"valueName":"search_term_string"}}],"inLanguage":"fr-FR"}]}},"_links":{"self":[{"href":"https:\/\/legsedition.net\/public\/wp-json\/wp\/v2\/pages\/3041","targetHints":{"allow":["GET"]}}],"collection":[{"href":"https:\/\/legsedition.net\/public\/wp-json\/wp\/v2\/pages"}],"about":[{"href":"https:\/\/legsedition.net\/public\/wp-json\/wp\/v2\/types\/page"}],"author":[{"embeddable":true,"href":"https:\/\/legsedition.net\/public\/wp-json\/wp\/v2\/users\/2"}],"replies":[{"embeddable":true,"href":"https:\/\/legsedition.net\/public\/wp-json\/wp\/v2\/comments?post=3041"}],"version-history":[{"count":12,"href":"https:\/\/legsedition.net\/public\/wp-json\/wp\/v2\/pages\/3041\/revisions"}],"predecessor-version":[{"id":7220,"href":"https:\/\/legsedition.net\/public\/wp-json\/wp\/v2\/pages\/3041\/revisions\/7220"}],"wp:attachment":[{"href":"https:\/\/legsedition.net\/public\/wp-json\/wp\/v2\/media?parent=3041"}],"curies":[{"name":"wp","href":"https:\/\/api.w.org\/{rel}","templated":true}]}}