{"id":3113,"date":"2019-08-25T18:43:00","date_gmt":"2019-08-25T18:43:00","guid":{"rendered":"https:\/\/legsedition.net\/public\/?page_id=3113"},"modified":"2024-12-03T08:54:16","modified_gmt":"2024-12-03T08:54:16","slug":"coriolan-ardouin-2","status":"publish","type":"page","link":"https:\/\/legsedition.net\/public\/coriolan-ardouin-2\/","title":{"rendered":"Coriolan Ardouin"},"content":{"rendered":"<p>Coriolan Ardouin est n\u00e9 \u00e0 Port-au-Prince le 11 d\u00e9cembre 1812. Po\u00e8te r\u00e9cup\u00e9r\u00e9 par l&rsquo;\u00c9cole de 1836, il n&rsquo;a publi\u00e9 aucun recueil de po\u00e8mes. Ses textes ont paru dans des revues dont\u00a0<em>La revue des Colonies<\/em>,\u00a0<em>La Revue contemporaine<\/em>\u00a0et\u00a0<em>La Revue des Deux Mondes<\/em>. Il meurt en 1835 \u00e0 23 ans.<\/p>\n<p>Deux ans apr\u00e8s sa mort, soit en 1837, \u00c9mile Nau rassemble ses po\u00e8mes qu\u2019il publie sous le titre de\u00a0<em>Reliques d\u2019un po\u00e8te ha\u00eftien<\/em>.\u00a0 [<a href=\"https:\/\/ile-en-ile.org\/ardouin_coriolan\/\" target=\"_blank\" rel=\"noopener\">Lire sa pr\u00e9sentation sur Ile en Ile<\/a>]<\/p>\n<p><strong>Publication chez LEGS \u00c9DITION<\/strong><\/p>\n<p><em><a href=\"https:\/\/legsedition.net\/public\/poesies-completes\/\">Po\u00e9sies compl\u00e8tes<\/a>,\u00a0<\/em>2014<\/p>\n<p><a href=\"https:\/\/legsedition.net\/public\/wp-content\/uploads\/2021\/07\/Screenshot-197.png\"><img fetchpriority=\"high\" decoding=\"async\" class=\"wp-image-4057 size-medium alignleft\" src=\"https:\/\/legsedition.net\/public\/wp-content\/uploads\/2021\/07\/Screenshot-197-197x300.png\" alt=\"\" width=\"197\" height=\"300\" srcset=\"https:\/\/legsedition.net\/public\/wp-content\/uploads\/2021\/07\/Screenshot-197-197x300.png 197w, https:\/\/legsedition.net\/public\/wp-content\/uploads\/2021\/07\/Screenshot-197-105x160.png 105w, https:\/\/legsedition.net\/public\/wp-content\/uploads\/2021\/07\/Screenshot-197.png 299w\" sizes=\"(max-width: 197px) 100vw, 197px\" \/><\/a><\/p>\n","protected":false},"excerpt":{"rendered":"<p>Coriolan Ardouin est n\u00e9 \u00e0 Port-au-Prince le 11 d\u00e9cembre 1812. Po\u00e8te r\u00e9cup\u00e9r\u00e9 par l&rsquo;\u00c9cole de 1836, il n&rsquo;a publi\u00e9 aucun recueil de po\u00e8mes. Ses textes ont paru dans des revues dont\u00a0La revue des Colonies,\u00a0La Revue contemporaine\u00a0et\u00a0La Revue des Deux Mondes&#8230;.<\/p>\n","protected":false},"author":2,"featured_media":0,"parent":0,"menu_order":0,"comment_status":"closed","ping_status":"closed","template":"","meta":{"footnotes":""},"class_list":["post-3113","page","type-page","status-publish","hentry","no-post-thumbnail"],"yoast_head":"<!-- This site is optimized with the Yoast SEO plugin v27.4 - https:\/\/yoast.com\/product\/yoast-seo-wordpress\/ -->\n<title>Coriolan Ardouin | LEGS &Eacute;DITION<\/title>\n<meta name=\"robots\" content=\"index, follow, max-snippet:-1, max-image-preview:large, max-video-preview:-1\" \/>\n<link rel=\"canonical\" href=\"https:\/\/legsedition.net\/public\/coriolan-ardouin-2\/\" \/>\n<meta property=\"og:locale\" content=\"fr_FR\" \/>\n<meta property=\"og:type\" content=\"article\" \/>\n<meta property=\"og:title\" content=\"Coriolan Ardouin | LEGS &Eacute;DITION\" \/>\n<meta property=\"og:description\" content=\"Coriolan Ardouin est n\u00e9 \u00e0 Port-au-Prince le 11 d\u00e9cembre 1812. Po\u00e8te r\u00e9cup\u00e9r\u00e9 par l&rsquo;\u00c9cole de 1836, il n&rsquo;a publi\u00e9 aucun recueil de po\u00e8mes. Ses textes ont paru dans des revues dont\u00a0La revue des Colonies,\u00a0La Revue contemporaine\u00a0et\u00a0La Revue des Deux Mondes....\" \/>\n<meta property=\"og:url\" content=\"https:\/\/legsedition.net\/public\/coriolan-ardouin-2\/\" \/>\n<meta property=\"og:site_name\" content=\"LEGS &Eacute;DITION\" \/>\n<meta property=\"article:publisher\" content=\"https:\/\/web.facebook.com\/LegsEtLitterature\/\" \/>\n<meta property=\"article:modified_time\" content=\"2024-12-03T08:54:16+00:00\" \/>\n<meta property=\"og:image\" content=\"https:\/\/legsedition.net\/public\/wp-content\/uploads\/2021\/07\/Screenshot-197.png\" \/>\n\t<meta property=\"og:image:width\" content=\"299\" \/>\n\t<meta property=\"og:image:height\" content=\"456\" \/>\n\t<meta property=\"og:image:type\" content=\"image\/png\" \/>\n<meta name=\"twitter:card\" content=\"summary_large_image\" \/>\n<meta name=\"twitter:label1\" content=\"Dur\u00e9e de lecture estim\u00e9e\" \/>\n\t<meta name=\"twitter:data1\" content=\"1 minute\" \/>\n<script type=\"application\/ld+json\" class=\"yoast-schema-graph\">{\"@context\":\"https:\\\/\\\/schema.org\",\"@graph\":[{\"@type\":\"WebPage\",\"@id\":\"https:\\\/\\\/legsedition.net\\\/public\\\/coriolan-ardouin-2\\\/\",\"url\":\"https:\\\/\\\/legsedition.net\\\/public\\\/coriolan-ardouin-2\\\/\",\"name\":\"Coriolan Ardouin | LEGS &Eacute;DITION\",\"isPartOf\":{\"@id\":\"https:\\\/\\\/legsedition.net\\\/public\\\/#website\"},\"primaryImageOfPage\":{\"@id\":\"https:\\\/\\\/legsedition.net\\\/public\\\/coriolan-ardouin-2\\\/#primaryimage\"},\"image\":{\"@id\":\"https:\\\/\\\/legsedition.net\\\/public\\\/coriolan-ardouin-2\\\/#primaryimage\"},\"thumbnailUrl\":\"https:\\\/\\\/legsedition.net\\\/public\\\/wp-content\\\/uploads\\\/2021\\\/07\\\/Screenshot-197-197x300.png\",\"datePublished\":\"2019-08-25T18:43:00+00:00\",\"dateModified\":\"2024-12-03T08:54:16+00:00\",\"breadcrumb\":{\"@id\":\"https:\\\/\\\/legsedition.net\\\/public\\\/coriolan-ardouin-2\\\/#breadcrumb\"},\"inLanguage\":\"fr-FR\",\"potentialAction\":[{\"@type\":\"ReadAction\",\"target\":[\"https:\\\/\\\/legsedition.net\\\/public\\\/coriolan-ardouin-2\\\/\"]}]},{\"@type\":\"ImageObject\",\"inLanguage\":\"fr-FR\",\"@id\":\"https:\\\/\\\/legsedition.net\\\/public\\\/coriolan-ardouin-2\\\/#primaryimage\",\"url\":\"https:\\\/\\\/legsedition.net\\\/public\\\/wp-content\\\/uploads\\\/2021\\\/07\\\/Screenshot-197.png\",\"contentUrl\":\"https:\\\/\\\/legsedition.net\\\/public\\\/wp-content\\\/uploads\\\/2021\\\/07\\\/Screenshot-197.png\",\"width\":299,\"height\":456},{\"@type\":\"BreadcrumbList\",\"@id\":\"https:\\\/\\\/legsedition.net\\\/public\\\/coriolan-ardouin-2\\\/#breadcrumb\",\"itemListElement\":[{\"@type\":\"ListItem\",\"position\":1,\"name\":\"Home\",\"item\":\"https:\\\/\\\/legsedition.net\\\/public\\\/\"},{\"@type\":\"ListItem\",\"position\":2,\"name\":\"Coriolan Ardouin\"}]},{\"@type\":\"WebSite\",\"@id\":\"https:\\\/\\\/legsedition.net\\\/public\\\/#website\",\"url\":\"https:\\\/\\\/legsedition.net\\\/public\\\/\",\"name\":\"LEGS &Eacute;DITION\",\"description\":\"\",\"potentialAction\":[{\"@type\":\"SearchAction\",\"target\":{\"@type\":\"EntryPoint\",\"urlTemplate\":\"https:\\\/\\\/legsedition.net\\\/public\\\/?s={search_term_string}\"},\"query-input\":{\"@type\":\"PropertyValueSpecification\",\"valueRequired\":true,\"valueName\":\"search_term_string\"}}],\"inLanguage\":\"fr-FR\"}]}<\/script>\n<!-- \/ Yoast SEO plugin. -->","yoast_head_json":{"title":"Coriolan Ardouin | LEGS &Eacute;DITION","robots":{"index":"index","follow":"follow","max-snippet":"max-snippet:-1","max-image-preview":"max-image-preview:large","max-video-preview":"max-video-preview:-1"},"canonical":"https:\/\/legsedition.net\/public\/coriolan-ardouin-2\/","og_locale":"fr_FR","og_type":"article","og_title":"Coriolan Ardouin | LEGS &Eacute;DITION","og_description":"Coriolan Ardouin est n\u00e9 \u00e0 Port-au-Prince le 11 d\u00e9cembre 1812. Po\u00e8te r\u00e9cup\u00e9r\u00e9 par l&rsquo;\u00c9cole de 1836, il n&rsquo;a publi\u00e9 aucun recueil de po\u00e8mes. Ses textes ont paru dans des revues dont\u00a0La revue des Colonies,\u00a0La Revue contemporaine\u00a0et\u00a0La Revue des Deux Mondes....","og_url":"https:\/\/legsedition.net\/public\/coriolan-ardouin-2\/","og_site_name":"LEGS &Eacute;DITION","article_publisher":"https:\/\/web.facebook.com\/LegsEtLitterature\/","article_modified_time":"2024-12-03T08:54:16+00:00","og_image":[{"width":299,"height":456,"url":"https:\/\/legsedition.net\/public\/wp-content\/uploads\/2021\/07\/Screenshot-197.png","type":"image\/png"}],"twitter_card":"summary_large_image","twitter_misc":{"Dur\u00e9e de lecture estim\u00e9e":"1 minute"},"schema":{"@context":"https:\/\/schema.org","@graph":[{"@type":"WebPage","@id":"https:\/\/legsedition.net\/public\/coriolan-ardouin-2\/","url":"https:\/\/legsedition.net\/public\/coriolan-ardouin-2\/","name":"Coriolan Ardouin | LEGS &Eacute;DITION","isPartOf":{"@id":"https:\/\/legsedition.net\/public\/#website"},"primaryImageOfPage":{"@id":"https:\/\/legsedition.net\/public\/coriolan-ardouin-2\/#primaryimage"},"image":{"@id":"https:\/\/legsedition.net\/public\/coriolan-ardouin-2\/#primaryimage"},"thumbnailUrl":"https:\/\/legsedition.net\/public\/wp-content\/uploads\/2021\/07\/Screenshot-197-197x300.png","datePublished":"2019-08-25T18:43:00+00:00","dateModified":"2024-12-03T08:54:16+00:00","breadcrumb":{"@id":"https:\/\/legsedition.net\/public\/coriolan-ardouin-2\/#breadcrumb"},"inLanguage":"fr-FR","potentialAction":[{"@type":"ReadAction","target":["https:\/\/legsedition.net\/public\/coriolan-ardouin-2\/"]}]},{"@type":"ImageObject","inLanguage":"fr-FR","@id":"https:\/\/legsedition.net\/public\/coriolan-ardouin-2\/#primaryimage","url":"https:\/\/legsedition.net\/public\/wp-content\/uploads\/2021\/07\/Screenshot-197.png","contentUrl":"https:\/\/legsedition.net\/public\/wp-content\/uploads\/2021\/07\/Screenshot-197.png","width":299,"height":456},{"@type":"BreadcrumbList","@id":"https:\/\/legsedition.net\/public\/coriolan-ardouin-2\/#breadcrumb","itemListElement":[{"@type":"ListItem","position":1,"name":"Home","item":"https:\/\/legsedition.net\/public\/"},{"@type":"ListItem","position":2,"name":"Coriolan Ardouin"}]},{"@type":"WebSite","@id":"https:\/\/legsedition.net\/public\/#website","url":"https:\/\/legsedition.net\/public\/","name":"LEGS &Eacute;DITION","description":"","potentialAction":[{"@type":"SearchAction","target":{"@type":"EntryPoint","urlTemplate":"https:\/\/legsedition.net\/public\/?s={search_term_string}"},"query-input":{"@type":"PropertyValueSpecification","valueRequired":true,"valueName":"search_term_string"}}],"inLanguage":"fr-FR"}]}},"_links":{"self":[{"href":"https:\/\/legsedition.net\/public\/wp-json\/wp\/v2\/pages\/3113","targetHints":{"allow":["GET"]}}],"collection":[{"href":"https:\/\/legsedition.net\/public\/wp-json\/wp\/v2\/pages"}],"about":[{"href":"https:\/\/legsedition.net\/public\/wp-json\/wp\/v2\/types\/page"}],"author":[{"embeddable":true,"href":"https:\/\/legsedition.net\/public\/wp-json\/wp\/v2\/users\/2"}],"replies":[{"embeddable":true,"href":"https:\/\/legsedition.net\/public\/wp-json\/wp\/v2\/comments?post=3113"}],"version-history":[{"count":5,"href":"https:\/\/legsedition.net\/public\/wp-json\/wp\/v2\/pages\/3113\/revisions"}],"predecessor-version":[{"id":7546,"href":"https:\/\/legsedition.net\/public\/wp-json\/wp\/v2\/pages\/3113\/revisions\/7546"}],"wp:attachment":[{"href":"https:\/\/legsedition.net\/public\/wp-json\/wp\/v2\/media?parent=3113"}],"curies":[{"name":"wp","href":"https:\/\/api.w.org\/{rel}","templated":true}]}}