{"id":466,"date":"2017-12-14T22:43:36","date_gmt":"2017-12-14T22:43:36","guid":{"rendered":"http:\/\/legsedition.net\/public\/?page_id=466"},"modified":"2025-12-24T17:52:24","modified_gmt":"2025-12-24T17:52:24","slug":"legs-edition","status":"publish","type":"page","link":"https:\/\/legsedition.net\/public\/legs-edition\/","title":{"rendered":"LEGS \u00c9DITION"},"content":{"rendered":"<p><a href=\"http:\/\/legsedition.net\/public\/wp-content\/uploads\/2017\/12\/014841_44328031c08042b5957934cc9484a336.jpg\"><img fetchpriority=\"high\" decoding=\"async\" class=\"aligncenter wp-image-467 size-full\" src=\"http:\/\/legsedition.net\/public\/wp-content\/uploads\/2017\/12\/014841_44328031c08042b5957934cc9484a336.jpg\" alt=\"\" width=\"885\" height=\"360\" srcset=\"https:\/\/legsedition.net\/public\/wp-content\/uploads\/2017\/12\/014841_44328031c08042b5957934cc9484a336.jpg 885w, https:\/\/legsedition.net\/public\/wp-content\/uploads\/2017\/12\/014841_44328031c08042b5957934cc9484a336-600x244.jpg 600w, https:\/\/legsedition.net\/public\/wp-content\/uploads\/2017\/12\/014841_44328031c08042b5957934cc9484a336-300x122.jpg 300w, https:\/\/legsedition.net\/public\/wp-content\/uploads\/2017\/12\/014841_44328031c08042b5957934cc9484a336-768x312.jpg 768w\" sizes=\"(max-width: 885px) 100vw, 885px\" \/><\/a><\/p>\n<div id=\"c20sainlineContent\" class=\"c20sa_idm3jcuninlineContent\">\n<div id=\"i1uguoo8\" class=\"txtNew\">\n<h3 class=\"font_8\"><span style=\"color: #800000;\"><strong>La maison<\/strong><\/span><\/h3>\n<p class=\"font_8\">LEGS \u00c9DITION est une maison d\u2019\u00e9dition ind\u00e9pendante fond\u00e9e en\u00a0Ha\u00efti le 12 octobre 2012 par W\u00e9bert Charles, Mirline Pierre et Dieulermesson Petit Fr\u00e8re dans le but d\u2019accompagner, de promouvoir les auteurs ha\u00eftiens et francophones, de promouvoir et renouveler l&rsquo;enseignement de la litt\u00e9rature en Ha\u00efti en rendant disponibles les livres d&rsquo;auteurs classiques qui sont enseign\u00e9s au niveau secondaire, et de rendre dynamique le march\u00e9 du livre ha\u00eftien.<\/p>\n<p class=\"font_8\">Sp\u00e9cialis\u00e9e dans la r\u00e9\u00e9dition de textes litt\u00e9raires classiques, la maison publie \u00e9galement des \u0153uvres d\u2019auteurs contemporains, des livres-jeunesse, des livres p\u00e9dagogiques et une revue.<\/p>\n<p>LEGS \u00c9DITION publie dans neuf (9) collections : <em>Classique<\/em> qui reprend les livres rares et in\u00e9dits des grandes figures de la litt\u00e9rature classique et qui sont, en grande partie, enseign\u00e9es dans les \u00e9coles ; <em>Voix f\u00e9minines<\/em> regroupe les voix fortes, les textes majeurs de la litt\u00e9rature f\u00e9minine d\u2019Ha\u00efti ; la collection <em>Critique<\/em> publie des textes critiques, des r\u00e9flexions sur la litt\u00e9rature ; <em>Textes courts<\/em>, consacr\u00e9e \u00e0 la publication de courts romans ou de longues nouvelles ; <em>Jeunesse et Je d\u00e9couvre<\/em> destin\u00e9e aux enfants de 6 \u00e0 12 ans ; <em>Po\u00e9sie<\/em> accueille des recueils de po\u00e8mes d\u2019auteurs contemporains, <em>Centenaire<\/em> reprend les textes centenaires phares de grands auteurs ha\u00eftiens <em>Hybrides<\/em> pour les textes Hors-cat\u00e9gorie et\/ou francophones et <em>Paroles<\/em> consacr\u00e9e aux textes dramatiques.<\/p>\n<p class=\"font_8\">LEGS \u00c9DITION se trouve au num\u00e9ro 26, Delmas 8, Delmas Ha\u00efti, HT-6120.<\/p>\n<\/div>\n<p>La maison reconna\u00eet le pr\u00e9cieux soutien financier de la <a href=\"https:\/\/www.fokal.org\/\" target=\"_blank\" rel=\"noopener\">Fondation connaissance et libert\u00e9<\/a> (Fokal) \u00e0 travers son programme de subvention Art et Culture pour la publication de la revue <em>Legs et Litt\u00e9rature\u00a0<\/em>et de l&rsquo;<a href=\"https:\/\/www.alliance-editeurs.org\/\" target=\"_blank\" rel=\"noopener\">Alliance Internationale des \u00c9diteurs Ind\u00e9pendants<\/a> (AIEI) dans le cadre de son programme de fonds de solidarit\u00e9\u00a0exceptionnel aux maisons d&rsquo;\u00e9ditions touch\u00e9es par le Covid-19.<\/p>\n<p>Pour voir et t\u00e9l\u00e9charger notre catalogue, cliquer sur la photo ci-dessous :<\/p>\n<\/div>\n<div class=\"_3d-flip-book  fb3d-thumbnail-lightbox-mode\" data-id=\"7385\" data-mode=\"thumbnail-lightbox\" data-title=\"false\" data-template=\"short-white-book-view\" data-lightbox=\"dark-shadow\" data-urlparam=\"fb3d-page\" data-page-n=\"0\" data-pdf=\"\" data-tax=\"null\" data-thumbnail=\"\" data-cols=\"3\" data-book-template=\"default\" data-trigger=\"\"><\/div><script type=\"text\/javascript\">window.FB3D_CLIENT_DATA = window.FB3D_CLIENT_DATA || [];FB3D_CLIENT_DATA.push('eyJwb3N0cyI6eyI3Mzg1Ijp7IklEIjo3Mzg1LCJ0aXRsZSI6Ik5vdHJlIGNhdGFsb2d1ZSAxIiwidHlwZSI6InBkZiIsInJlYWR5X2Z1bmN0aW9uIjoiIiwiYm9va19zdHlsZSI6InZvbHVtZSIsImJvb2tfdGVtcGxhdGUiOiJub25lIiwib3V0bGluZSI6W10sImRhdGEiOnsicG9zdF9JRCI6Ijc2OTYiLCJndWlkIjoiaHR0cHM6XC9cL2xlZ3NlZGl0aW9uLm5ldFwvcHVibGljXC93cC1jb250ZW50XC91cGxvYWRzXC8yMDI0XC8xMVwvQ2F0YWxvZ3VlLUxlZ3MtRWRpdGlvbi0yMDI0LnBkZiIsInBkZl9wYWdlcyI6IjczIiwicGFnZXNfY3VzdG9taXphdGlvbiI6Im5vbmUifSwidGh1bWJuYWlsIjp7ImRhdGEiOnsicG9zdF9JRCI6IjAifSwidHlwZSI6ImF1dG8ifSwicHJvcHMiOnsiYmFja2dyb3VuZENvbG9yIjoiYXV0byIsImJhY2tncm91bmRJbWFnZSI6ImF1dG8iLCJiYWNrZ3JvdW5kU3R5bGUiOiJhdXRvIiwiaGlnaGxpZ2h0TGlua3MiOiJhdXRvIiwibGlnaHRpbmciOiJhdXRvIiwic2luZ2xlUGFnZU1vZGUiOiJhdXRvIiwiY2FjaGVkUGFnZXMiOiJhdXRvIiwicmVuZGVySW5hY3RpdmVQYWdlcyI6ImF1dG8iLCJyZW5kZXJJbmFjdGl2ZVBhZ2VzT25Nb2JpbGUiOiJhdXRvIiwicmVuZGVyV2hpbGVGbGlwcGluZyI6ImF1dG8iLCJwcmVsb2FkUGFnZXMiOiJhdXRvIiwiYXV0b1BsYXlEdXJhdGlvbiI6ImF1dG8iLCJydGwiOiJhdXRvIiwiaW50ZXJhY3RpdmVDb3JuZXJzIjoiYXV0byIsIm1heERlcHRoIjoiYXV0byIsInNoZWV0Ijp7InN0YXJ0VmVsb2NpdHkiOiJhdXRvIiwid2F2ZSI6ImF1dG8iLCJzaGFwZSI6ImF1dG8iLCJ3aWR0aFRleGVscyI6ImF1dG8iLCJjb2xvciI6ImF1dG8iLCJzaWRlIjoiYXV0byIsInN0cmV0Y2hJbWFnZXMiOiJhdXRvIiwiY29ybmVyRGV2aWF0aW9uIjoiYXV0byIsImZsZXhpYmlsaXR5IjoiYXV0byIsImZsZXhpYmxlQ29ybmVyIjoiYXV0byIsImJlbmRpbmciOiJhdXRvIiwiaGVpZ2h0VGV4ZWxzIjoiYXV0byJ9LCJjb3ZlciI6eyJ3YXZlIjoiYXV0byIsImNvbG9yIjoiYXV0byIsInNpZGUiOiJhdXRvIiwic3RyZXRjaEltYWdlcyI6ImF1dG8iLCJiaW5kZXJUZXh0dXJlIjoiYXV0byIsImRlcHRoIjoiYXV0byIsInBhZGRpbmciOiJhdXRvIiwic3RhcnRWZWxvY2l0eSI6ImF1dG8iLCJmbGV4aWJpbGl0eSI6ImF1dG8iLCJmbGV4aWJsZUNvcm5lciI6ImF1dG8iLCJiZW5kaW5nIjoiYXV0byIsIndpZHRoVGV4ZWxzIjoiYXV0byIsImhlaWdodFRleGVscyI6ImF1dG8iLCJtYXNzIjoiYXV0byIsInNoYXBlIjoiYXV0byJ9LCJwYWdlIjp7IndhdmUiOiJhdXRvIiwiY29sb3IiOiJhdXRvIiwic2lkZSI6ImF1dG8iLCJzdHJldGNoSW1hZ2VzIjoiYXV0byIsImRlcHRoIjoiYXV0byIsInN0YXJ0VmVsb2NpdHkiOiJhdXRvIiwiZmxleGliaWxpdHkiOiJhdXRvIiwiZmxleGlibGVDb3JuZXIiOiJhdXRvIiwiYmVuZGluZyI6ImF1dG8iLCJ3aWR0aFRleGVscyI6ImF1dG8iLCJoZWlnaHRUZXhlbHMiOiJhdXRvIiwibWFzcyI6ImF1dG8iLCJzaGFwZSI6ImF1dG8ifSwiaGVpZ2h0IjoiYXV0byIsIndpZHRoIjoiYXV0byIsImdyYXZpdHkiOiJhdXRvIiwicGFnZXNGb3JQcmVkaWN0aW5nIjoiYXV0byJ9LCJjb250cm9sUHJvcHMiOnsiYWN0aW9ucyI6eyJjbWRUb2MiOnsiZW5hYmxlZCI6ImF1dG8iLCJlbmFibGVkSW5OYXJyb3ciOiJhdXRvIiwiYWN0aXZlIjoiYXV0byIsImRlZmF1bHRUYWIiOiJhdXRvIn0sImNtZEF1dG9QbGF5Ijp7ImVuYWJsZWQiOiJhdXRvIiwiZW5hYmxlZEluTmFycm93IjoiYXV0byIsImFjdGl2ZSI6ImF1dG8ifSwiY21kU2F2ZSI6eyJlbmFibGVkIjoiYXV0byIsImVuYWJsZWRJbk5hcnJvdyI6ImF1dG8ifSwiY21kUHJpbnQiOnsiZW5hYmxlZCI6ImF1dG8iLCJlbmFibGVkSW5OYXJyb3ciOiJhdXRvIn0sImNtZFNpbmdsZVBhZ2UiOnsiZW5hYmxlZCI6ImF1dG8iLCJlbmFibGVkSW5OYXJyb3ciOiJhdXRvIiwiYWN0aXZlIjoiYXV0byIsImFjdGl2ZUZvck1vYmlsZSI6ImF1dG8ifSwid2lkVG9vbGJhciI6eyJlbmFibGVkIjoiYXV0byIsImVuYWJsZWRJbk5hcnJvdyI6ImF1dG8ifX19LCJhdXRvVGh1bWJuYWlsIjoiaHR0cHM6XC9cL2xlZ3NlZGl0aW9uLm5ldFwvcHVibGljXC93cC1jb250ZW50XC91cGxvYWRzXC8zZC1mbGlwLWJvb2tcL2F1dG8tdGh1bWJuYWlsc1wvNzM4NS5wbmciLCJwb3N0X25hbWUiOiJub3RyZS1jYXRhbG9ndWUiLCJwb3N0X3R5cGUiOiIzZC1mbGlwLWJvb2sifX0sInBhZ2VzIjpbXSwiZmlyc3RQYWdlcyI6W119');window.FB3D_CLIENT_LOCALE && FB3D_CLIENT_LOCALE.render && FB3D_CLIENT_LOCALE.render();<\/script>\n<p>&#8211;<\/p>\n<p><span style=\"color: #ff0000; font-size: revert; font-weight: revert;\">Les collections<\/span><\/p>\n<div id=\"c20sainlineContent\" class=\"c20sa_idm3jcuninlineContent\">\n<div id=\"i1uguoo8\" class=\"txtNew\">\n<p><strong>Centenaire<\/strong><\/p>\n<p>La collection <em>Centenaire<\/em> est destin\u00e9e \u00e0 la publication des \u0153uvres ou des \u00e9crivains centenaires de la litt\u00e9rature ha\u00eftienne. <a href=\"https:\/\/legsedition.net\/public\/collection-centenaire\/\" target=\"_blank\" rel=\"noopener\">[Pour en savoir plus]\u00a0<\/a><\/p>\n<p><strong>Classique<\/strong><\/p>\n<p>\u00c0 la question par quoi doit commencer un jeune lecteur, Dany Laferri\u00e8re, \u00e9minent \u00e9crivain ha\u00eftien admis \u00e0 l\u2019Acad\u00e9mie fran\u00e7aise en 2013, r\u00e9pond par les Classiques. Lire les classiques. La grande question aujourd\u2019hui n\u2019est pas si Dany Laferri\u00e8re a raison ou pas, mais quel usage a-t-on fait de nos Classiques ? De l\u00e0 surgit notre responsabilit\u00e9 envers nos a\u00een\u00e9s. <a href=\"https:\/\/legsedition.net\/public\/collection-classique\/\" target=\"_blank\" rel=\"noopener\">[Pour en savoir plus]<\/a><\/p>\n<p><strong>Critique<\/strong><\/p>\n<p>L\u2019histoire de la critique litt\u00e9raire en Ha\u00efti remonte \u00e0 l\u2019\u00c9cole de 1836, pr\u00e9cis\u00e9ment \u00e0 \u00c9mile Nau, auteur de\u00a0<em>Reliques d\u2019un po\u00e8te ha\u00eftien<\/em>\u00a0qui ne sont autre que des notes sur la po\u00e9sie de Coriolan Ardouin. Le d\u00e9but du 20\u00e8me si\u00e8cle doit beaucoup \u00e0 des \u00e9crivains comme Seymour Pradel, Edmond Laforest, les membres des revues<em>..<\/em>. <a href=\"https:\/\/legsedition.net\/public\/collection-critique\/\" target=\"_blank\" rel=\"noopener\">[Pour en savoir plus]<\/a><\/p>\n<p><strong>Hybrides<\/strong><\/p>\n<p>La collection <em>Hybrides<\/em> est destin\u00e9e \u00e0 la publication des \u0153uvres ou des \u00e9crivains ha\u00eftiens et \u00e9trangers hors-cat\u00e9gorie. [<a href=\"https:\/\/legsedition.net\/public\/collection-hybrides\/\" target=\"_blank\" rel=\"noopener\">Pour en savoir plus<\/a>]<\/p>\n<p><strong>Je d\u00e9couvre&#8230; | Jeunesse<\/strong><\/p>\n<p>\u00c9crire pour les enfants est un acte noble. C\u2019est une belle formule pour les affranchir de l\u2019ennui, la solitude et de leur permettre de se r\u00e9aliser pleinement. La collection <em>Je d\u00e9couvre\u2026\/Jeunesse<\/em> pr\u00e9sente aux enfants les personnages&#8230; <a href=\"https:\/\/legsedition.net\/public\/collection-je-decouvre-jeunesse\/\" target=\"_blank\" rel=\"noopener\">[Pour en savoir plus]<\/a><\/p>\n<p><strong>Paroles<\/strong><\/p>\n<p><em>Paroles<\/em>, \u00e0 la fois comme marqueur de temporalit\u00e9 et expression de la spatialit\u00e9, mais aussi pour \u00e9voquer l\u2019id\u00e9e que toute l\u2019histoire de la vie humaine est constitu\u00e9e de sc\u00e8nes et tout appelle \u00e0 la repr\u00e9sentation, la\u00a0<em>mimesis<\/em>&#8230; [<a href=\"https:\/\/legsedition.net\/public\/collection-paroles\/\" target=\"_blank\" rel=\"noopener\">Pour en savoir plus<\/a>]<\/p>\n<p><strong>Po\u00e9sie<\/strong><\/p>\n<p>La po\u00e9sie est l\u2019un des genres les plus pris\u00e9s dans la litt\u00e9rature. Du 19e si\u00e8cle o\u00f9 l\u2019on a vu les premiers balbutiements de cette litt\u00e9rature jusqu\u2019\u00e0 l\u2019\u00e9poque contemporaine, la po\u00e9sie a toujours \u00e9t\u00e9 le canal par lequel les \u00e9crivains exprimaient leur \u00e2me et leur \u00eatre. Soit pour dire leur d\u00e9sespoir d\u2019un \u00eatre aim\u00e9, soit pour exprimer le malaise&#8230; <a href=\"https:\/\/legsedition.net\/public\/collection-poesie\/\" target=\"_blank\" rel=\"noopener\">[Pour en savoir plus]<\/a><\/p>\n<p><strong>Textes courts<\/strong><\/p>\n<p>\u00c9crire pour dire la rumeur du monde, les chants d\u2019aurore et les bruits du cr\u00e9puscule. Voil\u00e0 une \u00e9nigme \u00e0 laquelle tout cr\u00e9ateur est confront\u00e9 et dont il se propose de r\u00e9soudre. \u00c9crire pour retenir chaque trait de nos actes manqu\u00e9s, chaque signe de nos silences et chaque ombre qui se dissout dans le sillage&#8230;<a href=\"https:\/\/legsedition.net\/public\/collection-textes-courts\/\" target=\"_blank\" rel=\"noopener\">[Pour en savoir plus]<\/a><\/p>\n<p><strong>Voix F\u00e9minines<\/strong><\/p>\n<p>Les manuels d\u2019histoire litt\u00e9raire ha\u00eftienne font rarement mention de la production des femmes en Ha\u00efti. Ainsi, de 1804 \u00e0 1904, les critiques et historiens de la litt\u00e9rature n\u2019ont fait mention que de Virginie Sampeur. Mais, l\u00e0 encore, c\u2019est toujours par rapport \u00e0 son amant Oswald Durand qu\u2019on la d\u00e9crit. De telle sorte que lorsqu\u2019on parle de Virginie Sampeur, c\u2019est d\u2019Oswald Durand qu\u2019on finit par parler.<a href=\"https:\/\/legsedition.net\/public\/collection-voix-feminines\/\" target=\"_blank\" rel=\"noopener\">[Pour en savoir plus]<\/a><\/p>\n<\/div>\n<\/div>\n","protected":false},"excerpt":{"rendered":"<p>La maison LEGS \u00c9DITION est une maison d\u2019\u00e9dition ind\u00e9pendante fond\u00e9e en\u00a0Ha\u00efti le 12 octobre 2012 par W\u00e9bert Charles, Mirline Pierre et Dieulermesson Petit Fr\u00e8re dans le but d\u2019accompagner, de promouvoir les auteurs ha\u00eftiens et francophones, de promouvoir et renouveler l&rsquo;enseignement&#8230;<\/p>\n","protected":false},"author":1,"featured_media":0,"parent":0,"menu_order":0,"comment_status":"closed","ping_status":"closed","template":"","meta":{"footnotes":""},"class_list":["post-466","page","type-page","status-publish","hentry","no-post-thumbnail"],"yoast_head":"<!-- This site is optimized with the Yoast SEO plugin v27.3 - https:\/\/yoast.com\/product\/yoast-seo-wordpress\/ -->\n<title>LEGS \u00c9DITION | LEGS &Eacute;DITION<\/title>\n<meta name=\"robots\" content=\"index, follow, max-snippet:-1, max-image-preview:large, max-video-preview:-1\" \/>\n<link rel=\"canonical\" href=\"https:\/\/legsedition.net\/public\/legs-edition\/\" \/>\n<meta property=\"og:locale\" content=\"fr_FR\" \/>\n<meta property=\"og:type\" content=\"article\" \/>\n<meta property=\"og:title\" content=\"LEGS \u00c9DITION | LEGS &Eacute;DITION\" \/>\n<meta property=\"og:description\" content=\"La maison LEGS \u00c9DITION est une maison d\u2019\u00e9dition ind\u00e9pendante fond\u00e9e en\u00a0Ha\u00efti le 12 octobre 2012 par W\u00e9bert Charles, Mirline Pierre et Dieulermesson Petit Fr\u00e8re dans le but d\u2019accompagner, de promouvoir les auteurs ha\u00eftiens et francophones, de promouvoir et renouveler l&rsquo;enseignement...\" \/>\n<meta property=\"og:url\" content=\"https:\/\/legsedition.net\/public\/legs-edition\/\" \/>\n<meta property=\"og:site_name\" content=\"LEGS &Eacute;DITION\" \/>\n<meta property=\"article:publisher\" content=\"https:\/\/web.facebook.com\/LegsEtLitterature\/\" \/>\n<meta property=\"article:modified_time\" content=\"2025-12-24T17:52:24+00:00\" \/>\n<meta property=\"og:image\" content=\"https:\/\/legsedition.net\/public\/wp-content\/uploads\/2017\/12\/014841_44328031c08042b5957934cc9484a336.jpg\" \/>\n\t<meta property=\"og:image:width\" content=\"885\" \/>\n\t<meta property=\"og:image:height\" content=\"360\" \/>\n\t<meta property=\"og:image:type\" content=\"image\/jpeg\" \/>\n<meta name=\"twitter:card\" content=\"summary_large_image\" \/>\n<meta name=\"twitter:label1\" content=\"Dur\u00e9e de lecture estim\u00e9e\" \/>\n\t<meta name=\"twitter:data1\" content=\"5 minutes\" \/>\n<script type=\"application\/ld+json\" class=\"yoast-schema-graph\">{\"@context\":\"https:\\\/\\\/schema.org\",\"@graph\":[{\"@type\":\"WebPage\",\"@id\":\"https:\\\/\\\/legsedition.net\\\/public\\\/legs-edition\\\/\",\"url\":\"https:\\\/\\\/legsedition.net\\\/public\\\/legs-edition\\\/\",\"name\":\"LEGS \u00c9DITION | LEGS &Eacute;DITION\",\"isPartOf\":{\"@id\":\"https:\\\/\\\/legsedition.net\\\/public\\\/#website\"},\"primaryImageOfPage\":{\"@id\":\"https:\\\/\\\/legsedition.net\\\/public\\\/legs-edition\\\/#primaryimage\"},\"image\":{\"@id\":\"https:\\\/\\\/legsedition.net\\\/public\\\/legs-edition\\\/#primaryimage\"},\"thumbnailUrl\":\"http:\\\/\\\/legsedition.net\\\/public\\\/wp-content\\\/uploads\\\/2017\\\/12\\\/014841_44328031c08042b5957934cc9484a336.jpg\",\"datePublished\":\"2017-12-14T22:43:36+00:00\",\"dateModified\":\"2025-12-24T17:52:24+00:00\",\"breadcrumb\":{\"@id\":\"https:\\\/\\\/legsedition.net\\\/public\\\/legs-edition\\\/#breadcrumb\"},\"inLanguage\":\"fr-FR\",\"potentialAction\":[{\"@type\":\"ReadAction\",\"target\":[\"https:\\\/\\\/legsedition.net\\\/public\\\/legs-edition\\\/\"]}]},{\"@type\":\"ImageObject\",\"inLanguage\":\"fr-FR\",\"@id\":\"https:\\\/\\\/legsedition.net\\\/public\\\/legs-edition\\\/#primaryimage\",\"url\":\"http:\\\/\\\/legsedition.net\\\/public\\\/wp-content\\\/uploads\\\/2017\\\/12\\\/014841_44328031c08042b5957934cc9484a336.jpg\",\"contentUrl\":\"http:\\\/\\\/legsedition.net\\\/public\\\/wp-content\\\/uploads\\\/2017\\\/12\\\/014841_44328031c08042b5957934cc9484a336.jpg\"},{\"@type\":\"BreadcrumbList\",\"@id\":\"https:\\\/\\\/legsedition.net\\\/public\\\/legs-edition\\\/#breadcrumb\",\"itemListElement\":[{\"@type\":\"ListItem\",\"position\":1,\"name\":\"Home\",\"item\":\"https:\\\/\\\/legsedition.net\\\/public\\\/\"},{\"@type\":\"ListItem\",\"position\":2,\"name\":\"LEGS \u00c9DITION\"}]},{\"@type\":\"WebSite\",\"@id\":\"https:\\\/\\\/legsedition.net\\\/public\\\/#website\",\"url\":\"https:\\\/\\\/legsedition.net\\\/public\\\/\",\"name\":\"LEGS &Eacute;DITION\",\"description\":\"\",\"potentialAction\":[{\"@type\":\"SearchAction\",\"target\":{\"@type\":\"EntryPoint\",\"urlTemplate\":\"https:\\\/\\\/legsedition.net\\\/public\\\/?s={search_term_string}\"},\"query-input\":{\"@type\":\"PropertyValueSpecification\",\"valueRequired\":true,\"valueName\":\"search_term_string\"}}],\"inLanguage\":\"fr-FR\"}]}<\/script>\n<!-- \/ Yoast SEO plugin. -->","yoast_head_json":{"title":"LEGS \u00c9DITION | LEGS &Eacute;DITION","robots":{"index":"index","follow":"follow","max-snippet":"max-snippet:-1","max-image-preview":"max-image-preview:large","max-video-preview":"max-video-preview:-1"},"canonical":"https:\/\/legsedition.net\/public\/legs-edition\/","og_locale":"fr_FR","og_type":"article","og_title":"LEGS \u00c9DITION | LEGS &Eacute;DITION","og_description":"La maison LEGS \u00c9DITION est une maison d\u2019\u00e9dition ind\u00e9pendante fond\u00e9e en\u00a0Ha\u00efti le 12 octobre 2012 par W\u00e9bert Charles, Mirline Pierre et Dieulermesson Petit Fr\u00e8re dans le but d\u2019accompagner, de promouvoir les auteurs ha\u00eftiens et francophones, de promouvoir et renouveler l&rsquo;enseignement...","og_url":"https:\/\/legsedition.net\/public\/legs-edition\/","og_site_name":"LEGS &Eacute;DITION","article_publisher":"https:\/\/web.facebook.com\/LegsEtLitterature\/","article_modified_time":"2025-12-24T17:52:24+00:00","og_image":[{"width":885,"height":360,"url":"https:\/\/legsedition.net\/public\/wp-content\/uploads\/2017\/12\/014841_44328031c08042b5957934cc9484a336.jpg","type":"image\/jpeg"}],"twitter_card":"summary_large_image","twitter_misc":{"Dur\u00e9e de lecture estim\u00e9e":"5 minutes"},"schema":{"@context":"https:\/\/schema.org","@graph":[{"@type":"WebPage","@id":"https:\/\/legsedition.net\/public\/legs-edition\/","url":"https:\/\/legsedition.net\/public\/legs-edition\/","name":"LEGS \u00c9DITION | LEGS &Eacute;DITION","isPartOf":{"@id":"https:\/\/legsedition.net\/public\/#website"},"primaryImageOfPage":{"@id":"https:\/\/legsedition.net\/public\/legs-edition\/#primaryimage"},"image":{"@id":"https:\/\/legsedition.net\/public\/legs-edition\/#primaryimage"},"thumbnailUrl":"http:\/\/legsedition.net\/public\/wp-content\/uploads\/2017\/12\/014841_44328031c08042b5957934cc9484a336.jpg","datePublished":"2017-12-14T22:43:36+00:00","dateModified":"2025-12-24T17:52:24+00:00","breadcrumb":{"@id":"https:\/\/legsedition.net\/public\/legs-edition\/#breadcrumb"},"inLanguage":"fr-FR","potentialAction":[{"@type":"ReadAction","target":["https:\/\/legsedition.net\/public\/legs-edition\/"]}]},{"@type":"ImageObject","inLanguage":"fr-FR","@id":"https:\/\/legsedition.net\/public\/legs-edition\/#primaryimage","url":"http:\/\/legsedition.net\/public\/wp-content\/uploads\/2017\/12\/014841_44328031c08042b5957934cc9484a336.jpg","contentUrl":"http:\/\/legsedition.net\/public\/wp-content\/uploads\/2017\/12\/014841_44328031c08042b5957934cc9484a336.jpg"},{"@type":"BreadcrumbList","@id":"https:\/\/legsedition.net\/public\/legs-edition\/#breadcrumb","itemListElement":[{"@type":"ListItem","position":1,"name":"Home","item":"https:\/\/legsedition.net\/public\/"},{"@type":"ListItem","position":2,"name":"LEGS \u00c9DITION"}]},{"@type":"WebSite","@id":"https:\/\/legsedition.net\/public\/#website","url":"https:\/\/legsedition.net\/public\/","name":"LEGS &Eacute;DITION","description":"","potentialAction":[{"@type":"SearchAction","target":{"@type":"EntryPoint","urlTemplate":"https:\/\/legsedition.net\/public\/?s={search_term_string}"},"query-input":{"@type":"PropertyValueSpecification","valueRequired":true,"valueName":"search_term_string"}}],"inLanguage":"fr-FR"}]}},"_links":{"self":[{"href":"https:\/\/legsedition.net\/public\/wp-json\/wp\/v2\/pages\/466","targetHints":{"allow":["GET"]}}],"collection":[{"href":"https:\/\/legsedition.net\/public\/wp-json\/wp\/v2\/pages"}],"about":[{"href":"https:\/\/legsedition.net\/public\/wp-json\/wp\/v2\/types\/page"}],"author":[{"embeddable":true,"href":"https:\/\/legsedition.net\/public\/wp-json\/wp\/v2\/users\/1"}],"replies":[{"embeddable":true,"href":"https:\/\/legsedition.net\/public\/wp-json\/wp\/v2\/comments?post=466"}],"version-history":[{"count":76,"href":"https:\/\/legsedition.net\/public\/wp-json\/wp\/v2\/pages\/466\/revisions"}],"predecessor-version":[{"id":9048,"href":"https:\/\/legsedition.net\/public\/wp-json\/wp\/v2\/pages\/466\/revisions\/9048"}],"wp:attachment":[{"href":"https:\/\/legsedition.net\/public\/wp-json\/wp\/v2\/media?parent=466"}],"curies":[{"name":"wp","href":"https:\/\/api.w.org\/{rel}","templated":true}]}}