{"id":474,"date":"2017-12-18T21:50:33","date_gmt":"2017-12-18T21:50:33","guid":{"rendered":"http:\/\/legsedition.net\/public\/?page_id=474"},"modified":"2025-12-28T10:10:21","modified_gmt":"2025-12-28T10:10:21","slug":"collection-classique","status":"publish","type":"page","link":"https:\/\/legsedition.net\/public\/collection-classique\/","title":{"rendered":"Collection Classique"},"content":{"rendered":"<header class=\"entry-header\">\n<p class=\"entry-title\"><span style=\"font-size: 16px;\">Dir. <a href=\"https:\/\/carleton.ca\/french\/people\/frenand-leger\/\" target=\"_blank\" rel=\"noopener\">Frenand L\u00e9ger<\/a><\/span><\/p>\n<\/header>\n<p style=\"text-align: left;\"><a href=\"https:\/\/legsedition.net\/public\/wp-content\/uploads\/2021\/09\/Fleger.jpg\"><img decoding=\"async\" class=\"alignleft wp-image-4135 \" src=\"https:\/\/legsedition.net\/public\/wp-content\/uploads\/2021\/09\/Fleger.jpg\" alt=\"\" width=\"140\" height=\"140\" srcset=\"https:\/\/legsedition.net\/public\/wp-content\/uploads\/2021\/09\/Fleger.jpg 216w, https:\/\/legsedition.net\/public\/wp-content\/uploads\/2021\/09\/Fleger-150x150.jpg 150w, https:\/\/legsedition.net\/public\/wp-content\/uploads\/2021\/09\/Fleger-160x160.jpg 160w, https:\/\/legsedition.net\/public\/wp-content\/uploads\/2021\/09\/Fleger-100x100.jpg 100w\" sizes=\"(max-width: 140px) 100vw, 140px\" \/><\/a>\u00c0 la question par quoi doit commencer un jeune lecteur, Dany Laferri\u00e8re, \u00e9minent \u00e9crivain ha\u00eftien admis \u00e0 l\u2019Acad\u00e9mie fran\u00e7aise en 2013, r\u00e9pond par les Classiques. Lire les classiques. La grande question aujourd\u2019hui n\u2019est pas si Dany Laferri\u00e8re a raison ou pas, mais quel usage a-t-on fait de nos Classiques ? De l\u00e0 surgit notre responsabilit\u00e9 envers nos a\u00een\u00e9s.<\/p>\n<p>L\u2019id\u00e9e de reprendre les livres classiques de la litt\u00e9rature ha\u00eftienne est venue apr\u00e8s un constat. Au moment o\u00f9 l\u2019on parle de r\u00e9forme du syst\u00e8me \u00e9ducatif ha\u00eftien et d\u2019une promotion de la lecture, tout ce discours est vain si les livres ne sont pas disponibles \u00e0 bas prix et surtout en bonne qualit\u00e9.<\/p>\n<p>La collection <em>Classique<\/em> reprend les textes in\u00e9dits et rares des grands auteurs classiques ha\u00eftiens. Destin\u00e9e aux \u00e9l\u00e8ves du secondaire, cette collection publie au format poche les auteurs pr\u00e9sents dans le programme du cours de litt\u00e9rature ha\u00eftienne.<\/p>\n<p><b>\u0152uvres<\/b><strong>\u00a0publi\u00e9es<\/strong><\/p>\n<p><em><a href=\"https:\/\/legsedition.net\/public\/2021\/02\/28\/le-bal-masque-et-autres-nouvelles\/\" target=\"_blank\" rel=\"noopener\">Le bal masqu\u00e9\u00a0et autres nouvelles,<\/a>\u00a0<\/em>Ignace Nau<\/p>\n<p><a href=\"https:\/\/legsedition.net\/public\/wp-content\/uploads\/2021\/07\/La_bal_masque_nau.png\"><img fetchpriority=\"high\" decoding=\"async\" class=\"alignleft wp-image-4045 \" src=\"https:\/\/legsedition.net\/public\/wp-content\/uploads\/2021\/07\/La_bal_masque_nau.png\" alt=\"\" width=\"216\" height=\"323\" srcset=\"https:\/\/legsedition.net\/public\/wp-content\/uploads\/2021\/07\/La_bal_masque_nau.png 303w, https:\/\/legsedition.net\/public\/wp-content\/uploads\/2021\/07\/La_bal_masque_nau-200x300.png 200w, https:\/\/legsedition.net\/public\/wp-content\/uploads\/2021\/07\/La_bal_masque_nau-107x160.png 107w\" sizes=\"(max-width: 216px) 100vw, 216px\" \/><\/a><\/p>\n<p>_____________________________________________________________________<\/p>\n<p><em><a href=\"https:\/\/legsedition.net\/public\/mimola-ou-lhistoire-dune-cassette\/\" target=\"_blank\" rel=\"noopener\">Mimola ou L&rsquo;histoire d&rsquo;une cassette<\/a>,\u00a0<\/em>Antoine Innocent<\/p>\n<p><a href=\"https:\/\/legsedition.net\/public\/wp-content\/uploads\/2021\/07\/Cover_mimola.png\"><img decoding=\"async\" class=\"alignleft wp-image-4048 \" src=\"https:\/\/legsedition.net\/public\/wp-content\/uploads\/2021\/07\/Cover_mimola.png\" alt=\"\" width=\"215\" height=\"327\" srcset=\"https:\/\/legsedition.net\/public\/wp-content\/uploads\/2021\/07\/Cover_mimola.png 301w, https:\/\/legsedition.net\/public\/wp-content\/uploads\/2021\/07\/Cover_mimola-198x300.png 198w, https:\/\/legsedition.net\/public\/wp-content\/uploads\/2021\/07\/Cover_mimola-105x160.png 105w\" sizes=\"(max-width: 215px) 100vw, 215px\" \/><\/a><\/p>\n<p>_____________________________________________________________________<\/p>\n<p><a href=\"https:\/\/legsedition.net\/public\/2019\/08\/11\/stella\/\" target=\"_blank\" rel=\"noopener\">Stella<\/a>, \u00c9meric Bergeaud<\/p>\n<p><a href=\"https:\/\/legsedition.net\/public\/wp-content\/uploads\/2021\/07\/Cover_Stella.png\"><img loading=\"lazy\" decoding=\"async\" class=\"alignleft wp-image-4049 \" src=\"https:\/\/legsedition.net\/public\/wp-content\/uploads\/2021\/07\/Cover_Stella.png\" alt=\"\" width=\"216\" height=\"325\" srcset=\"https:\/\/legsedition.net\/public\/wp-content\/uploads\/2021\/07\/Cover_Stella.png 302w, https:\/\/legsedition.net\/public\/wp-content\/uploads\/2021\/07\/Cover_Stella-200x300.png 200w, https:\/\/legsedition.net\/public\/wp-content\/uploads\/2021\/07\/Cover_Stella-106x160.png 106w\" sizes=\"(max-width: 216px) 100vw, 216px\" \/><\/a><\/p>\n<p>_____________________________________________________________________<\/p>\n<p><a href=\"https:\/\/legsedition.net\/public\/poemes-choisis\/\" target=\"_blank\" rel=\"noopener\"><em>Po\u00e8mes choisis<\/em><\/a>, Oswald Durand<\/p>\n<p><a href=\"https:\/\/legsedition.net\/public\/wp-content\/uploads\/2021\/07\/Cover_Durand.png\"><img loading=\"lazy\" decoding=\"async\" class=\"alignleft wp-image-4050 \" src=\"https:\/\/legsedition.net\/public\/wp-content\/uploads\/2021\/07\/Cover_Durand.png\" alt=\"\" width=\"212\" height=\"320\" srcset=\"https:\/\/legsedition.net\/public\/wp-content\/uploads\/2021\/07\/Cover_Durand.png 301w, https:\/\/legsedition.net\/public\/wp-content\/uploads\/2021\/07\/Cover_Durand-199x300.png 199w, https:\/\/legsedition.net\/public\/wp-content\/uploads\/2021\/07\/Cover_Durand-106x160.png 106w\" sizes=\"(max-width: 212px) 100vw, 212px\" \/><\/a><\/p>\n<p>_____________________________________________________________________<\/p>\n<p><em><a href=\"https:\/\/legsedition.net\/public\/les-dix-hommes-noirs\/\" target=\"_blank\" rel=\"noopener\">Les dix hommes noirs<\/a>,\u00a0<\/em>Etzer Vilaire<\/p>\n<p><a href=\"https:\/\/legsedition.net\/public\/wp-content\/uploads\/2021\/07\/Cover_dix-hommes.png\"><img loading=\"lazy\" decoding=\"async\" class=\"alignleft wp-image-4052 \" src=\"https:\/\/legsedition.net\/public\/wp-content\/uploads\/2021\/07\/Cover_dix-hommes.png\" alt=\"\" width=\"217\" height=\"326\" srcset=\"https:\/\/legsedition.net\/public\/wp-content\/uploads\/2021\/07\/Cover_dix-hommes.png 301w, https:\/\/legsedition.net\/public\/wp-content\/uploads\/2021\/07\/Cover_dix-hommes-200x300.png 200w, https:\/\/legsedition.net\/public\/wp-content\/uploads\/2021\/07\/Cover_dix-hommes-107x160.png 107w\" sizes=\"(max-width: 217px) 100vw, 217px\" \/><\/a><\/p>\n<p>_____________________________________________________________________<\/p>\n<p><em><a href=\"https:\/\/legsedition.net\/public\/le-flibustier\/\" target=\"_blank\" rel=\"noopener\">Le Flibustier<\/a>,\u00a0<\/em>Etzer Vilaire<\/p>\n<p><a href=\"https:\/\/legsedition.net\/public\/wp-content\/uploads\/2021\/07\/Cover_Flibustier.png\"><img loading=\"lazy\" decoding=\"async\" class=\"alignleft wp-image-4053 \" src=\"https:\/\/legsedition.net\/public\/wp-content\/uploads\/2021\/07\/Cover_Flibustier.png\" alt=\"\" width=\"215\" height=\"323\" srcset=\"https:\/\/legsedition.net\/public\/wp-content\/uploads\/2021\/07\/Cover_Flibustier.png 302w, https:\/\/legsedition.net\/public\/wp-content\/uploads\/2021\/07\/Cover_Flibustier-199x300.png 199w, https:\/\/legsedition.net\/public\/wp-content\/uploads\/2021\/07\/Cover_Flibustier-106x160.png 106w\" sizes=\"(max-width: 215px) 100vw, 215px\" \/><\/a><\/p>\n<p>_____________________________________________________________________<\/p>\n<p><em><a href=\"https:\/\/legsedition.net\/public\/poesies\/\" target=\"_blank\" rel=\"noopener\">Po\u00e9sies<\/a>,\u00a0<\/em>Ignace Nau<\/p>\n<p><a href=\"https:\/\/legsedition.net\/public\/wp-content\/uploads\/2021\/07\/Cover_Poesies.png\"><img loading=\"lazy\" decoding=\"async\" class=\"alignleft wp-image-4054 \" src=\"https:\/\/legsedition.net\/public\/wp-content\/uploads\/2021\/07\/Cover_Poesies.png\" alt=\"\" width=\"220\" height=\"330\" srcset=\"https:\/\/legsedition.net\/public\/wp-content\/uploads\/2021\/07\/Cover_Poesies.png 303w, https:\/\/legsedition.net\/public\/wp-content\/uploads\/2021\/07\/Cover_Poesies-200x300.png 200w, https:\/\/legsedition.net\/public\/wp-content\/uploads\/2021\/07\/Cover_Poesies-107x160.png 107w\" sizes=\"(max-width: 220px) 100vw, 220px\" \/><\/a><\/p>\n<p>_____________________________________________________________________<\/p>\n<p><em><a href=\"https:\/\/legsedition.net\/public\/le-lambi-et-autres-nouvelles\/\" target=\"_blank\" rel=\"noopener\">Le lambi et autres nouvelles<\/a>con,\u00a0<\/em>Ignace Nau<\/p>\n<p><a href=\"https:\/\/legsedition.net\/public\/wp-content\/uploads\/2021\/07\/Cover_Lambi.png\"><img loading=\"lazy\" decoding=\"async\" class=\"alignleft wp-image-4055 \" src=\"https:\/\/legsedition.net\/public\/wp-content\/uploads\/2021\/07\/Cover_Lambi.png\" alt=\"\" width=\"216\" height=\"328\" srcset=\"https:\/\/legsedition.net\/public\/wp-content\/uploads\/2021\/07\/Cover_Lambi.png 299w, https:\/\/legsedition.net\/public\/wp-content\/uploads\/2021\/07\/Cover_Lambi-197x300.png 197w, https:\/\/legsedition.net\/public\/wp-content\/uploads\/2021\/07\/Cover_Lambi-105x160.png 105w\" sizes=\"(max-width: 216px) 100vw, 216px\" \/><\/a><\/p>\n<p>_____________________________________________________________________<\/p>\n<p><em><a href=\"http:\/\/legsedition.net\/public\/confidences-et-melancolies\/\" target=\"_blank\" rel=\"noopener\">Confidences et M\u00e9lancolies<\/a>,\u00a0<\/em>Georges Sylvain<\/p>\n<p><a href=\"https:\/\/legsedition.net\/public\/wp-content\/uploads\/2021\/07\/Cover_Confidences.png\"><img loading=\"lazy\" decoding=\"async\" class=\"alignleft wp-image-4056 \" src=\"https:\/\/legsedition.net\/public\/wp-content\/uploads\/2021\/07\/Cover_Confidences.png\" alt=\"\" width=\"218\" height=\"324\" srcset=\"https:\/\/legsedition.net\/public\/wp-content\/uploads\/2021\/07\/Cover_Confidences.png 305w, https:\/\/legsedition.net\/public\/wp-content\/uploads\/2021\/07\/Cover_Confidences-202x300.png 202w, https:\/\/legsedition.net\/public\/wp-content\/uploads\/2021\/07\/Cover_Confidences-108x160.png 108w\" sizes=\"(max-width: 218px) 100vw, 218px\" \/><\/a><\/p>\n<p>_____________________________________________________________________<\/p>\n<p><em><a href=\"https:\/\/legsedition.net\/public\/poesies-completes\/\" target=\"_blank\" rel=\"noopener\">Po\u00e9sies compl\u00e8tes<\/a>,\u00a0<\/em>Coriolan Ardouin<\/p>\n<p><a href=\"https:\/\/legsedition.net\/public\/wp-content\/uploads\/2021\/07\/Screenshot-197.png\"><img loading=\"lazy\" decoding=\"async\" class=\"alignleft wp-image-4057 \" src=\"https:\/\/legsedition.net\/public\/wp-content\/uploads\/2021\/07\/Screenshot-197.png\" alt=\"\" width=\"217\" height=\"331\" srcset=\"https:\/\/legsedition.net\/public\/wp-content\/uploads\/2021\/07\/Screenshot-197.png 299w, https:\/\/legsedition.net\/public\/wp-content\/uploads\/2021\/07\/Screenshot-197-197x300.png 197w, https:\/\/legsedition.net\/public\/wp-content\/uploads\/2021\/07\/Screenshot-197-105x160.png 105w\" sizes=\"(max-width: 217px) 100vw, 217px\" \/><\/a><\/p>\n","protected":false},"excerpt":{"rendered":"<p>Dir. Frenand L\u00e9ger \u00c0 la question par quoi doit commencer un jeune lecteur, Dany Laferri\u00e8re, \u00e9minent \u00e9crivain ha\u00eftien admis \u00e0 l\u2019Acad\u00e9mie fran\u00e7aise en 2013, r\u00e9pond par les Classiques. Lire les classiques. La grande question aujourd\u2019hui n\u2019est pas si Dany Laferri\u00e8re&#8230;<\/p>\n","protected":false},"author":1,"featured_media":0,"parent":0,"menu_order":0,"comment_status":"closed","ping_status":"closed","template":"","meta":{"footnotes":""},"class_list":["post-474","page","type-page","status-publish","hentry","no-post-thumbnail"],"yoast_head":"<!-- This site is optimized with the Yoast SEO plugin v27.3 - https:\/\/yoast.com\/product\/yoast-seo-wordpress\/ -->\n<title>Collection Classique | LEGS &Eacute;DITION<\/title>\n<meta name=\"robots\" content=\"index, follow, max-snippet:-1, max-image-preview:large, max-video-preview:-1\" \/>\n<link rel=\"canonical\" href=\"https:\/\/legsedition.net\/public\/collection-classique\/\" \/>\n<meta property=\"og:locale\" content=\"fr_FR\" \/>\n<meta property=\"og:type\" content=\"article\" \/>\n<meta property=\"og:title\" content=\"Collection Classique | LEGS &Eacute;DITION\" \/>\n<meta property=\"og:description\" content=\"Dir. Frenand L\u00e9ger \u00c0 la question par quoi doit commencer un jeune lecteur, Dany Laferri\u00e8re, \u00e9minent \u00e9crivain ha\u00eftien admis \u00e0 l\u2019Acad\u00e9mie fran\u00e7aise en 2013, r\u00e9pond par les Classiques. Lire les classiques. La grande question aujourd\u2019hui n\u2019est pas si Dany Laferri\u00e8re...\" \/>\n<meta property=\"og:url\" content=\"https:\/\/legsedition.net\/public\/collection-classique\/\" \/>\n<meta property=\"og:site_name\" content=\"LEGS &Eacute;DITION\" \/>\n<meta property=\"article:publisher\" content=\"https:\/\/web.facebook.com\/LegsEtLitterature\/\" \/>\n<meta property=\"article:modified_time\" content=\"2025-12-28T10:10:21+00:00\" \/>\n<meta property=\"og:image\" content=\"https:\/\/legsedition.net\/public\/wp-content\/uploads\/2021\/09\/Fleger.jpg\" \/>\n\t<meta property=\"og:image:width\" content=\"216\" \/>\n\t<meta property=\"og:image:height\" content=\"216\" \/>\n\t<meta property=\"og:image:type\" content=\"image\/jpeg\" \/>\n<meta name=\"twitter:card\" content=\"summary_large_image\" \/>\n<meta name=\"twitter:label1\" content=\"Dur\u00e9e de lecture estim\u00e9e\" \/>\n\t<meta name=\"twitter:data1\" content=\"4 minutes\" \/>\n<script type=\"application\/ld+json\" class=\"yoast-schema-graph\">{\"@context\":\"https:\\\/\\\/schema.org\",\"@graph\":[{\"@type\":\"WebPage\",\"@id\":\"https:\\\/\\\/legsedition.net\\\/public\\\/collection-classique\\\/\",\"url\":\"https:\\\/\\\/legsedition.net\\\/public\\\/collection-classique\\\/\",\"name\":\"Collection Classique | LEGS &Eacute;DITION\",\"isPartOf\":{\"@id\":\"https:\\\/\\\/legsedition.net\\\/public\\\/#website\"},\"primaryImageOfPage\":{\"@id\":\"https:\\\/\\\/legsedition.net\\\/public\\\/collection-classique\\\/#primaryimage\"},\"image\":{\"@id\":\"https:\\\/\\\/legsedition.net\\\/public\\\/collection-classique\\\/#primaryimage\"},\"thumbnailUrl\":\"https:\\\/\\\/legsedition.net\\\/public\\\/wp-content\\\/uploads\\\/2021\\\/09\\\/Fleger.jpg\",\"datePublished\":\"2017-12-18T21:50:33+00:00\",\"dateModified\":\"2025-12-28T10:10:21+00:00\",\"breadcrumb\":{\"@id\":\"https:\\\/\\\/legsedition.net\\\/public\\\/collection-classique\\\/#breadcrumb\"},\"inLanguage\":\"fr-FR\",\"potentialAction\":[{\"@type\":\"ReadAction\",\"target\":[\"https:\\\/\\\/legsedition.net\\\/public\\\/collection-classique\\\/\"]}]},{\"@type\":\"ImageObject\",\"inLanguage\":\"fr-FR\",\"@id\":\"https:\\\/\\\/legsedition.net\\\/public\\\/collection-classique\\\/#primaryimage\",\"url\":\"https:\\\/\\\/legsedition.net\\\/public\\\/wp-content\\\/uploads\\\/2021\\\/09\\\/Fleger.jpg\",\"contentUrl\":\"https:\\\/\\\/legsedition.net\\\/public\\\/wp-content\\\/uploads\\\/2021\\\/09\\\/Fleger.jpg\",\"width\":216,\"height\":216},{\"@type\":\"BreadcrumbList\",\"@id\":\"https:\\\/\\\/legsedition.net\\\/public\\\/collection-classique\\\/#breadcrumb\",\"itemListElement\":[{\"@type\":\"ListItem\",\"position\":1,\"name\":\"Home\",\"item\":\"https:\\\/\\\/legsedition.net\\\/public\\\/\"},{\"@type\":\"ListItem\",\"position\":2,\"name\":\"Collection Classique\"}]},{\"@type\":\"WebSite\",\"@id\":\"https:\\\/\\\/legsedition.net\\\/public\\\/#website\",\"url\":\"https:\\\/\\\/legsedition.net\\\/public\\\/\",\"name\":\"LEGS &Eacute;DITION\",\"description\":\"\",\"potentialAction\":[{\"@type\":\"SearchAction\",\"target\":{\"@type\":\"EntryPoint\",\"urlTemplate\":\"https:\\\/\\\/legsedition.net\\\/public\\\/?s={search_term_string}\"},\"query-input\":{\"@type\":\"PropertyValueSpecification\",\"valueRequired\":true,\"valueName\":\"search_term_string\"}}],\"inLanguage\":\"fr-FR\"}]}<\/script>\n<!-- \/ Yoast SEO plugin. -->","yoast_head_json":{"title":"Collection Classique | LEGS &Eacute;DITION","robots":{"index":"index","follow":"follow","max-snippet":"max-snippet:-1","max-image-preview":"max-image-preview:large","max-video-preview":"max-video-preview:-1"},"canonical":"https:\/\/legsedition.net\/public\/collection-classique\/","og_locale":"fr_FR","og_type":"article","og_title":"Collection Classique | LEGS &Eacute;DITION","og_description":"Dir. Frenand L\u00e9ger \u00c0 la question par quoi doit commencer un jeune lecteur, Dany Laferri\u00e8re, \u00e9minent \u00e9crivain ha\u00eftien admis \u00e0 l\u2019Acad\u00e9mie fran\u00e7aise en 2013, r\u00e9pond par les Classiques. Lire les classiques. La grande question aujourd\u2019hui n\u2019est pas si Dany Laferri\u00e8re...","og_url":"https:\/\/legsedition.net\/public\/collection-classique\/","og_site_name":"LEGS &Eacute;DITION","article_publisher":"https:\/\/web.facebook.com\/LegsEtLitterature\/","article_modified_time":"2025-12-28T10:10:21+00:00","og_image":[{"width":216,"height":216,"url":"https:\/\/legsedition.net\/public\/wp-content\/uploads\/2021\/09\/Fleger.jpg","type":"image\/jpeg"}],"twitter_card":"summary_large_image","twitter_misc":{"Dur\u00e9e de lecture estim\u00e9e":"4 minutes"},"schema":{"@context":"https:\/\/schema.org","@graph":[{"@type":"WebPage","@id":"https:\/\/legsedition.net\/public\/collection-classique\/","url":"https:\/\/legsedition.net\/public\/collection-classique\/","name":"Collection Classique | LEGS &Eacute;DITION","isPartOf":{"@id":"https:\/\/legsedition.net\/public\/#website"},"primaryImageOfPage":{"@id":"https:\/\/legsedition.net\/public\/collection-classique\/#primaryimage"},"image":{"@id":"https:\/\/legsedition.net\/public\/collection-classique\/#primaryimage"},"thumbnailUrl":"https:\/\/legsedition.net\/public\/wp-content\/uploads\/2021\/09\/Fleger.jpg","datePublished":"2017-12-18T21:50:33+00:00","dateModified":"2025-12-28T10:10:21+00:00","breadcrumb":{"@id":"https:\/\/legsedition.net\/public\/collection-classique\/#breadcrumb"},"inLanguage":"fr-FR","potentialAction":[{"@type":"ReadAction","target":["https:\/\/legsedition.net\/public\/collection-classique\/"]}]},{"@type":"ImageObject","inLanguage":"fr-FR","@id":"https:\/\/legsedition.net\/public\/collection-classique\/#primaryimage","url":"https:\/\/legsedition.net\/public\/wp-content\/uploads\/2021\/09\/Fleger.jpg","contentUrl":"https:\/\/legsedition.net\/public\/wp-content\/uploads\/2021\/09\/Fleger.jpg","width":216,"height":216},{"@type":"BreadcrumbList","@id":"https:\/\/legsedition.net\/public\/collection-classique\/#breadcrumb","itemListElement":[{"@type":"ListItem","position":1,"name":"Home","item":"https:\/\/legsedition.net\/public\/"},{"@type":"ListItem","position":2,"name":"Collection Classique"}]},{"@type":"WebSite","@id":"https:\/\/legsedition.net\/public\/#website","url":"https:\/\/legsedition.net\/public\/","name":"LEGS &Eacute;DITION","description":"","potentialAction":[{"@type":"SearchAction","target":{"@type":"EntryPoint","urlTemplate":"https:\/\/legsedition.net\/public\/?s={search_term_string}"},"query-input":{"@type":"PropertyValueSpecification","valueRequired":true,"valueName":"search_term_string"}}],"inLanguage":"fr-FR"}]}},"_links":{"self":[{"href":"https:\/\/legsedition.net\/public\/wp-json\/wp\/v2\/pages\/474","targetHints":{"allow":["GET"]}}],"collection":[{"href":"https:\/\/legsedition.net\/public\/wp-json\/wp\/v2\/pages"}],"about":[{"href":"https:\/\/legsedition.net\/public\/wp-json\/wp\/v2\/types\/page"}],"author":[{"embeddable":true,"href":"https:\/\/legsedition.net\/public\/wp-json\/wp\/v2\/users\/1"}],"replies":[{"embeddable":true,"href":"https:\/\/legsedition.net\/public\/wp-json\/wp\/v2\/comments?post=474"}],"version-history":[{"count":37,"href":"https:\/\/legsedition.net\/public\/wp-json\/wp\/v2\/pages\/474\/revisions"}],"predecessor-version":[{"id":9096,"href":"https:\/\/legsedition.net\/public\/wp-json\/wp\/v2\/pages\/474\/revisions\/9096"}],"wp:attachment":[{"href":"https:\/\/legsedition.net\/public\/wp-json\/wp\/v2\/media?parent=474"}],"curies":[{"name":"wp","href":"https:\/\/api.w.org\/{rel}","templated":true}]}}