{"id":4878,"date":"2022-08-15T11:17:16","date_gmt":"2022-08-15T11:17:16","guid":{"rendered":"https:\/\/legsedition.net\/public\/?page_id=4878"},"modified":"2023-04-07T20:13:10","modified_gmt":"2023-04-07T20:13:10","slug":"kettly-mars","status":"publish","type":"page","link":"https:\/\/legsedition.net\/public\/kettly-mars\/","title":{"rendered":"Kettly Mars"},"content":{"rendered":"<p><a href=\"https:\/\/legsedition.net\/public\/wp-content\/uploads\/2018\/01\/Kettly.jpg\"><img fetchpriority=\"high\" decoding=\"async\" class=\"alignleft wp-image-746 size-full\" src=\"https:\/\/legsedition.net\/public\/wp-content\/uploads\/2018\/01\/Kettly.jpg\" alt=\"\" width=\"299\" height=\"168\" srcset=\"https:\/\/legsedition.net\/public\/wp-content\/uploads\/2018\/01\/Kettly.jpg 299w, https:\/\/legsedition.net\/public\/wp-content\/uploads\/2018\/01\/Kettly-280x157.jpg 280w\" sizes=\"(max-width: 299px) 100vw, 299px\" \/><\/a>Kettly Mars est n\u00e9e en 1958 \u00e0 Port-au-Prince. Romanci\u00e8re et nouvelliste, elle a re\u00e7u en 2011 le Prix Prince Claus de la Hollande pour l\u2019ensemble de son \u0153uvre ainsi que la Bourse Barbancourt pour son roman\u00a0<em>Aux fronti\u00e8res de la soif<\/em>\u00a0(2011). En 2014, elle a \u00e9t\u00e9 l&rsquo;invit\u00e9e d&rsquo;honneur de Livres en folie\u00a0 \u00e0 Port-au-Prince. Ancienne pr\u00e9sidente du centre Pen Haiti, elle a re\u00e7u en 2020 le prix Ivoire de la litt\u00e9rature africaine d&rsquo;expression fran\u00e7aise en 2015. Son dernier roman,\u00a0<em>L\u2019Ange du patriarche\u00a0<\/em>a paru en 2018.\u00a0\u00a0[<a href=\"http:\/\/ile-en-ile.org\/mars\/\" target=\"_blank\" rel=\"noopener\">Voir la page de pr\u00e9sentation de Kettly Mars sur \u00cele en \u00cele<\/a>]<\/p>\n<p><strong>Publication chez LEGS \u00c9DITION<\/strong><\/p>\n<p><a href=\"http:\/\/legsedition.net\/public\/des-maux-et-des-rues-2\/\" target=\"_blank\" rel=\"noopener\">\u2026des maux et des rues<\/a>, 2014<\/p>\n<p><a href=\"http:\/\/legsedition.net\/public\/wp-content\/uploads\/2017\/12\/Des-maux-et-des-rues-Unique.jpg\"><img decoding=\"async\" class=\"alignnone size-medium wp-image-118\" src=\"http:\/\/legsedition.net\/public\/wp-content\/uploads\/2017\/12\/Des-maux-et-des-rues-Unique-159x300.jpg\" sizes=\"(max-width: 159px) 100vw, 159px\" srcset=\"https:\/\/legsedition.net\/public\/wp-content\/uploads\/2017\/12\/Des-maux-et-des-rues-Unique-159x300.jpg 159w, https:\/\/legsedition.net\/public\/wp-content\/uploads\/2017\/12\/Des-maux-et-des-rues-Unique.jpg 393w\" alt=\"\" width=\"159\" height=\"300\" \/><\/a><\/p>\n<p>&nbsp;<\/p>\n","protected":false},"excerpt":{"rendered":"<p>Kettly Mars est n\u00e9e en 1958 \u00e0 Port-au-Prince. Romanci\u00e8re et nouvelliste, elle a re\u00e7u en 2011 le Prix Prince Claus de la Hollande pour l\u2019ensemble de son \u0153uvre ainsi que la Bourse Barbancourt pour son roman\u00a0Aux fronti\u00e8res de la soif\u00a0(2011)&#8230;.<\/p>\n","protected":false},"author":2,"featured_media":0,"parent":0,"menu_order":0,"comment_status":"closed","ping_status":"closed","template":"","meta":{"footnotes":""},"class_list":["post-4878","page","type-page","status-publish","hentry","no-post-thumbnail"],"yoast_head":"<!-- This site is optimized with the Yoast SEO plugin v27.4 - https:\/\/yoast.com\/product\/yoast-seo-wordpress\/ -->\n<title>Kettly Mars | LEGS &Eacute;DITION<\/title>\n<meta name=\"robots\" content=\"index, follow, max-snippet:-1, max-image-preview:large, max-video-preview:-1\" \/>\n<link rel=\"canonical\" href=\"https:\/\/legsedition.net\/public\/kettly-mars\/\" \/>\n<meta property=\"og:locale\" content=\"fr_FR\" \/>\n<meta property=\"og:type\" content=\"article\" \/>\n<meta property=\"og:title\" content=\"Kettly Mars | LEGS &Eacute;DITION\" \/>\n<meta property=\"og:description\" content=\"Kettly Mars est n\u00e9e en 1958 \u00e0 Port-au-Prince. Romanci\u00e8re et nouvelliste, elle a re\u00e7u en 2011 le Prix Prince Claus de la Hollande pour l\u2019ensemble de son \u0153uvre ainsi que la Bourse Barbancourt pour son roman\u00a0Aux fronti\u00e8res de la soif\u00a0(2011)....\" \/>\n<meta property=\"og:url\" content=\"https:\/\/legsedition.net\/public\/kettly-mars\/\" \/>\n<meta property=\"og:site_name\" content=\"LEGS &Eacute;DITION\" \/>\n<meta property=\"article:publisher\" content=\"https:\/\/web.facebook.com\/LegsEtLitterature\/\" \/>\n<meta property=\"article:modified_time\" content=\"2023-04-07T20:13:10+00:00\" \/>\n<meta property=\"og:image\" content=\"https:\/\/legsedition.net\/public\/wp-content\/uploads\/2018\/01\/Kettly.jpg\" \/>\n<meta name=\"twitter:card\" content=\"summary_large_image\" \/>\n<meta name=\"twitter:label1\" content=\"Dur\u00e9e de lecture estim\u00e9e\" \/>\n\t<meta name=\"twitter:data1\" content=\"1 minute\" \/>\n<script type=\"application\/ld+json\" class=\"yoast-schema-graph\">{\"@context\":\"https:\\\/\\\/schema.org\",\"@graph\":[{\"@type\":\"WebPage\",\"@id\":\"https:\\\/\\\/legsedition.net\\\/public\\\/kettly-mars\\\/\",\"url\":\"https:\\\/\\\/legsedition.net\\\/public\\\/kettly-mars\\\/\",\"name\":\"Kettly Mars | LEGS &Eacute;DITION\",\"isPartOf\":{\"@id\":\"https:\\\/\\\/legsedition.net\\\/public\\\/#website\"},\"primaryImageOfPage\":{\"@id\":\"https:\\\/\\\/legsedition.net\\\/public\\\/kettly-mars\\\/#primaryimage\"},\"image\":{\"@id\":\"https:\\\/\\\/legsedition.net\\\/public\\\/kettly-mars\\\/#primaryimage\"},\"thumbnailUrl\":\"https:\\\/\\\/legsedition.net\\\/public\\\/wp-content\\\/uploads\\\/2018\\\/01\\\/Kettly.jpg\",\"datePublished\":\"2022-08-15T11:17:16+00:00\",\"dateModified\":\"2023-04-07T20:13:10+00:00\",\"breadcrumb\":{\"@id\":\"https:\\\/\\\/legsedition.net\\\/public\\\/kettly-mars\\\/#breadcrumb\"},\"inLanguage\":\"fr-FR\",\"potentialAction\":[{\"@type\":\"ReadAction\",\"target\":[\"https:\\\/\\\/legsedition.net\\\/public\\\/kettly-mars\\\/\"]}]},{\"@type\":\"ImageObject\",\"inLanguage\":\"fr-FR\",\"@id\":\"https:\\\/\\\/legsedition.net\\\/public\\\/kettly-mars\\\/#primaryimage\",\"url\":\"https:\\\/\\\/legsedition.net\\\/public\\\/wp-content\\\/uploads\\\/2018\\\/01\\\/Kettly.jpg\",\"contentUrl\":\"https:\\\/\\\/legsedition.net\\\/public\\\/wp-content\\\/uploads\\\/2018\\\/01\\\/Kettly.jpg\",\"width\":299,\"height\":168},{\"@type\":\"BreadcrumbList\",\"@id\":\"https:\\\/\\\/legsedition.net\\\/public\\\/kettly-mars\\\/#breadcrumb\",\"itemListElement\":[{\"@type\":\"ListItem\",\"position\":1,\"name\":\"Home\",\"item\":\"https:\\\/\\\/legsedition.net\\\/public\\\/\"},{\"@type\":\"ListItem\",\"position\":2,\"name\":\"Kettly Mars\"}]},{\"@type\":\"WebSite\",\"@id\":\"https:\\\/\\\/legsedition.net\\\/public\\\/#website\",\"url\":\"https:\\\/\\\/legsedition.net\\\/public\\\/\",\"name\":\"LEGS &Eacute;DITION\",\"description\":\"\",\"potentialAction\":[{\"@type\":\"SearchAction\",\"target\":{\"@type\":\"EntryPoint\",\"urlTemplate\":\"https:\\\/\\\/legsedition.net\\\/public\\\/?s={search_term_string}\"},\"query-input\":{\"@type\":\"PropertyValueSpecification\",\"valueRequired\":true,\"valueName\":\"search_term_string\"}}],\"inLanguage\":\"fr-FR\"}]}<\/script>\n<!-- \/ Yoast SEO plugin. -->","yoast_head_json":{"title":"Kettly Mars | LEGS &Eacute;DITION","robots":{"index":"index","follow":"follow","max-snippet":"max-snippet:-1","max-image-preview":"max-image-preview:large","max-video-preview":"max-video-preview:-1"},"canonical":"https:\/\/legsedition.net\/public\/kettly-mars\/","og_locale":"fr_FR","og_type":"article","og_title":"Kettly Mars | LEGS &Eacute;DITION","og_description":"Kettly Mars est n\u00e9e en 1958 \u00e0 Port-au-Prince. Romanci\u00e8re et nouvelliste, elle a re\u00e7u en 2011 le Prix Prince Claus de la Hollande pour l\u2019ensemble de son \u0153uvre ainsi que la Bourse Barbancourt pour son roman\u00a0Aux fronti\u00e8res de la soif\u00a0(2011)....","og_url":"https:\/\/legsedition.net\/public\/kettly-mars\/","og_site_name":"LEGS &Eacute;DITION","article_publisher":"https:\/\/web.facebook.com\/LegsEtLitterature\/","article_modified_time":"2023-04-07T20:13:10+00:00","og_image":[{"url":"https:\/\/legsedition.net\/public\/wp-content\/uploads\/2018\/01\/Kettly.jpg","type":"","width":"","height":""}],"twitter_card":"summary_large_image","twitter_misc":{"Dur\u00e9e de lecture estim\u00e9e":"1 minute"},"schema":{"@context":"https:\/\/schema.org","@graph":[{"@type":"WebPage","@id":"https:\/\/legsedition.net\/public\/kettly-mars\/","url":"https:\/\/legsedition.net\/public\/kettly-mars\/","name":"Kettly Mars | LEGS &Eacute;DITION","isPartOf":{"@id":"https:\/\/legsedition.net\/public\/#website"},"primaryImageOfPage":{"@id":"https:\/\/legsedition.net\/public\/kettly-mars\/#primaryimage"},"image":{"@id":"https:\/\/legsedition.net\/public\/kettly-mars\/#primaryimage"},"thumbnailUrl":"https:\/\/legsedition.net\/public\/wp-content\/uploads\/2018\/01\/Kettly.jpg","datePublished":"2022-08-15T11:17:16+00:00","dateModified":"2023-04-07T20:13:10+00:00","breadcrumb":{"@id":"https:\/\/legsedition.net\/public\/kettly-mars\/#breadcrumb"},"inLanguage":"fr-FR","potentialAction":[{"@type":"ReadAction","target":["https:\/\/legsedition.net\/public\/kettly-mars\/"]}]},{"@type":"ImageObject","inLanguage":"fr-FR","@id":"https:\/\/legsedition.net\/public\/kettly-mars\/#primaryimage","url":"https:\/\/legsedition.net\/public\/wp-content\/uploads\/2018\/01\/Kettly.jpg","contentUrl":"https:\/\/legsedition.net\/public\/wp-content\/uploads\/2018\/01\/Kettly.jpg","width":299,"height":168},{"@type":"BreadcrumbList","@id":"https:\/\/legsedition.net\/public\/kettly-mars\/#breadcrumb","itemListElement":[{"@type":"ListItem","position":1,"name":"Home","item":"https:\/\/legsedition.net\/public\/"},{"@type":"ListItem","position":2,"name":"Kettly Mars"}]},{"@type":"WebSite","@id":"https:\/\/legsedition.net\/public\/#website","url":"https:\/\/legsedition.net\/public\/","name":"LEGS &Eacute;DITION","description":"","potentialAction":[{"@type":"SearchAction","target":{"@type":"EntryPoint","urlTemplate":"https:\/\/legsedition.net\/public\/?s={search_term_string}"},"query-input":{"@type":"PropertyValueSpecification","valueRequired":true,"valueName":"search_term_string"}}],"inLanguage":"fr-FR"}]}},"_links":{"self":[{"href":"https:\/\/legsedition.net\/public\/wp-json\/wp\/v2\/pages\/4878","targetHints":{"allow":["GET"]}}],"collection":[{"href":"https:\/\/legsedition.net\/public\/wp-json\/wp\/v2\/pages"}],"about":[{"href":"https:\/\/legsedition.net\/public\/wp-json\/wp\/v2\/types\/page"}],"author":[{"embeddable":true,"href":"https:\/\/legsedition.net\/public\/wp-json\/wp\/v2\/users\/2"}],"replies":[{"embeddable":true,"href":"https:\/\/legsedition.net\/public\/wp-json\/wp\/v2\/comments?post=4878"}],"version-history":[{"count":2,"href":"https:\/\/legsedition.net\/public\/wp-json\/wp\/v2\/pages\/4878\/revisions"}],"predecessor-version":[{"id":5482,"href":"https:\/\/legsedition.net\/public\/wp-json\/wp\/v2\/pages\/4878\/revisions\/5482"}],"wp:attachment":[{"href":"https:\/\/legsedition.net\/public\/wp-json\/wp\/v2\/media?parent=4878"}],"curies":[{"name":"wp","href":"https:\/\/api.w.org\/{rel}","templated":true}]}}