{"id":499,"date":"2017-12-18T22:36:02","date_gmt":"2017-12-18T22:36:02","guid":{"rendered":"http:\/\/legsedition.net\/public\/?page_id=499"},"modified":"2026-01-25T12:57:39","modified_gmt":"2026-01-25T12:57:39","slug":"collection-poesie","status":"publish","type":"page","link":"https:\/\/legsedition.net\/public\/collection-poesie\/","title":{"rendered":"Collection Po\u00e9sie"},"content":{"rendered":"<p>La po\u00e9sie est l\u2019un des genres les plus pris\u00e9s dans la litt\u00e9rature. Du 19e si\u00e8cle o\u00f9 l\u2019on a vu les premiers balbutiements de cette litt\u00e9rature jusqu\u2019\u00e0 l\u2019\u00e9poque contemporaine, la po\u00e9sie a toujours \u00e9t\u00e9 le canal par lequel les \u00e9crivains exprimaient leur \u00e2me et leur \u00eatre. Soit pour dire leur d\u00e9sespoir d\u2019un \u00eatre aim\u00e9, soit pour exprimer le malaise de leur terre ou le charme de tel paysage.<\/p>\n<p>Consacr\u00e9e plut\u00f4t \u00e0 l\u2019\u00e9criture po\u00e9tique contemporaine, la collection <em>Po\u00e9sie<\/em> propose au lecteur de voyager dans des univers fous et des mondes si loin et si proches pour d\u00e9couvrir d\u2019autres horizons et habiter les quotidiens fragiles.<\/p>\n<p><b>\u0152uvres<\/b><strong>\u00a0publi\u00e9es<\/strong><\/p>\n<p><a href=\"https:\/\/legsedition.net\/public\/2025\/09\/29\/le-livre-davant-hier-soir\/\" target=\"_blank\" rel=\"noopener\"><em>Le livre d&rsquo;avant-hier soir<\/em><\/a>, Syto Cav\u00e9<\/p>\n<p><a href=\"https:\/\/legsedition.net\/public\/wp-content\/uploads\/2025\/10\/Cover_le-livre-last.png\"><img fetchpriority=\"high\" decoding=\"async\" class=\"alignnone wp-image-8745 \" src=\"https:\/\/legsedition.net\/public\/wp-content\/uploads\/2025\/10\/Cover_le-livre-last.png\" alt=\"\" width=\"197\" height=\"309\" srcset=\"https:\/\/legsedition.net\/public\/wp-content\/uploads\/2025\/10\/Cover_le-livre-last.png 489w, https:\/\/legsedition.net\/public\/wp-content\/uploads\/2025\/10\/Cover_le-livre-last-191x300.png 191w\" sizes=\"(max-width: 197px) 100vw, 197px\" \/><\/a><\/p>\n<p><a href=\"https:\/\/legsedition.net\/public\/2024\/11\/03\/ni-pays-ni-exil\/\" target=\"_blank\" rel=\"noopener\"><em>Ni pays ni exil<\/em><\/a>, Ricardo Boucher<\/p>\n<p><a href=\"https:\/\/legsedition.net\/public\/wp-content\/uploads\/2024\/11\/ni_pays_ni_exil-1.png\"><img decoding=\"async\" class=\"alignnone wp-image-7222 \" src=\"https:\/\/legsedition.net\/public\/wp-content\/uploads\/2024\/11\/ni_pays_ni_exil-1.png\" alt=\"\" width=\"191\" height=\"300\" srcset=\"https:\/\/legsedition.net\/public\/wp-content\/uploads\/2024\/11\/ni_pays_ni_exil-1.png 579w, https:\/\/legsedition.net\/public\/wp-content\/uploads\/2024\/11\/ni_pays_ni_exil-1-191x300.png 191w\" sizes=\"(max-width: 191px) 100vw, 191px\" \/><\/a><\/p>\n<p><a href=\"https:\/\/legsedition.net\/public\/2024\/04\/21\/tempes\/\" target=\"_blank\" rel=\"noopener\"><em>Tempes<\/em><\/a>, Nathana\u00ebl<\/p>\n<p><a href=\"https:\/\/legsedition.net\/public\/wp-content\/uploads\/2024\/04\/tempes-cover.png\"><img decoding=\"async\" class=\"alignnone wp-image-6519 \" src=\"https:\/\/legsedition.net\/public\/wp-content\/uploads\/2024\/04\/tempes-cover.png\" alt=\"\" width=\"190\" height=\"303\" srcset=\"https:\/\/legsedition.net\/public\/wp-content\/uploads\/2024\/04\/tempes-cover.png 287w, https:\/\/legsedition.net\/public\/wp-content\/uploads\/2024\/04\/tempes-cover-188x300.png 188w, https:\/\/legsedition.net\/public\/wp-content\/uploads\/2024\/04\/tempes-cover-100x160.png 100w\" sizes=\"(max-width: 190px) 100vw, 190px\" \/><\/a><\/p>\n<p><a href=\"https:\/\/legsedition.net\/public\/2023\/04\/30\/bruler-les-tenebres\/\" target=\"_blank\" rel=\"noopener\"><em>Br\u00fbler les t\u00e9n\u00e8bres<\/em><\/a>, Witensky Lauvince<\/p>\n<p><a href=\"https:\/\/legsedition.net\/public\/wp-content\/uploads\/2023\/03\/Cover_jpg.png\"><img loading=\"lazy\" decoding=\"async\" class=\"alignnone wp-image-5364 \" src=\"https:\/\/legsedition.net\/public\/wp-content\/uploads\/2023\/03\/Cover_jpg.png\" alt=\"\" width=\"190\" height=\"293\" srcset=\"https:\/\/legsedition.net\/public\/wp-content\/uploads\/2023\/03\/Cover_jpg.png 322w, https:\/\/legsedition.net\/public\/wp-content\/uploads\/2023\/03\/Cover_jpg-195x300.png 195w, https:\/\/legsedition.net\/public\/wp-content\/uploads\/2023\/03\/Cover_jpg-104x160.png 104w\" sizes=\"(max-width: 190px) 100vw, 190px\" \/><\/a><\/p>\n<p><a href=\"https:\/\/legsedition.net\/public\/2023\/04\/30\/woch-se-premye-pwen-m-voye-deja\/\" target=\"_blank\" rel=\"noopener\">w\u00f2ch se premye pwen m voye deja<\/a>, Ar Guens Jean Mary<\/p>\n<p><a href=\"https:\/\/legsedition.net\/public\/wp-content\/uploads\/2023\/03\/Cover_jpg-1.png\"><img loading=\"lazy\" decoding=\"async\" class=\"alignnone wp-image-5373 \" src=\"https:\/\/legsedition.net\/public\/wp-content\/uploads\/2023\/03\/Cover_jpg-1.png\" alt=\"\" width=\"187\" height=\"287\" srcset=\"https:\/\/legsedition.net\/public\/wp-content\/uploads\/2023\/03\/Cover_jpg-1.png 319w, https:\/\/legsedition.net\/public\/wp-content\/uploads\/2023\/03\/Cover_jpg-1-195x300.png 195w, https:\/\/legsedition.net\/public\/wp-content\/uploads\/2023\/03\/Cover_jpg-1-104x160.png 104w\" sizes=\"(max-width: 187px) 100vw, 187px\" \/><\/a><\/p>\n<p><a href=\"https:\/\/legsedition.net\/public\/2022\/07\/11\/nan-dans-fanm\/\" target=\"_blank\" rel=\"noopener\"><em>nan dans fanm<\/em><\/a>, Bonel Auguste<\/p>\n<p><a href=\"https:\/\/legsedition.net\/public\/wp-content\/uploads\/2022\/07\/Cover-nan-dans-fanm.png\"><img loading=\"lazy\" decoding=\"async\" class=\"alignnone wp-image-4616 \" src=\"https:\/\/legsedition.net\/public\/wp-content\/uploads\/2022\/07\/Cover-nan-dans-fanm.png\" alt=\"\" width=\"195\" height=\"309\" srcset=\"https:\/\/legsedition.net\/public\/wp-content\/uploads\/2022\/07\/Cover-nan-dans-fanm.png 297w, https:\/\/legsedition.net\/public\/wp-content\/uploads\/2022\/07\/Cover-nan-dans-fanm-189x300.png 189w, https:\/\/legsedition.net\/public\/wp-content\/uploads\/2022\/07\/Cover-nan-dans-fanm-101x160.png 101w\" sizes=\"(max-width: 195px) 100vw, 195px\" \/><\/a><\/p>\n<p><em><a href=\"https:\/\/legsedition.net\/public\/2022\/06\/11\/un-jour-tes-pantoufles\/\" target=\"_blank\" rel=\"noopener\">un jour&#8230; tes pantoufles<\/a>,\u00a0<\/em>Jeanie Bogart<\/p>\n<p><a href=\"https:\/\/legsedition.net\/public\/wp-content\/uploads\/2022\/06\/Cover-un-jour.png\"><img loading=\"lazy\" decoding=\"async\" class=\"alignnone wp-image-4546 \" src=\"https:\/\/legsedition.net\/public\/wp-content\/uploads\/2022\/06\/Cover-un-jour.png\" alt=\"\" width=\"197\" height=\"314\" srcset=\"https:\/\/legsedition.net\/public\/wp-content\/uploads\/2022\/06\/Cover-un-jour.png 287w, https:\/\/legsedition.net\/public\/wp-content\/uploads\/2022\/06\/Cover-un-jour-188x300.png 188w, https:\/\/legsedition.net\/public\/wp-content\/uploads\/2022\/06\/Cover-un-jour-100x160.png 100w\" sizes=\"(max-width: 197px) 100vw, 197px\" \/><\/a><\/p>\n<p><a href=\"https:\/\/legsedition.net\/public\/2022\/06\/22\/nulle-veine-nest-fumante-quand-la-joie-est-borgne\/\" target=\"_blank\" rel=\"noopener\"><em>nulle veine n&rsquo;est fumante quand la joie est borgne<\/em><\/a>, Snayder Pierre-Louis<\/p>\n<p><a href=\"https:\/\/legsedition.net\/public\/wp-content\/uploads\/2022\/04\/cover-1.png\"><img loading=\"lazy\" decoding=\"async\" class=\"alignnone wp-image-4515 \" src=\"https:\/\/legsedition.net\/public\/wp-content\/uploads\/2022\/04\/cover-1.png\" alt=\"\" width=\"193\" height=\"302\" srcset=\"https:\/\/legsedition.net\/public\/wp-content\/uploads\/2022\/04\/cover-1.png 261w, https:\/\/legsedition.net\/public\/wp-content\/uploads\/2022\/04\/cover-1-192x300.png 192w, https:\/\/legsedition.net\/public\/wp-content\/uploads\/2022\/04\/cover-1-102x160.png 102w\" sizes=\"(max-width: 193px) 100vw, 193px\" \/><\/a><\/p>\n<p><a href=\"https:\/\/legsedition.net\/public\/2022\/06\/08\/douvan-deye\/\" target=\"_blank\" rel=\"noopener\"><em>douvan d\u00e8y\u00e8<\/em><\/a>, Ronald Jn-Georges<\/p>\n<p><a href=\"https:\/\/legsedition.net\/public\/wp-content\/uploads\/2022\/05\/cover-douvan-deye.png\"><img loading=\"lazy\" decoding=\"async\" class=\"alignnone wp-image-4512 \" src=\"https:\/\/legsedition.net\/public\/wp-content\/uploads\/2022\/05\/cover-douvan-deye.png\" alt=\"\" width=\"198\" height=\"315\" srcset=\"https:\/\/legsedition.net\/public\/wp-content\/uploads\/2022\/05\/cover-douvan-deye.png 302w, https:\/\/legsedition.net\/public\/wp-content\/uploads\/2022\/05\/cover-douvan-deye-189x300.png 189w, https:\/\/legsedition.net\/public\/wp-content\/uploads\/2022\/05\/cover-douvan-deye-101x160.png 101w\" sizes=\"(max-width: 198px) 100vw, 198px\" \/><\/a><\/p>\n<p><em><a href=\"https:\/\/legsedition.net\/public\/2022\/07\/08\/miwo-miba-2\/\" target=\"_blank\" rel=\"noopener\">Miwo miba<\/a><\/em>, Makenzy Orcel<\/p>\n<p><a href=\"https:\/\/legsedition.net\/public\/wp-content\/uploads\/2022\/05\/cover-miwo-miba.png\"><img loading=\"lazy\" decoding=\"async\" class=\"alignnone wp-image-4510 \" src=\"https:\/\/legsedition.net\/public\/wp-content\/uploads\/2022\/05\/cover-miwo-miba.png\" alt=\"\" width=\"195\" height=\"305\" srcset=\"https:\/\/legsedition.net\/public\/wp-content\/uploads\/2022\/05\/cover-miwo-miba.png 309w, https:\/\/legsedition.net\/public\/wp-content\/uploads\/2022\/05\/cover-miwo-miba-192x300.png 192w, https:\/\/legsedition.net\/public\/wp-content\/uploads\/2022\/05\/cover-miwo-miba-102x160.png 102w\" sizes=\"(max-width: 195px) 100vw, 195px\" \/><\/a><\/p>\n<p><a href=\"https:\/\/legsedition.net\/public\/2022\/03\/09\/poeme-pour-une-petite-fille-lautre-bout-du-monde-et-autres-textes\/\" target=\"_blank\" rel=\"noopener\"><em>po\u00e8me pour une petite fille \u00e0 l\u2019autre bout du monde<\/em><\/a>, Dieulermesson Petit Fr<em>\u00e8<\/em>re<\/p>\n<p><a href=\"https:\/\/legsedition.net\/public\/wp-content\/uploads\/2022\/02\/cover_poeme.png\"><img loading=\"lazy\" decoding=\"async\" class=\"alignnone wp-image-4390 \" src=\"https:\/\/legsedition.net\/public\/wp-content\/uploads\/2022\/02\/cover_poeme.png\" alt=\"\" width=\"197\" height=\"313\" srcset=\"https:\/\/legsedition.net\/public\/wp-content\/uploads\/2022\/02\/cover_poeme.png 310w, https:\/\/legsedition.net\/public\/wp-content\/uploads\/2022\/02\/cover_poeme-189x300.png 189w, https:\/\/legsedition.net\/public\/wp-content\/uploads\/2022\/02\/cover_poeme-101x160.png 101w\" sizes=\"(max-width: 197px) 100vw, 197px\" \/><\/a><\/p>\n<p><a href=\"https:\/\/legsedition.net\/public\/2020\/02\/20\/powem-entedi-ak-lot-powem\/\" target=\"_blank\" rel=\"noopener\"><em>Pow\u00e8m ent\u00e8di ak l\u00f2t pow\u00e8m<\/em><\/a>, Guy R\u00e9gis Jr<\/p>\n<p><a href=\"https:\/\/legsedition.net\/public\/wp-content\/uploads\/2020\/02\/cover_guy.png\"><img loading=\"lazy\" decoding=\"async\" class=\"alignnone wp-image-3364 \" src=\"https:\/\/legsedition.net\/public\/wp-content\/uploads\/2020\/02\/cover_guy.png\" alt=\"\" width=\"198\" height=\"309\" srcset=\"https:\/\/legsedition.net\/public\/wp-content\/uploads\/2020\/02\/cover_guy.png 313w, https:\/\/legsedition.net\/public\/wp-content\/uploads\/2020\/02\/cover_guy-192x300.png 192w, https:\/\/legsedition.net\/public\/wp-content\/uploads\/2020\/02\/cover_guy-102x160.png 102w\" sizes=\"(max-width: 198px) 100vw, 198px\" \/><\/a><\/p>\n<p><a href=\"https:\/\/legsedition.net\/public\/2020\/02\/19\/aller-retour-au-bord-de-la-mer\/\" target=\"_blank\" rel=\"noopener\"><em>aller-retour au bord de la mer<\/em><\/a>, Indran Amirthanayagam<\/p>\n<p><a href=\"https:\/\/legsedition.net\/public\/wp-content\/uploads\/2020\/02\/cover-aller-retour-FINAL.png\"><img loading=\"lazy\" decoding=\"async\" class=\"alignnone wp-image-3607 \" src=\"https:\/\/legsedition.net\/public\/wp-content\/uploads\/2020\/02\/cover-aller-retour-FINAL.png\" alt=\"\" width=\"190\" height=\"301\" srcset=\"https:\/\/legsedition.net\/public\/wp-content\/uploads\/2020\/02\/cover-aller-retour-FINAL.png 314w, https:\/\/legsedition.net\/public\/wp-content\/uploads\/2020\/02\/cover-aller-retour-FINAL-189x300.png 189w, https:\/\/legsedition.net\/public\/wp-content\/uploads\/2020\/02\/cover-aller-retour-FINAL-101x160.png 101w\" sizes=\"(max-width: 190px) 100vw, 190px\" \/><\/a><\/p>\n<p><a href=\"https:\/\/legsedition.net\/public\/2020\/02\/20\/il-nest-de-solitude-que-lile-lointaine-3\/\" target=\"_blank\" rel=\"noopener\"><em>il n&rsquo;est de solitude que l\u2019\u00eele\u00a0lointaine<\/em><\/a>, Indran Amirthanayagam<\/p>\n<p><a href=\"https:\/\/legsedition.net\/public\/wp-content\/uploads\/2020\/08\/Cover-il-n-est-de-solitude-1.png\"><img loading=\"lazy\" decoding=\"async\" class=\"alignnone wp-image-3610 \" src=\"https:\/\/legsedition.net\/public\/wp-content\/uploads\/2020\/08\/Cover-il-n-est-de-solitude-1.png\" alt=\"\" width=\"193\" height=\"310\" srcset=\"https:\/\/legsedition.net\/public\/wp-content\/uploads\/2020\/08\/Cover-il-n-est-de-solitude-1.png 301w, https:\/\/legsedition.net\/public\/wp-content\/uploads\/2020\/08\/Cover-il-n-est-de-solitude-1-187x300.png 187w, https:\/\/legsedition.net\/public\/wp-content\/uploads\/2020\/08\/Cover-il-n-est-de-solitude-1-100x160.png 100w\" sizes=\"(max-width: 193px) 100vw, 193px\" \/><\/a><\/p>\n<p><a href=\"https:\/\/legsedition.net\/public\/paris-tokyo-poeme-eurasien-de-langue-francaise\/\" target=\"_blank\" rel=\"noopener\"><em>Paris-Tokyo. Po\u00e8me eurasien de langue fran\u00e7aise<\/em><\/a>, Niels Planel<\/p>\n<p><a href=\"https:\/\/legsedition.net\/public\/wp-content\/uploads\/2019\/06\/paris_tokyo_cover-1.png\"><img loading=\"lazy\" decoding=\"async\" class=\"alignnone wp-image-2994 \" src=\"https:\/\/legsedition.net\/public\/wp-content\/uploads\/2019\/06\/paris_tokyo_cover-1.png\" alt=\"\" width=\"192\" height=\"290\" srcset=\"https:\/\/legsedition.net\/public\/wp-content\/uploads\/2019\/06\/paris_tokyo_cover-1.png 326w, https:\/\/legsedition.net\/public\/wp-content\/uploads\/2019\/06\/paris_tokyo_cover-1-199x300.png 199w, https:\/\/legsedition.net\/public\/wp-content\/uploads\/2019\/06\/paris_tokyo_cover-1-106x160.png 106w\" sizes=\"(max-width: 192px) 100vw, 192px\" \/><\/a><\/p>\n<p><a href=\"https:\/\/legsedition.net\/public\/2019\/05\/19\/javais-une-ville-deau-de-terre-et-darcs-en-ciel-heureux-et-autres-poemes\/\" target=\"_blank\" rel=\"noopener\">J&rsquo;avais une ville d&rsquo;eau de terre et d&rsquo;arcs-en-ciel heureux<\/a>, Rodney Saint-\u00c9loi<\/p>\n<p><a href=\"https:\/\/legsedition.net\/public\/wp-content\/uploads\/2019\/02\/rodney_cover.png\"><img loading=\"lazy\" decoding=\"async\" class=\"alignnone wp-image-2753 \" src=\"https:\/\/legsedition.net\/public\/wp-content\/uploads\/2019\/02\/rodney_cover.png\" alt=\"\" width=\"195\" height=\"311\" srcset=\"https:\/\/legsedition.net\/public\/wp-content\/uploads\/2019\/02\/rodney_cover.png 310w, https:\/\/legsedition.net\/public\/wp-content\/uploads\/2019\/02\/rodney_cover-188x300.png 188w, https:\/\/legsedition.net\/public\/wp-content\/uploads\/2019\/02\/rodney_cover-100x160.png 100w\" sizes=\"(max-width: 195px) 100vw, 195px\" \/><\/a><\/p>\n<p><em><a href=\"http:\/\/legsedition.net\/public\/majigridji\/\" target=\"_blank\" rel=\"noopener\">Majigridji<\/a>,\u00a0<\/em>James No\u00ebl<\/p>\n<p><a href=\"https:\/\/legsedition.net\/public\/wp-content\/uploads\/2017\/12\/978-99970-86-24-2.jpg\"><img loading=\"lazy\" decoding=\"async\" class=\"alignnone wp-image-549 \" src=\"https:\/\/legsedition.net\/public\/wp-content\/uploads\/2017\/12\/978-99970-86-24-2.jpg\" alt=\"\" width=\"196\" height=\"389\" srcset=\"https:\/\/legsedition.net\/public\/wp-content\/uploads\/2017\/12\/978-99970-86-24-2.jpg 304w, https:\/\/legsedition.net\/public\/wp-content\/uploads\/2017\/12\/978-99970-86-24-2-151x300.jpg 151w, https:\/\/legsedition.net\/public\/wp-content\/uploads\/2017\/12\/978-99970-86-24-2-302x600.jpg 302w, https:\/\/legsedition.net\/public\/wp-content\/uploads\/2017\/12\/978-99970-86-24-2-81x160.jpg 81w\" sizes=\"(max-width: 196px) 100vw, 196px\" \/><\/a><\/p>\n","protected":false},"excerpt":{"rendered":"<p>La po\u00e9sie est l\u2019un des genres les plus pris\u00e9s dans la litt\u00e9rature. Du 19e si\u00e8cle o\u00f9 l\u2019on a vu les premiers balbutiements de cette litt\u00e9rature jusqu\u2019\u00e0 l\u2019\u00e9poque contemporaine, la po\u00e9sie a toujours \u00e9t\u00e9 le canal par lequel les \u00e9crivains exprimaient&#8230;<\/p>\n","protected":false},"author":1,"featured_media":0,"parent":0,"menu_order":0,"comment_status":"closed","ping_status":"closed","template":"","meta":{"footnotes":""},"class_list":["post-499","page","type-page","status-publish","hentry","no-post-thumbnail"],"yoast_head":"<!-- This site is optimized with the Yoast SEO plugin v27.3 - https:\/\/yoast.com\/product\/yoast-seo-wordpress\/ -->\n<title>Collection Po\u00e9sie | LEGS &Eacute;DITION<\/title>\n<meta name=\"robots\" content=\"index, follow, max-snippet:-1, max-image-preview:large, max-video-preview:-1\" \/>\n<link rel=\"canonical\" href=\"https:\/\/legsedition.net\/public\/collection-poesie\/\" \/>\n<meta property=\"og:locale\" content=\"fr_FR\" \/>\n<meta property=\"og:type\" content=\"article\" \/>\n<meta property=\"og:title\" content=\"Collection Po\u00e9sie | LEGS &Eacute;DITION\" \/>\n<meta property=\"og:description\" content=\"La po\u00e9sie est l\u2019un des genres les plus pris\u00e9s dans la litt\u00e9rature. Du 19e si\u00e8cle o\u00f9 l\u2019on a vu les premiers balbutiements de cette litt\u00e9rature jusqu\u2019\u00e0 l\u2019\u00e9poque contemporaine, la po\u00e9sie a toujours \u00e9t\u00e9 le canal par lequel les \u00e9crivains exprimaient...\" \/>\n<meta property=\"og:url\" content=\"https:\/\/legsedition.net\/public\/collection-poesie\/\" \/>\n<meta property=\"og:site_name\" content=\"LEGS &Eacute;DITION\" \/>\n<meta property=\"article:publisher\" content=\"https:\/\/web.facebook.com\/LegsEtLitterature\/\" \/>\n<meta property=\"article:modified_time\" content=\"2026-01-25T12:57:39+00:00\" \/>\n<meta property=\"og:image\" content=\"https:\/\/legsedition.net\/public\/wp-content\/uploads\/2025\/10\/Cover_le-livre-last.png\" \/>\n\t<meta property=\"og:image:width\" content=\"489\" \/>\n\t<meta property=\"og:image:height\" content=\"768\" \/>\n\t<meta property=\"og:image:type\" content=\"image\/png\" \/>\n<meta name=\"twitter:card\" content=\"summary_large_image\" \/>\n<meta name=\"twitter:label1\" content=\"Dur\u00e9e de lecture estim\u00e9e\" \/>\n\t<meta name=\"twitter:data1\" content=\"5 minutes\" \/>\n<script type=\"application\/ld+json\" class=\"yoast-schema-graph\">{\"@context\":\"https:\\\/\\\/schema.org\",\"@graph\":[{\"@type\":\"WebPage\",\"@id\":\"https:\\\/\\\/legsedition.net\\\/public\\\/collection-poesie\\\/\",\"url\":\"https:\\\/\\\/legsedition.net\\\/public\\\/collection-poesie\\\/\",\"name\":\"Collection Po\u00e9sie | LEGS &Eacute;DITION\",\"isPartOf\":{\"@id\":\"https:\\\/\\\/legsedition.net\\\/public\\\/#website\"},\"primaryImageOfPage\":{\"@id\":\"https:\\\/\\\/legsedition.net\\\/public\\\/collection-poesie\\\/#primaryimage\"},\"image\":{\"@id\":\"https:\\\/\\\/legsedition.net\\\/public\\\/collection-poesie\\\/#primaryimage\"},\"thumbnailUrl\":\"https:\\\/\\\/legsedition.net\\\/public\\\/wp-content\\\/uploads\\\/2025\\\/10\\\/Cover_le-livre-last.png\",\"datePublished\":\"2017-12-18T22:36:02+00:00\",\"dateModified\":\"2026-01-25T12:57:39+00:00\",\"breadcrumb\":{\"@id\":\"https:\\\/\\\/legsedition.net\\\/public\\\/collection-poesie\\\/#breadcrumb\"},\"inLanguage\":\"fr-FR\",\"potentialAction\":[{\"@type\":\"ReadAction\",\"target\":[\"https:\\\/\\\/legsedition.net\\\/public\\\/collection-poesie\\\/\"]}]},{\"@type\":\"ImageObject\",\"inLanguage\":\"fr-FR\",\"@id\":\"https:\\\/\\\/legsedition.net\\\/public\\\/collection-poesie\\\/#primaryimage\",\"url\":\"https:\\\/\\\/legsedition.net\\\/public\\\/wp-content\\\/uploads\\\/2025\\\/10\\\/Cover_le-livre-last.png\",\"contentUrl\":\"https:\\\/\\\/legsedition.net\\\/public\\\/wp-content\\\/uploads\\\/2025\\\/10\\\/Cover_le-livre-last.png\",\"width\":489,\"height\":768},{\"@type\":\"BreadcrumbList\",\"@id\":\"https:\\\/\\\/legsedition.net\\\/public\\\/collection-poesie\\\/#breadcrumb\",\"itemListElement\":[{\"@type\":\"ListItem\",\"position\":1,\"name\":\"Home\",\"item\":\"https:\\\/\\\/legsedition.net\\\/public\\\/\"},{\"@type\":\"ListItem\",\"position\":2,\"name\":\"Collection Po\u00e9sie\"}]},{\"@type\":\"WebSite\",\"@id\":\"https:\\\/\\\/legsedition.net\\\/public\\\/#website\",\"url\":\"https:\\\/\\\/legsedition.net\\\/public\\\/\",\"name\":\"LEGS &Eacute;DITION\",\"description\":\"\",\"potentialAction\":[{\"@type\":\"SearchAction\",\"target\":{\"@type\":\"EntryPoint\",\"urlTemplate\":\"https:\\\/\\\/legsedition.net\\\/public\\\/?s={search_term_string}\"},\"query-input\":{\"@type\":\"PropertyValueSpecification\",\"valueRequired\":true,\"valueName\":\"search_term_string\"}}],\"inLanguage\":\"fr-FR\"}]}<\/script>\n<!-- \/ Yoast SEO plugin. -->","yoast_head_json":{"title":"Collection Po\u00e9sie | LEGS &Eacute;DITION","robots":{"index":"index","follow":"follow","max-snippet":"max-snippet:-1","max-image-preview":"max-image-preview:large","max-video-preview":"max-video-preview:-1"},"canonical":"https:\/\/legsedition.net\/public\/collection-poesie\/","og_locale":"fr_FR","og_type":"article","og_title":"Collection Po\u00e9sie | LEGS &Eacute;DITION","og_description":"La po\u00e9sie est l\u2019un des genres les plus pris\u00e9s dans la litt\u00e9rature. Du 19e si\u00e8cle o\u00f9 l\u2019on a vu les premiers balbutiements de cette litt\u00e9rature jusqu\u2019\u00e0 l\u2019\u00e9poque contemporaine, la po\u00e9sie a toujours \u00e9t\u00e9 le canal par lequel les \u00e9crivains exprimaient...","og_url":"https:\/\/legsedition.net\/public\/collection-poesie\/","og_site_name":"LEGS &Eacute;DITION","article_publisher":"https:\/\/web.facebook.com\/LegsEtLitterature\/","article_modified_time":"2026-01-25T12:57:39+00:00","og_image":[{"width":489,"height":768,"url":"https:\/\/legsedition.net\/public\/wp-content\/uploads\/2025\/10\/Cover_le-livre-last.png","type":"image\/png"}],"twitter_card":"summary_large_image","twitter_misc":{"Dur\u00e9e de lecture estim\u00e9e":"5 minutes"},"schema":{"@context":"https:\/\/schema.org","@graph":[{"@type":"WebPage","@id":"https:\/\/legsedition.net\/public\/collection-poesie\/","url":"https:\/\/legsedition.net\/public\/collection-poesie\/","name":"Collection Po\u00e9sie | LEGS &Eacute;DITION","isPartOf":{"@id":"https:\/\/legsedition.net\/public\/#website"},"primaryImageOfPage":{"@id":"https:\/\/legsedition.net\/public\/collection-poesie\/#primaryimage"},"image":{"@id":"https:\/\/legsedition.net\/public\/collection-poesie\/#primaryimage"},"thumbnailUrl":"https:\/\/legsedition.net\/public\/wp-content\/uploads\/2025\/10\/Cover_le-livre-last.png","datePublished":"2017-12-18T22:36:02+00:00","dateModified":"2026-01-25T12:57:39+00:00","breadcrumb":{"@id":"https:\/\/legsedition.net\/public\/collection-poesie\/#breadcrumb"},"inLanguage":"fr-FR","potentialAction":[{"@type":"ReadAction","target":["https:\/\/legsedition.net\/public\/collection-poesie\/"]}]},{"@type":"ImageObject","inLanguage":"fr-FR","@id":"https:\/\/legsedition.net\/public\/collection-poesie\/#primaryimage","url":"https:\/\/legsedition.net\/public\/wp-content\/uploads\/2025\/10\/Cover_le-livre-last.png","contentUrl":"https:\/\/legsedition.net\/public\/wp-content\/uploads\/2025\/10\/Cover_le-livre-last.png","width":489,"height":768},{"@type":"BreadcrumbList","@id":"https:\/\/legsedition.net\/public\/collection-poesie\/#breadcrumb","itemListElement":[{"@type":"ListItem","position":1,"name":"Home","item":"https:\/\/legsedition.net\/public\/"},{"@type":"ListItem","position":2,"name":"Collection Po\u00e9sie"}]},{"@type":"WebSite","@id":"https:\/\/legsedition.net\/public\/#website","url":"https:\/\/legsedition.net\/public\/","name":"LEGS &Eacute;DITION","description":"","potentialAction":[{"@type":"SearchAction","target":{"@type":"EntryPoint","urlTemplate":"https:\/\/legsedition.net\/public\/?s={search_term_string}"},"query-input":{"@type":"PropertyValueSpecification","valueRequired":true,"valueName":"search_term_string"}}],"inLanguage":"fr-FR"}]}},"_links":{"self":[{"href":"https:\/\/legsedition.net\/public\/wp-json\/wp\/v2\/pages\/499","targetHints":{"allow":["GET"]}}],"collection":[{"href":"https:\/\/legsedition.net\/public\/wp-json\/wp\/v2\/pages"}],"about":[{"href":"https:\/\/legsedition.net\/public\/wp-json\/wp\/v2\/types\/page"}],"author":[{"embeddable":true,"href":"https:\/\/legsedition.net\/public\/wp-json\/wp\/v2\/users\/1"}],"replies":[{"embeddable":true,"href":"https:\/\/legsedition.net\/public\/wp-json\/wp\/v2\/comments?post=499"}],"version-history":[{"count":22,"href":"https:\/\/legsedition.net\/public\/wp-json\/wp\/v2\/pages\/499\/revisions"}],"predecessor-version":[{"id":9166,"href":"https:\/\/legsedition.net\/public\/wp-json\/wp\/v2\/pages\/499\/revisions\/9166"}],"wp:attachment":[{"href":"https:\/\/legsedition.net\/public\/wp-json\/wp\/v2\/media?parent=499"}],"curies":[{"name":"wp","href":"https:\/\/api.w.org\/{rel}","templated":true}]}}