{"id":501,"date":"2017-12-18T22:36:27","date_gmt":"2017-12-18T22:36:27","guid":{"rendered":"http:\/\/legsedition.net\/public\/?page_id=501"},"modified":"2024-11-11T15:18:15","modified_gmt":"2024-11-11T15:18:15","slug":"collection-centenaire","status":"publish","type":"page","link":"https:\/\/legsedition.net\/public\/collection-centenaire\/","title":{"rendered":"Collection Centenaire"},"content":{"rendered":"<p>La collection <em>Centenaire<\/em> est destin\u00e9e \u00e0 la publication des \u0153uvres ou des \u00e9crivains centenaires de la litt\u00e9rature ha\u00eftienne.<\/p>\n<p>\u00c9voquant l\u2019histoire de la litt\u00e9rature ha\u00eftienne, des critiques et historiens de la litt\u00e9rature ont souvent tendance \u00e0 parler d\u2019elle comme une jeune litt\u00e9rature. Cela est peut-\u00eatre vrai si l\u2019on se r\u00e9f\u00e8re \u00e0 des civilisations ou des peuples qui remontent \u00e0 des mill\u00e9naires et qui ont laiss\u00e9 des traces dans l\u2019histoire.<\/p>\n<p>N\u00e9e en 1804, cette jeune nation a produit une litt\u00e9rature qui se distingue en tous ses points (th\u00e9matique, esth\u00e9tique, po\u00e9tique) et dont la r\u00e9ception t\u00e9moigne largement de sa grande qualit\u00e9. De sa naissance \u00e0 jours, la production litt\u00e9raire ha\u00eftienne est assez dense et intense.<\/p>\n<p>C\u2019est pour tirer de l\u2019oubli certaines productions et certains auteurs qui ont marqu\u00e9 les esprits et laiss\u00e9 leurs empreintes sur le paysage litt\u00e9raire que cette collection est n\u00e9e. Redonner une nouvelle vie \u00e0 ces textes centenaires se veut une sorte d\u2019hommage \u00e0 la m\u00e9moire de leurs auteurs.<\/p>\n<p><strong>Oeuvre publi\u00e9e\u00a0<\/strong><\/p>\n<p><a href=\"http:\/\/legsedition.net\/public\/la-vie-solitaire-pendant-loccupation-americaine\/\" target=\"_blank\" rel=\"noopener\"><em>La vie solitaire pendant l&rsquo;occupation am\u00e9ricaine<\/em><\/a>, Etzer Vilaire<\/p>\n<p><a href=\"https:\/\/legsedition.net\/public\/wp-content\/uploads\/2024\/11\/cover-la-vie-solitaire-2.png\"><img fetchpriority=\"high\" decoding=\"async\" class=\"alignnone wp-image-7250 \" src=\"https:\/\/legsedition.net\/public\/wp-content\/uploads\/2024\/11\/cover-la-vie-solitaire-2.png\" alt=\"\" width=\"202\" height=\"351\" srcset=\"https:\/\/legsedition.net\/public\/wp-content\/uploads\/2024\/11\/cover-la-vie-solitaire-2.png 240w, https:\/\/legsedition.net\/public\/wp-content\/uploads\/2024\/11\/cover-la-vie-solitaire-2-173x300.png 173w\" sizes=\"(max-width: 202px) 100vw, 202px\" \/><\/a><\/p>\n","protected":false},"excerpt":{"rendered":"<p>La collection Centenaire est destin\u00e9e \u00e0 la publication des \u0153uvres ou des \u00e9crivains centenaires de la litt\u00e9rature ha\u00eftienne. \u00c9voquant l\u2019histoire de la litt\u00e9rature ha\u00eftienne, des critiques et historiens de la litt\u00e9rature ont souvent tendance \u00e0 parler d\u2019elle comme une jeune&#8230;<\/p>\n","protected":false},"author":1,"featured_media":0,"parent":0,"menu_order":0,"comment_status":"closed","ping_status":"closed","template":"","meta":{"footnotes":""},"class_list":["post-501","page","type-page","status-publish","hentry","no-post-thumbnail"],"yoast_head":"<!-- This site is optimized with the Yoast SEO plugin v27.3 - https:\/\/yoast.com\/product\/yoast-seo-wordpress\/ -->\n<title>Collection Centenaire | LEGS &Eacute;DITION<\/title>\n<meta name=\"robots\" content=\"index, follow, max-snippet:-1, max-image-preview:large, max-video-preview:-1\" \/>\n<link rel=\"canonical\" href=\"https:\/\/legsedition.net\/public\/collection-centenaire\/\" \/>\n<meta property=\"og:locale\" content=\"fr_FR\" \/>\n<meta property=\"og:type\" content=\"article\" \/>\n<meta property=\"og:title\" content=\"Collection Centenaire | LEGS &Eacute;DITION\" \/>\n<meta property=\"og:description\" content=\"La collection Centenaire est destin\u00e9e \u00e0 la publication des \u0153uvres ou des \u00e9crivains centenaires de la litt\u00e9rature ha\u00eftienne. \u00c9voquant l\u2019histoire de la litt\u00e9rature ha\u00eftienne, des critiques et historiens de la litt\u00e9rature ont souvent tendance \u00e0 parler d\u2019elle comme une jeune...\" \/>\n<meta property=\"og:url\" content=\"https:\/\/legsedition.net\/public\/collection-centenaire\/\" \/>\n<meta property=\"og:site_name\" content=\"LEGS &Eacute;DITION\" \/>\n<meta property=\"article:publisher\" content=\"https:\/\/web.facebook.com\/LegsEtLitterature\/\" \/>\n<meta property=\"article:modified_time\" content=\"2024-11-11T15:18:15+00:00\" \/>\n<meta property=\"og:image\" content=\"https:\/\/legsedition.net\/public\/wp-content\/uploads\/2024\/11\/cover-la-vie-solitaire-2.png\" \/>\n\t<meta property=\"og:image:width\" content=\"240\" \/>\n\t<meta property=\"og:image:height\" content=\"417\" \/>\n\t<meta property=\"og:image:type\" content=\"image\/png\" \/>\n<meta name=\"twitter:card\" content=\"summary_large_image\" \/>\n<meta name=\"twitter:label1\" content=\"Dur\u00e9e de lecture estim\u00e9e\" \/>\n\t<meta name=\"twitter:data1\" content=\"2 minutes\" \/>\n<script type=\"application\/ld+json\" class=\"yoast-schema-graph\">{\"@context\":\"https:\\\/\\\/schema.org\",\"@graph\":[{\"@type\":\"WebPage\",\"@id\":\"https:\\\/\\\/legsedition.net\\\/public\\\/collection-centenaire\\\/\",\"url\":\"https:\\\/\\\/legsedition.net\\\/public\\\/collection-centenaire\\\/\",\"name\":\"Collection Centenaire | LEGS &Eacute;DITION\",\"isPartOf\":{\"@id\":\"https:\\\/\\\/legsedition.net\\\/public\\\/#website\"},\"primaryImageOfPage\":{\"@id\":\"https:\\\/\\\/legsedition.net\\\/public\\\/collection-centenaire\\\/#primaryimage\"},\"image\":{\"@id\":\"https:\\\/\\\/legsedition.net\\\/public\\\/collection-centenaire\\\/#primaryimage\"},\"thumbnailUrl\":\"https:\\\/\\\/legsedition.net\\\/public\\\/wp-content\\\/uploads\\\/2024\\\/11\\\/cover-la-vie-solitaire-2.png\",\"datePublished\":\"2017-12-18T22:36:27+00:00\",\"dateModified\":\"2024-11-11T15:18:15+00:00\",\"breadcrumb\":{\"@id\":\"https:\\\/\\\/legsedition.net\\\/public\\\/collection-centenaire\\\/#breadcrumb\"},\"inLanguage\":\"fr-FR\",\"potentialAction\":[{\"@type\":\"ReadAction\",\"target\":[\"https:\\\/\\\/legsedition.net\\\/public\\\/collection-centenaire\\\/\"]}]},{\"@type\":\"ImageObject\",\"inLanguage\":\"fr-FR\",\"@id\":\"https:\\\/\\\/legsedition.net\\\/public\\\/collection-centenaire\\\/#primaryimage\",\"url\":\"https:\\\/\\\/legsedition.net\\\/public\\\/wp-content\\\/uploads\\\/2024\\\/11\\\/cover-la-vie-solitaire-2.png\",\"contentUrl\":\"https:\\\/\\\/legsedition.net\\\/public\\\/wp-content\\\/uploads\\\/2024\\\/11\\\/cover-la-vie-solitaire-2.png\",\"width\":240,\"height\":417},{\"@type\":\"BreadcrumbList\",\"@id\":\"https:\\\/\\\/legsedition.net\\\/public\\\/collection-centenaire\\\/#breadcrumb\",\"itemListElement\":[{\"@type\":\"ListItem\",\"position\":1,\"name\":\"Home\",\"item\":\"https:\\\/\\\/legsedition.net\\\/public\\\/\"},{\"@type\":\"ListItem\",\"position\":2,\"name\":\"Collection Centenaire\"}]},{\"@type\":\"WebSite\",\"@id\":\"https:\\\/\\\/legsedition.net\\\/public\\\/#website\",\"url\":\"https:\\\/\\\/legsedition.net\\\/public\\\/\",\"name\":\"LEGS &Eacute;DITION\",\"description\":\"\",\"potentialAction\":[{\"@type\":\"SearchAction\",\"target\":{\"@type\":\"EntryPoint\",\"urlTemplate\":\"https:\\\/\\\/legsedition.net\\\/public\\\/?s={search_term_string}\"},\"query-input\":{\"@type\":\"PropertyValueSpecification\",\"valueRequired\":true,\"valueName\":\"search_term_string\"}}],\"inLanguage\":\"fr-FR\"}]}<\/script>\n<!-- \/ Yoast SEO plugin. -->","yoast_head_json":{"title":"Collection Centenaire | LEGS &Eacute;DITION","robots":{"index":"index","follow":"follow","max-snippet":"max-snippet:-1","max-image-preview":"max-image-preview:large","max-video-preview":"max-video-preview:-1"},"canonical":"https:\/\/legsedition.net\/public\/collection-centenaire\/","og_locale":"fr_FR","og_type":"article","og_title":"Collection Centenaire | LEGS &Eacute;DITION","og_description":"La collection Centenaire est destin\u00e9e \u00e0 la publication des \u0153uvres ou des \u00e9crivains centenaires de la litt\u00e9rature ha\u00eftienne. \u00c9voquant l\u2019histoire de la litt\u00e9rature ha\u00eftienne, des critiques et historiens de la litt\u00e9rature ont souvent tendance \u00e0 parler d\u2019elle comme une jeune...","og_url":"https:\/\/legsedition.net\/public\/collection-centenaire\/","og_site_name":"LEGS &Eacute;DITION","article_publisher":"https:\/\/web.facebook.com\/LegsEtLitterature\/","article_modified_time":"2024-11-11T15:18:15+00:00","og_image":[{"width":240,"height":417,"url":"https:\/\/legsedition.net\/public\/wp-content\/uploads\/2024\/11\/cover-la-vie-solitaire-2.png","type":"image\/png"}],"twitter_card":"summary_large_image","twitter_misc":{"Dur\u00e9e de lecture estim\u00e9e":"2 minutes"},"schema":{"@context":"https:\/\/schema.org","@graph":[{"@type":"WebPage","@id":"https:\/\/legsedition.net\/public\/collection-centenaire\/","url":"https:\/\/legsedition.net\/public\/collection-centenaire\/","name":"Collection Centenaire | LEGS &Eacute;DITION","isPartOf":{"@id":"https:\/\/legsedition.net\/public\/#website"},"primaryImageOfPage":{"@id":"https:\/\/legsedition.net\/public\/collection-centenaire\/#primaryimage"},"image":{"@id":"https:\/\/legsedition.net\/public\/collection-centenaire\/#primaryimage"},"thumbnailUrl":"https:\/\/legsedition.net\/public\/wp-content\/uploads\/2024\/11\/cover-la-vie-solitaire-2.png","datePublished":"2017-12-18T22:36:27+00:00","dateModified":"2024-11-11T15:18:15+00:00","breadcrumb":{"@id":"https:\/\/legsedition.net\/public\/collection-centenaire\/#breadcrumb"},"inLanguage":"fr-FR","potentialAction":[{"@type":"ReadAction","target":["https:\/\/legsedition.net\/public\/collection-centenaire\/"]}]},{"@type":"ImageObject","inLanguage":"fr-FR","@id":"https:\/\/legsedition.net\/public\/collection-centenaire\/#primaryimage","url":"https:\/\/legsedition.net\/public\/wp-content\/uploads\/2024\/11\/cover-la-vie-solitaire-2.png","contentUrl":"https:\/\/legsedition.net\/public\/wp-content\/uploads\/2024\/11\/cover-la-vie-solitaire-2.png","width":240,"height":417},{"@type":"BreadcrumbList","@id":"https:\/\/legsedition.net\/public\/collection-centenaire\/#breadcrumb","itemListElement":[{"@type":"ListItem","position":1,"name":"Home","item":"https:\/\/legsedition.net\/public\/"},{"@type":"ListItem","position":2,"name":"Collection Centenaire"}]},{"@type":"WebSite","@id":"https:\/\/legsedition.net\/public\/#website","url":"https:\/\/legsedition.net\/public\/","name":"LEGS &Eacute;DITION","description":"","potentialAction":[{"@type":"SearchAction","target":{"@type":"EntryPoint","urlTemplate":"https:\/\/legsedition.net\/public\/?s={search_term_string}"},"query-input":{"@type":"PropertyValueSpecification","valueRequired":true,"valueName":"search_term_string"}}],"inLanguage":"fr-FR"}]}},"_links":{"self":[{"href":"https:\/\/legsedition.net\/public\/wp-json\/wp\/v2\/pages\/501","targetHints":{"allow":["GET"]}}],"collection":[{"href":"https:\/\/legsedition.net\/public\/wp-json\/wp\/v2\/pages"}],"about":[{"href":"https:\/\/legsedition.net\/public\/wp-json\/wp\/v2\/types\/page"}],"author":[{"embeddable":true,"href":"https:\/\/legsedition.net\/public\/wp-json\/wp\/v2\/users\/1"}],"replies":[{"embeddable":true,"href":"https:\/\/legsedition.net\/public\/wp-json\/wp\/v2\/comments?post=501"}],"version-history":[{"count":9,"href":"https:\/\/legsedition.net\/public\/wp-json\/wp\/v2\/pages\/501\/revisions"}],"predecessor-version":[{"id":7251,"href":"https:\/\/legsedition.net\/public\/wp-json\/wp\/v2\/pages\/501\/revisions\/7251"}],"wp:attachment":[{"href":"https:\/\/legsedition.net\/public\/wp-json\/wp\/v2\/media?parent=501"}],"curies":[{"name":"wp","href":"https:\/\/api.w.org\/{rel}","templated":true}]}}