{"id":601,"date":"2017-12-22T22:29:58","date_gmt":"2017-12-22T22:29:58","guid":{"rendered":"http:\/\/legsedition.net\/public\/?page_id=601"},"modified":"2025-01-04T12:34:36","modified_gmt":"2025-01-04T12:34:36","slug":"ou-trouver-la-revue","status":"publish","type":"page","link":"https:\/\/legsedition.net\/public\/ou-trouver-la-revue\/","title":{"rendered":"O\u00f9 trouver la revue et nos livres ?"},"content":{"rendered":"\n<p><\/p>\n\n\n\n<p><\/p>\n\n\n<ul>\n<li><strong>Librairie La Pl\u00e9iade\u00a0<\/strong><\/li>\n<\/ul>\n<p>Adresse 1: Complexe Promenade, Angle rues Gr\u00e9goire et Mo\u00efse, P\u00e9tion-Ville<br \/>Adresse 2: Angle avenue Martin Luther King et rue Bois-Patate, Port-au-Prince<\/p>\n<p style=\"text-align: justify;\">La Pl\u00e9iade est l&rsquo;unique librairie professionnelle en Ha\u00efti. D&rsquo;ailleurs, il n&rsquo;y existe pas de v\u00e9ritable march\u00e9 du livre. Aucun programme de subventions d\u00e9di\u00e9 \u00e0 l&rsquo;\u00e9dition, au livre et \u00e0 la lecture. Le secteur n&rsquo;est pas r\u00e9gul\u00e9 et ne dispose pas de vrais m\u00e9c\u00e8nes qui sauront aider \u00e0 insuffler le go\u00fbt et l&rsquo;amour du livre et de la lecture au sein de la population, toutes cat\u00e9gories sociales confondues. S&rsquo;il y avait une vraie politique publique du livre et de la lecture, le livre serait devenu un objet populaire et aurait un avenir certain. Fond\u00e9e en 1962, La Pl\u00e9iade est jusqu&rsquo;\u00e0 date le seul vrai espace sp\u00e9cialis\u00e9 dans la diffusion, la promotion et la commercialisation du livre. [<a href=\"https:\/\/www.librairesfrancophones.org\/amerique-libraires\/haiti\/item\/124-la-pleiade.html\" target=\"_blank\" rel=\"noopener\">Pour en savoir plus<\/a>]<\/p>\n<ul>\n<li><strong>Librairie Calypso<\/strong><\/li>\n<\/ul>\n<p>Adresse : 34, rue Gassendi, Paris, 75014 [<a href=\"https:\/\/librairiecalypso.fr\/\" target=\"_blank\" rel=\"noopener\">Pour en savoir plus<\/a>]<\/p>\n<p style=\"text-align: justify;\">Nos livres sont \u00e9galement disponibles en ligne sur les plateformes de distribution dont <a href=\"https:\/\/www.amazon.com\/s?k=legs+edition&amp;crid=203BHWZRRM9OZ&amp;qid=1735983715&amp;sprefix=legs+edition%2Caps%2C197&amp;xpid=Y3creRM2L4Doi&amp;ref=sr_pg_1\" target=\"_blank\" rel=\"noopener\">Amazon<\/a>, <a href=\"https:\/\/www.abebooks.fr\/rechercher-livre\/editeur\/legs-%E9dition\" target=\"_blank\" rel=\"noopener\">Abebooks<\/a>, <a href=\"https:\/\/bookscouter.com\/publisher\/legs-edition\" target=\"_blank\" rel=\"noopener\">BookScouter<\/a>, <a href=\"https:\/\/www.bookswagon.com\/publisher\/legs-edition?srsltid=AfmBOoqHpjXGbAkbWMprFniRO9bmm_JFg-d3tnbwqc_scYBRZZdK8ldO\" target=\"_blank\" rel=\"noopener\">Books Wagon<\/a>,\u00a0<a href=\"https:\/\/www.overdrive.com\/search?q=legs+edition&amp;f-formatClassification=\" target=\"_blank\" rel=\"noopener\">OverDrive<\/a>, <a href=\"https:\/\/fr.shopping.rakuten.com\/search\/legs+edition\" target=\"_blank\" rel=\"noopener\">Rakuten<\/a>.<\/p>\n\n\n<p><\/p>\n","protected":false},"excerpt":{"rendered":"<p>Librairie La Pl\u00e9iade\u00a0 Adresse 1: Complexe Promenade, Angle rues Gr\u00e9goire et Mo\u00efse, P\u00e9tion-VilleAdresse 2: Angle avenue Martin Luther King et rue Bois-Patate, Port-au-Prince La Pl\u00e9iade est l&rsquo;unique librairie professionnelle en Ha\u00efti. D&rsquo;ailleurs, il n&rsquo;y existe pas de v\u00e9ritable march\u00e9 du&#8230;<\/p>\n","protected":false},"author":1,"featured_media":0,"parent":0,"menu_order":0,"comment_status":"closed","ping_status":"closed","template":"","meta":{"footnotes":""},"class_list":["post-601","page","type-page","status-publish","hentry","no-post-thumbnail"],"yoast_head":"<!-- This site is optimized with the Yoast SEO plugin v27.3 - https:\/\/yoast.com\/product\/yoast-seo-wordpress\/ -->\n<title>O\u00f9 trouver la revue et nos livres ? | LEGS &Eacute;DITION<\/title>\n<meta name=\"robots\" content=\"index, follow, max-snippet:-1, max-image-preview:large, max-video-preview:-1\" \/>\n<link rel=\"canonical\" href=\"https:\/\/legsedition.net\/public\/ou-trouver-la-revue\/\" \/>\n<meta property=\"og:locale\" content=\"fr_FR\" \/>\n<meta property=\"og:type\" content=\"article\" \/>\n<meta property=\"og:title\" content=\"O\u00f9 trouver la revue et nos livres ? | LEGS &Eacute;DITION\" \/>\n<meta property=\"og:description\" content=\"Librairie La Pl\u00e9iade\u00a0 Adresse 1: Complexe Promenade, Angle rues Gr\u00e9goire et Mo\u00efse, P\u00e9tion-VilleAdresse 2: Angle avenue Martin Luther King et rue Bois-Patate, Port-au-Prince La Pl\u00e9iade est l&rsquo;unique librairie professionnelle en Ha\u00efti. D&rsquo;ailleurs, il n&rsquo;y existe pas de v\u00e9ritable march\u00e9 du...\" \/>\n<meta property=\"og:url\" content=\"https:\/\/legsedition.net\/public\/ou-trouver-la-revue\/\" \/>\n<meta property=\"og:site_name\" content=\"LEGS &Eacute;DITION\" \/>\n<meta property=\"article:publisher\" content=\"https:\/\/web.facebook.com\/LegsEtLitterature\/\" \/>\n<meta property=\"article:modified_time\" content=\"2025-01-04T12:34:36+00:00\" \/>\n<meta name=\"twitter:card\" content=\"summary_large_image\" \/>\n<meta name=\"twitter:label1\" content=\"Dur\u00e9e de lecture estim\u00e9e\" \/>\n\t<meta name=\"twitter:data1\" content=\"1 minute\" \/>\n<script type=\"application\/ld+json\" class=\"yoast-schema-graph\">{\"@context\":\"https:\\\/\\\/schema.org\",\"@graph\":[{\"@type\":\"WebPage\",\"@id\":\"https:\\\/\\\/legsedition.net\\\/public\\\/ou-trouver-la-revue\\\/\",\"url\":\"https:\\\/\\\/legsedition.net\\\/public\\\/ou-trouver-la-revue\\\/\",\"name\":\"O\u00f9 trouver la revue et nos livres ? | LEGS &Eacute;DITION\",\"isPartOf\":{\"@id\":\"https:\\\/\\\/legsedition.net\\\/public\\\/#website\"},\"datePublished\":\"2017-12-22T22:29:58+00:00\",\"dateModified\":\"2025-01-04T12:34:36+00:00\",\"breadcrumb\":{\"@id\":\"https:\\\/\\\/legsedition.net\\\/public\\\/ou-trouver-la-revue\\\/#breadcrumb\"},\"inLanguage\":\"fr-FR\",\"potentialAction\":[{\"@type\":\"ReadAction\",\"target\":[\"https:\\\/\\\/legsedition.net\\\/public\\\/ou-trouver-la-revue\\\/\"]}]},{\"@type\":\"BreadcrumbList\",\"@id\":\"https:\\\/\\\/legsedition.net\\\/public\\\/ou-trouver-la-revue\\\/#breadcrumb\",\"itemListElement\":[{\"@type\":\"ListItem\",\"position\":1,\"name\":\"Home\",\"item\":\"https:\\\/\\\/legsedition.net\\\/public\\\/\"},{\"@type\":\"ListItem\",\"position\":2,\"name\":\"O\u00f9 trouver la revue et nos livres ?\"}]},{\"@type\":\"WebSite\",\"@id\":\"https:\\\/\\\/legsedition.net\\\/public\\\/#website\",\"url\":\"https:\\\/\\\/legsedition.net\\\/public\\\/\",\"name\":\"LEGS &Eacute;DITION\",\"description\":\"\",\"potentialAction\":[{\"@type\":\"SearchAction\",\"target\":{\"@type\":\"EntryPoint\",\"urlTemplate\":\"https:\\\/\\\/legsedition.net\\\/public\\\/?s={search_term_string}\"},\"query-input\":{\"@type\":\"PropertyValueSpecification\",\"valueRequired\":true,\"valueName\":\"search_term_string\"}}],\"inLanguage\":\"fr-FR\"}]}<\/script>\n<!-- \/ Yoast SEO plugin. -->","yoast_head_json":{"title":"O\u00f9 trouver la revue et nos livres ? | LEGS &Eacute;DITION","robots":{"index":"index","follow":"follow","max-snippet":"max-snippet:-1","max-image-preview":"max-image-preview:large","max-video-preview":"max-video-preview:-1"},"canonical":"https:\/\/legsedition.net\/public\/ou-trouver-la-revue\/","og_locale":"fr_FR","og_type":"article","og_title":"O\u00f9 trouver la revue et nos livres ? | LEGS &Eacute;DITION","og_description":"Librairie La Pl\u00e9iade\u00a0 Adresse 1: Complexe Promenade, Angle rues Gr\u00e9goire et Mo\u00efse, P\u00e9tion-VilleAdresse 2: Angle avenue Martin Luther King et rue Bois-Patate, Port-au-Prince La Pl\u00e9iade est l&rsquo;unique librairie professionnelle en Ha\u00efti. D&rsquo;ailleurs, il n&rsquo;y existe pas de v\u00e9ritable march\u00e9 du...","og_url":"https:\/\/legsedition.net\/public\/ou-trouver-la-revue\/","og_site_name":"LEGS &Eacute;DITION","article_publisher":"https:\/\/web.facebook.com\/LegsEtLitterature\/","article_modified_time":"2025-01-04T12:34:36+00:00","twitter_card":"summary_large_image","twitter_misc":{"Dur\u00e9e de lecture estim\u00e9e":"1 minute"},"schema":{"@context":"https:\/\/schema.org","@graph":[{"@type":"WebPage","@id":"https:\/\/legsedition.net\/public\/ou-trouver-la-revue\/","url":"https:\/\/legsedition.net\/public\/ou-trouver-la-revue\/","name":"O\u00f9 trouver la revue et nos livres ? | LEGS &Eacute;DITION","isPartOf":{"@id":"https:\/\/legsedition.net\/public\/#website"},"datePublished":"2017-12-22T22:29:58+00:00","dateModified":"2025-01-04T12:34:36+00:00","breadcrumb":{"@id":"https:\/\/legsedition.net\/public\/ou-trouver-la-revue\/#breadcrumb"},"inLanguage":"fr-FR","potentialAction":[{"@type":"ReadAction","target":["https:\/\/legsedition.net\/public\/ou-trouver-la-revue\/"]}]},{"@type":"BreadcrumbList","@id":"https:\/\/legsedition.net\/public\/ou-trouver-la-revue\/#breadcrumb","itemListElement":[{"@type":"ListItem","position":1,"name":"Home","item":"https:\/\/legsedition.net\/public\/"},{"@type":"ListItem","position":2,"name":"O\u00f9 trouver la revue et nos livres ?"}]},{"@type":"WebSite","@id":"https:\/\/legsedition.net\/public\/#website","url":"https:\/\/legsedition.net\/public\/","name":"LEGS &Eacute;DITION","description":"","potentialAction":[{"@type":"SearchAction","target":{"@type":"EntryPoint","urlTemplate":"https:\/\/legsedition.net\/public\/?s={search_term_string}"},"query-input":{"@type":"PropertyValueSpecification","valueRequired":true,"valueName":"search_term_string"}}],"inLanguage":"fr-FR"}]}},"_links":{"self":[{"href":"https:\/\/legsedition.net\/public\/wp-json\/wp\/v2\/pages\/601","targetHints":{"allow":["GET"]}}],"collection":[{"href":"https:\/\/legsedition.net\/public\/wp-json\/wp\/v2\/pages"}],"about":[{"href":"https:\/\/legsedition.net\/public\/wp-json\/wp\/v2\/types\/page"}],"author":[{"embeddable":true,"href":"https:\/\/legsedition.net\/public\/wp-json\/wp\/v2\/users\/1"}],"replies":[{"embeddable":true,"href":"https:\/\/legsedition.net\/public\/wp-json\/wp\/v2\/comments?post=601"}],"version-history":[{"count":17,"href":"https:\/\/legsedition.net\/public\/wp-json\/wp\/v2\/pages\/601\/revisions"}],"predecessor-version":[{"id":8068,"href":"https:\/\/legsedition.net\/public\/wp-json\/wp\/v2\/pages\/601\/revisions\/8068"}],"wp:attachment":[{"href":"https:\/\/legsedition.net\/public\/wp-json\/wp\/v2\/media?parent=601"}],"curies":[{"name":"wp","href":"https:\/\/api.w.org\/{rel}","templated":true}]}}