{"id":8974,"date":"2025-12-06T17:40:23","date_gmt":"2025-12-06T17:40:23","guid":{"rendered":"https:\/\/legsedition.net\/public\/?page_id=8974"},"modified":"2025-12-21T14:33:33","modified_gmt":"2025-12-21T14:33:33","slug":"kadir-danis","status":"publish","type":"page","link":"https:\/\/legsedition.net\/public\/kadir-danis\/","title":{"rendered":"Kadir Danis"},"content":{"rendered":"<p><a href=\"https:\/\/legsedition.net\/public\/wp-content\/uploads\/2025\/12\/Kadir-Danis-Gozlerimiz-Kamasirdi-Dehsetten-75-scaled.jpg\"><img decoding=\"async\" class=\"alignleft wp-image-8975 \" src=\"https:\/\/legsedition.net\/public\/wp-content\/uploads\/2025\/12\/Kadir-Danis-Gozlerimiz-Kamasirdi-Dehsetten-75-scaled.jpg\" alt=\"\" width=\"254\" height=\"143\" srcset=\"https:\/\/legsedition.net\/public\/wp-content\/uploads\/2025\/12\/Kadir-Danis-Gozlerimiz-Kamasirdi-Dehsetten-75-scaled.jpg 2560w, https:\/\/legsedition.net\/public\/wp-content\/uploads\/2025\/12\/Kadir-Danis-Gozlerimiz-Kamasirdi-Dehsetten-75-300x169.jpg 300w, https:\/\/legsedition.net\/public\/wp-content\/uploads\/2025\/12\/Kadir-Danis-Gozlerimiz-Kamasirdi-Dehsetten-75-1024x577.jpg 1024w, https:\/\/legsedition.net\/public\/wp-content\/uploads\/2025\/12\/Kadir-Danis-Gozlerimiz-Kamasirdi-Dehsetten-75-768x433.jpg 768w, https:\/\/legsedition.net\/public\/wp-content\/uploads\/2025\/12\/Kadir-Danis-Gozlerimiz-Kamasirdi-Dehsetten-75-1536x866.jpg 1536w, https:\/\/legsedition.net\/public\/wp-content\/uploads\/2025\/12\/Kadir-Danis-Gozlerimiz-Kamasirdi-Dehsetten-75-2048x1154.jpg 2048w\" sizes=\"(max-width: 254px) 100vw, 254px\" \/><\/a>N\u00e9 en 1994 dans la p\u00e9ninsule historique d\u2019Istanbul, quartier de Haseki, Kadir Danis est romancier, nouvelliste et traducteur. Apres avoir fr\u00e9quent\u00e9 le lyc\u00e9e Samiha Ayverdi, il fait des \u00e9tudes en litt\u00e9rature et culture am\u00e9ricaines \u00e0 l&rsquo;Universit\u00e9 d&rsquo;Istanbul.<\/p>\n<p>Auteur de pr\u00e8s d&rsquo;une dizaine de romans et recueils de nouvelles, en 2020, il re\u00e7oit le Prix Necip Faz\u0131l des Premi\u00e8res \u0152uvres pour son roman <em>Earth Blue<\/em>. Kadir Danis est aujourd&rsquo;hui une voix importante de la litt\u00e9rature turque contemporaine.<\/p>\n<p>Paru en 2023 chez Ketebe, P<em>eut-\u00eatre une fausse Leyla<\/em> est traduit en fran\u00e7ais par Arzu Gedikli.<\/p>\n<p><strong>Publication chez LEGS \u00c9DITION<\/strong><\/p>\n<p><a href=\"https:\/\/legsedition.net\/public\/2025\/10\/08\/peut-etre-une-fausse-lelyla\/\" target=\"_blank\" rel=\"noopener\"><em>Peut-\u00eatre une fausse Leyla<\/em><\/a>, 2025<\/p>\n<p><a href=\"https:\/\/legsedition.net\/public\/wp-content\/uploads\/2025\/10\/Peut-etre-une-fausse-leyla-cover.png\"><img fetchpriority=\"high\" decoding=\"async\" class=\"alignnone wp-image-9036 \" src=\"https:\/\/legsedition.net\/public\/wp-content\/uploads\/2025\/10\/Peut-etre-une-fausse-leyla-cover.png\" alt=\"\" width=\"204\" height=\"320\" srcset=\"https:\/\/legsedition.net\/public\/wp-content\/uploads\/2025\/10\/Peut-etre-une-fausse-leyla-cover.png 554w, https:\/\/legsedition.net\/public\/wp-content\/uploads\/2025\/10\/Peut-etre-une-fausse-leyla-cover-191x300.png 191w\" sizes=\"(max-width: 204px) 100vw, 204px\" \/><\/a><\/p>\n","protected":false},"excerpt":{"rendered":"<p>N\u00e9 en 1994 dans la p\u00e9ninsule historique d\u2019Istanbul, quartier de Haseki, Kadir Danis est romancier, nouvelliste et traducteur. Apres avoir fr\u00e9quent\u00e9 le lyc\u00e9e Samiha Ayverdi, il fait des \u00e9tudes en litt\u00e9rature et culture am\u00e9ricaines \u00e0 l&rsquo;Universit\u00e9 d&rsquo;Istanbul. Auteur de pr\u00e8s&#8230;<\/p>\n","protected":false},"author":2,"featured_media":0,"parent":0,"menu_order":0,"comment_status":"closed","ping_status":"closed","template":"","meta":{"footnotes":""},"class_list":["post-8974","page","type-page","status-publish","hentry","no-post-thumbnail"],"yoast_head":"<!-- This site is optimized with the Yoast SEO plugin v27.4 - https:\/\/yoast.com\/product\/yoast-seo-wordpress\/ -->\n<title>Kadir Danis | LEGS &Eacute;DITION<\/title>\n<meta name=\"robots\" content=\"index, follow, max-snippet:-1, max-image-preview:large, max-video-preview:-1\" \/>\n<link rel=\"canonical\" href=\"https:\/\/legsedition.net\/public\/kadir-danis\/\" \/>\n<meta property=\"og:locale\" content=\"fr_FR\" \/>\n<meta property=\"og:type\" content=\"article\" \/>\n<meta property=\"og:title\" content=\"Kadir Danis | LEGS &Eacute;DITION\" \/>\n<meta property=\"og:description\" content=\"N\u00e9 en 1994 dans la p\u00e9ninsule historique d\u2019Istanbul, quartier de Haseki, Kadir Danis est romancier, nouvelliste et traducteur. Apres avoir fr\u00e9quent\u00e9 le lyc\u00e9e Samiha Ayverdi, il fait des \u00e9tudes en litt\u00e9rature et culture am\u00e9ricaines \u00e0 l&rsquo;Universit\u00e9 d&rsquo;Istanbul. Auteur de pr\u00e8s...\" \/>\n<meta property=\"og:url\" content=\"https:\/\/legsedition.net\/public\/kadir-danis\/\" \/>\n<meta property=\"og:site_name\" content=\"LEGS &Eacute;DITION\" \/>\n<meta property=\"article:publisher\" content=\"https:\/\/web.facebook.com\/LegsEtLitterature\/\" \/>\n<meta property=\"article:modified_time\" content=\"2025-12-21T14:33:33+00:00\" \/>\n<meta property=\"og:image\" content=\"https:\/\/legsedition.net\/public\/wp-content\/uploads\/2025\/12\/Kadir-Danis-Gozlerimiz-Kamasirdi-Dehsetten-75-scaled.jpg\" \/>\n\t<meta property=\"og:image:width\" content=\"2560\" \/>\n\t<meta property=\"og:image:height\" content=\"1443\" \/>\n\t<meta property=\"og:image:type\" content=\"image\/jpeg\" \/>\n<meta name=\"twitter:card\" content=\"summary_large_image\" \/>\n<meta name=\"twitter:label1\" content=\"Dur\u00e9e de lecture estim\u00e9e\" \/>\n\t<meta name=\"twitter:data1\" content=\"1 minute\" \/>\n<script type=\"application\/ld+json\" class=\"yoast-schema-graph\">{\"@context\":\"https:\\\/\\\/schema.org\",\"@graph\":[{\"@type\":\"WebPage\",\"@id\":\"https:\\\/\\\/legsedition.net\\\/public\\\/kadir-danis\\\/\",\"url\":\"https:\\\/\\\/legsedition.net\\\/public\\\/kadir-danis\\\/\",\"name\":\"Kadir Danis | LEGS &Eacute;DITION\",\"isPartOf\":{\"@id\":\"https:\\\/\\\/legsedition.net\\\/public\\\/#website\"},\"primaryImageOfPage\":{\"@id\":\"https:\\\/\\\/legsedition.net\\\/public\\\/kadir-danis\\\/#primaryimage\"},\"image\":{\"@id\":\"https:\\\/\\\/legsedition.net\\\/public\\\/kadir-danis\\\/#primaryimage\"},\"thumbnailUrl\":\"https:\\\/\\\/legsedition.net\\\/public\\\/wp-content\\\/uploads\\\/2025\\\/12\\\/Kadir-Danis-Gozlerimiz-Kamasirdi-Dehsetten-75-scaled.jpg\",\"datePublished\":\"2025-12-06T17:40:23+00:00\",\"dateModified\":\"2025-12-21T14:33:33+00:00\",\"breadcrumb\":{\"@id\":\"https:\\\/\\\/legsedition.net\\\/public\\\/kadir-danis\\\/#breadcrumb\"},\"inLanguage\":\"fr-FR\",\"potentialAction\":[{\"@type\":\"ReadAction\",\"target\":[\"https:\\\/\\\/legsedition.net\\\/public\\\/kadir-danis\\\/\"]}]},{\"@type\":\"ImageObject\",\"inLanguage\":\"fr-FR\",\"@id\":\"https:\\\/\\\/legsedition.net\\\/public\\\/kadir-danis\\\/#primaryimage\",\"url\":\"https:\\\/\\\/legsedition.net\\\/public\\\/wp-content\\\/uploads\\\/2025\\\/12\\\/Kadir-Danis-Gozlerimiz-Kamasirdi-Dehsetten-75-scaled.jpg\",\"contentUrl\":\"https:\\\/\\\/legsedition.net\\\/public\\\/wp-content\\\/uploads\\\/2025\\\/12\\\/Kadir-Danis-Gozlerimiz-Kamasirdi-Dehsetten-75-scaled.jpg\",\"width\":2560,\"height\":1443},{\"@type\":\"BreadcrumbList\",\"@id\":\"https:\\\/\\\/legsedition.net\\\/public\\\/kadir-danis\\\/#breadcrumb\",\"itemListElement\":[{\"@type\":\"ListItem\",\"position\":1,\"name\":\"Home\",\"item\":\"https:\\\/\\\/legsedition.net\\\/public\\\/\"},{\"@type\":\"ListItem\",\"position\":2,\"name\":\"Kadir Danis\"}]},{\"@type\":\"WebSite\",\"@id\":\"https:\\\/\\\/legsedition.net\\\/public\\\/#website\",\"url\":\"https:\\\/\\\/legsedition.net\\\/public\\\/\",\"name\":\"LEGS &Eacute;DITION\",\"description\":\"\",\"potentialAction\":[{\"@type\":\"SearchAction\",\"target\":{\"@type\":\"EntryPoint\",\"urlTemplate\":\"https:\\\/\\\/legsedition.net\\\/public\\\/?s={search_term_string}\"},\"query-input\":{\"@type\":\"PropertyValueSpecification\",\"valueRequired\":true,\"valueName\":\"search_term_string\"}}],\"inLanguage\":\"fr-FR\"}]}<\/script>\n<!-- \/ Yoast SEO plugin. -->","yoast_head_json":{"title":"Kadir Danis | LEGS &Eacute;DITION","robots":{"index":"index","follow":"follow","max-snippet":"max-snippet:-1","max-image-preview":"max-image-preview:large","max-video-preview":"max-video-preview:-1"},"canonical":"https:\/\/legsedition.net\/public\/kadir-danis\/","og_locale":"fr_FR","og_type":"article","og_title":"Kadir Danis | LEGS &Eacute;DITION","og_description":"N\u00e9 en 1994 dans la p\u00e9ninsule historique d\u2019Istanbul, quartier de Haseki, Kadir Danis est romancier, nouvelliste et traducteur. Apres avoir fr\u00e9quent\u00e9 le lyc\u00e9e Samiha Ayverdi, il fait des \u00e9tudes en litt\u00e9rature et culture am\u00e9ricaines \u00e0 l&rsquo;Universit\u00e9 d&rsquo;Istanbul. Auteur de pr\u00e8s...","og_url":"https:\/\/legsedition.net\/public\/kadir-danis\/","og_site_name":"LEGS &Eacute;DITION","article_publisher":"https:\/\/web.facebook.com\/LegsEtLitterature\/","article_modified_time":"2025-12-21T14:33:33+00:00","og_image":[{"width":2560,"height":1443,"url":"https:\/\/legsedition.net\/public\/wp-content\/uploads\/2025\/12\/Kadir-Danis-Gozlerimiz-Kamasirdi-Dehsetten-75-scaled.jpg","type":"image\/jpeg"}],"twitter_card":"summary_large_image","twitter_misc":{"Dur\u00e9e de lecture estim\u00e9e":"1 minute"},"schema":{"@context":"https:\/\/schema.org","@graph":[{"@type":"WebPage","@id":"https:\/\/legsedition.net\/public\/kadir-danis\/","url":"https:\/\/legsedition.net\/public\/kadir-danis\/","name":"Kadir Danis | LEGS &Eacute;DITION","isPartOf":{"@id":"https:\/\/legsedition.net\/public\/#website"},"primaryImageOfPage":{"@id":"https:\/\/legsedition.net\/public\/kadir-danis\/#primaryimage"},"image":{"@id":"https:\/\/legsedition.net\/public\/kadir-danis\/#primaryimage"},"thumbnailUrl":"https:\/\/legsedition.net\/public\/wp-content\/uploads\/2025\/12\/Kadir-Danis-Gozlerimiz-Kamasirdi-Dehsetten-75-scaled.jpg","datePublished":"2025-12-06T17:40:23+00:00","dateModified":"2025-12-21T14:33:33+00:00","breadcrumb":{"@id":"https:\/\/legsedition.net\/public\/kadir-danis\/#breadcrumb"},"inLanguage":"fr-FR","potentialAction":[{"@type":"ReadAction","target":["https:\/\/legsedition.net\/public\/kadir-danis\/"]}]},{"@type":"ImageObject","inLanguage":"fr-FR","@id":"https:\/\/legsedition.net\/public\/kadir-danis\/#primaryimage","url":"https:\/\/legsedition.net\/public\/wp-content\/uploads\/2025\/12\/Kadir-Danis-Gozlerimiz-Kamasirdi-Dehsetten-75-scaled.jpg","contentUrl":"https:\/\/legsedition.net\/public\/wp-content\/uploads\/2025\/12\/Kadir-Danis-Gozlerimiz-Kamasirdi-Dehsetten-75-scaled.jpg","width":2560,"height":1443},{"@type":"BreadcrumbList","@id":"https:\/\/legsedition.net\/public\/kadir-danis\/#breadcrumb","itemListElement":[{"@type":"ListItem","position":1,"name":"Home","item":"https:\/\/legsedition.net\/public\/"},{"@type":"ListItem","position":2,"name":"Kadir Danis"}]},{"@type":"WebSite","@id":"https:\/\/legsedition.net\/public\/#website","url":"https:\/\/legsedition.net\/public\/","name":"LEGS &Eacute;DITION","description":"","potentialAction":[{"@type":"SearchAction","target":{"@type":"EntryPoint","urlTemplate":"https:\/\/legsedition.net\/public\/?s={search_term_string}"},"query-input":{"@type":"PropertyValueSpecification","valueRequired":true,"valueName":"search_term_string"}}],"inLanguage":"fr-FR"}]}},"_links":{"self":[{"href":"https:\/\/legsedition.net\/public\/wp-json\/wp\/v2\/pages\/8974","targetHints":{"allow":["GET"]}}],"collection":[{"href":"https:\/\/legsedition.net\/public\/wp-json\/wp\/v2\/pages"}],"about":[{"href":"https:\/\/legsedition.net\/public\/wp-json\/wp\/v2\/types\/page"}],"author":[{"embeddable":true,"href":"https:\/\/legsedition.net\/public\/wp-json\/wp\/v2\/users\/2"}],"replies":[{"embeddable":true,"href":"https:\/\/legsedition.net\/public\/wp-json\/wp\/v2\/comments?post=8974"}],"version-history":[{"count":12,"href":"https:\/\/legsedition.net\/public\/wp-json\/wp\/v2\/pages\/8974\/revisions"}],"predecessor-version":[{"id":9037,"href":"https:\/\/legsedition.net\/public\/wp-json\/wp\/v2\/pages\/8974\/revisions\/9037"}],"wp:attachment":[{"href":"https:\/\/legsedition.net\/public\/wp-json\/wp\/v2\/media?parent=8974"}],"curies":[{"name":"wp","href":"https:\/\/api.w.org\/{rel}","templated":true}]}}